{"id":6760,"date":"2024-06-08T01:14:14","date_gmt":"2024-06-07T23:14:14","guid":{"rendered":"http:\/\/klubmamgdynia.pl\/?post_type=product&#038;p=6760"},"modified":"2026-05-17T22:04:33","modified_gmt":"2026-05-17T20:04:33","slug":"little-dutch-spiralka-aktywizujaca-sailors-bay-ld8612","status":"publish","type":"product","link":"http:\/\/klubmamgdynia.pl\/index.php\/produkt\/little-dutch-spiralka-aktywizujaca-sailors-bay-ld8612\/","title":{"rendered":"Little Dutch Spiralka Aktywizuj\u0105ca Sailors Bay Ld8612"},"content":{"rendered":"<p>Spiralka aktywizuj\u0105ca Little Dutch z kolekcji Sailors Bay. Spiralka sprawdzi si\u0119 idealnie jako zabawka dla malucha w \u0142\u00f3\u017ceczku, gondoli lub foteliku samochodowym.<\/p>\n<h2>Little Dutch Spiralka Aktywizuj\u0105ca Sailors Bay Ld8612 Little Dutch<\/h2>\n<p>prezent dla 16 latki, opisy do zdj\u0119\u0107 z dzieckiem, planety uk\u0142ad s\u0142oneczny dla dzieci do druku, choinka kolorowanka szablon, zaproszenie na urodziny dziecka do druku, gda\u0144sk atrakcje dla m\u0142odzie\u017cy, bajka psi patrol do czytania, piosenki dla dzieci tekst, ubieranki do druku, ja\u015bmina imie, peppa kolorowanka do druku, maska do druku, stare wiersze dla dzieci, cytat matka, cytat rodzina<\/p>\n<p>yyyyy<\/p>\n<p>&nbsp;<\/p>\n","protected":false},"excerpt":{"rendered":"<p>Spiralka aktywizuj\u0105ca Little Dutch z kolekcji Sailors Bay. Spiralka sprawdzi si\u0119 idealnie jako zabawka dla malucha w \u0142\u00f3\u017ceczku, gondoli lub foteliku samochodowym. Little Dutch Spiralka Aktywizuj\u0105ca Sailors Bay Ld8612 Little Dutch prezent dla 16 latki, opisy do zdj\u0119\u0107 z dzieckiem, planety uk\u0142ad s\u0142oneczny dla dzieci do druku, choinka kolorowanka szablon, zaproszenie na urodziny dziecka do [&hellip;]<\/p>\n","protected":false},"featured_media":6761,"comment_status":"closed","ping_status":"open","template":"","meta":[],"product_cat":[167,26],"product_tag":[610,749,695],"class_list":["post-6760","product","type-product","status-publish","has-post-thumbnail","hentry","product_cat-little-dutch","product_cat-zabawki-do-wozka-lozeczka-i-fotelika","product_tag-co-na-prezent-dla-nastolatkow","product_tag-najlepsze-zarty-na-prima-aprilis","product_tag-rzadkie-imiona-zenskie"],"_links":{"self":[{"href":"http:\/\/klubmamgdynia.pl\/index.php\/wp-json\/wp\/v2\/product\/6760","targetHints":{"allow":["GET"]}}],"collection":[{"href":"http:\/\/klubmamgdynia.pl\/index.php\/wp-json\/wp\/v2\/product"}],"about":[{"href":"http:\/\/klubmamgdynia.pl\/index.php\/wp-json\/wp\/v2\/types\/product"}],"replies":[{"embeddable":true,"href":"http:\/\/klubmamgdynia.pl\/index.php\/wp-json\/wp\/v2\/comments?post=6760"}],"wp:featuredmedia":[{"embeddable":true,"href":"http:\/\/klubmamgdynia.pl\/index.php\/wp-json\/wp\/v2\/media\/6761"}],"wp:attachment":[{"href":"http:\/\/klubmamgdynia.pl\/index.php\/wp-json\/wp\/v2\/media?parent=6760"}],"wp:term":[{"taxonomy":"product_cat","embeddable":true,"href":"http:\/\/klubmamgdynia.pl\/index.php\/wp-json\/wp\/v2\/product_cat?post=6760"},{"taxonomy":"product_tag","embeddable":true,"href":"http:\/\/klubmamgdynia.pl\/index.php\/wp-json\/wp\/v2\/product_tag?post=6760"}],"curies":[{"name":"wp","href":"https:\/\/api.w.org\/{rel}","templated":true}]}}