{"id":6768,"date":"2019-07-22T19:27:33","date_gmt":"2019-07-22T17:27:33","guid":{"rendered":"http:\/\/klubmamgdynia.pl\/index.php\/produkt\/beztroska-beztroska-spiworek-do-wozka-robin-chudek-cynamon\/"},"modified":"2026-04-04T02:52:31","modified_gmt":"2026-04-04T00:52:31","slug":"beztroska-beztroska-spiworek-do-wozka-robin-chudek-cynamon","status":"publish","type":"product","link":"http:\/\/klubmamgdynia.pl\/index.php\/produkt\/beztroska-beztroska-spiworek-do-wozka-robin-chudek-cynamon\/","title":{"rendered":"Beztroska Beztroska, \u015apiworek Do W\u00f3zka Robin Chudek &#8211; Cynamon"},"content":{"rendered":"<p>\u015apiworek do gondoli i fotelika to propozycja dla najm\u0142odszych.Idealny rozmiar, odpowiedni ju\u017c od narodzin a\u017c do 12 miesi\u0105ca \u017cycia.Wierzch \u015bpiworka wykonany jest ze specjalnej tkaniny wodoodpornej, \u015brodek z kolei to ultra-mi\u0119kka podszewka z weluru bawe\u0142nianego. Rozpinany kapturek pozwala na wykorzystanie \u015bpiworka r\u00f3wnie\u017c w spacer\u00f3wce (z kapturka tworz\u0105 si\u0119 \u201d plecki\u201d).Dodatkowo napy spe\u0142ni\u0105 swoj\u0105 funkcj\u0119, gdy b\u0119dziemy w pomieszczeniu- wystarczy rozpi\u0105\u0107 je oraz rozsun\u0105\u0107 zamek. \u015apiworek do gondoli i fotelika jest \u015bwietn\u0105 alternatyw\u0105 dla kombinezonu, kt\u00f3ry bywa bardzo uci\u0105\u017cliwy w zak\u0142adaniu i zdejmowaniu.Grubo\u015b\u0107: Jesie\u0144\/zimaD\u0142ugo\u015b\u0107 85 cm, szeroko\u015b\u0107 45-47 cmSpecjalny system otwor\u00f3w pozwala na zamontowanie \u015bpiworka w fotelikach z 3 i 5-pkt pasami.<\/p>\n<h2>Beztroska Beztroska, \u015apiworek Do W\u00f3zka Robin Chudek &#8211; Cynamon Beztroska<\/h2>\n<p>w uk\u0142adzie s\u0142onecznym tekst, traktor z przyczep\u0105 kolorowanka, wr\u00f3\u017cby andrzejkowe kolory, kartka walentynkowa zrobiona przez dzieci, kinderbal przepisy, trudne zagadki z odpowiedziami, pierniki na bo\u017ce narodzenie, szlaczki literopodobne do wydruku, cytaty o macierzy\u0144stwie, maska karnawa\u0142owa pdf, prezent dla nastolatk\u00f3w<\/p>\n<p>yyyyy<\/p>\n<p>&nbsp;<\/p>\n","protected":false},"excerpt":{"rendered":"<p>\u015apiworek do gondoli i fotelika to propozycja dla najm\u0142odszych.Idealny rozmiar, odpowiedni ju\u017c od narodzin a\u017c do 12 miesi\u0105ca \u017cycia.Wierzch \u015bpiworka wykonany jest ze specjalnej tkaniny wodoodpornej, \u015brodek z kolei to ultra-mi\u0119kka podszewka z weluru bawe\u0142nianego. Rozpinany kapturek pozwala na wykorzystanie \u015bpiworka r\u00f3wnie\u017c w spacer\u00f3wce (z kapturka tworz\u0105 si\u0119 \u201d plecki\u201d).Dodatkowo napy spe\u0142ni\u0105 swoj\u0105 funkcj\u0119, gdy [&hellip;]<\/p>\n","protected":false},"featured_media":6769,"comment_status":"closed","ping_status":"open","template":"","meta":[],"product_cat":[127,927],"product_tag":[652,682,620,793,635],"class_list":["post-6768","product","type-product","status-publish","has-post-thumbnail","hentry","product_cat-akcesoria-do-wozkow","product_cat-beztroska","product_tag-otto","product_tag-przyjazn-cytaty","product_tag-quiz-opowiesci-z-narnii","product_tag-zagadki-smieszne-podchwytliwe","product_tag-znaki-drogowe-do-druku"],"_links":{"self":[{"href":"http:\/\/klubmamgdynia.pl\/index.php\/wp-json\/wp\/v2\/product\/6768","targetHints":{"allow":["GET"]}}],"collection":[{"href":"http:\/\/klubmamgdynia.pl\/index.php\/wp-json\/wp\/v2\/product"}],"about":[{"href":"http:\/\/klubmamgdynia.pl\/index.php\/wp-json\/wp\/v2\/types\/product"}],"replies":[{"embeddable":true,"href":"http:\/\/klubmamgdynia.pl\/index.php\/wp-json\/wp\/v2\/comments?post=6768"}],"wp:featuredmedia":[{"embeddable":true,"href":"http:\/\/klubmamgdynia.pl\/index.php\/wp-json\/wp\/v2\/media\/6769"}],"wp:attachment":[{"href":"http:\/\/klubmamgdynia.pl\/index.php\/wp-json\/wp\/v2\/media?parent=6768"}],"wp:term":[{"taxonomy":"product_cat","embeddable":true,"href":"http:\/\/klubmamgdynia.pl\/index.php\/wp-json\/wp\/v2\/product_cat?post=6768"},{"taxonomy":"product_tag","embeddable":true,"href":"http:\/\/klubmamgdynia.pl\/index.php\/wp-json\/wp\/v2\/product_tag?post=6768"}],"curies":[{"name":"wp","href":"https:\/\/api.w.org\/{rel}","templated":true}]}}