{"id":6804,"date":"2017-12-28T00:38:36","date_gmt":"2017-12-27T23:38:36","guid":{"rendered":"http:\/\/klubmamgdynia.pl\/index.php\/produkt\/milu-kids-atteso-ats-11-a-gleboko-spacerowy\/"},"modified":"2026-04-06T17:44:12","modified_gmt":"2026-04-06T15:44:12","slug":"milu-kids-atteso-ats-11-a-gleboko-spacerowy","status":"publish","type":"product","link":"http:\/\/klubmamgdynia.pl\/index.php\/produkt\/milu-kids-atteso-ats-11-a-gleboko-spacerowy\/","title":{"rendered":"Milu Kids Atteso Ats-11-A G\u0142\u0119boko Spacerowy"},"content":{"rendered":"<p>W\u00f3zek Milu Kids Atteso wyr\u00f3\u017cnia si\u0119 elegancj\u0105, bezpiecze\u0144stwem i funkcjonalnym designem. W\u00f3zek g\u0142\u0119boko-spacerowy z mo\u017cliwo\u015bci\u0105 monta\u017cu fotelika samochodowego. Dost\u0119pny w ods\u0142onach standardowych, z eko sk\u00f3ry oraz z aksamitu.<\/p>\n<h2>Milu Kids Atteso Ats-11-A G\u0142\u0119boko Spacerowy Milu Kids<\/h2>\n<p>kolorowanki jesie\u0144 do druku, \u015bmieszne \u0142ama\u0144ce j\u0119zykowe, co kupi\u0107 ch\u0142opcu na roczek, pch\u0142y na noc<\/p>\n<p>yyyyy<\/p>\n<p>&nbsp;<\/p>\n","protected":false},"excerpt":{"rendered":"<p>W\u00f3zek Milu Kids Atteso wyr\u00f3\u017cnia si\u0119 elegancj\u0105, bezpiecze\u0144stwem i funkcjonalnym designem. W\u00f3zek g\u0142\u0119boko-spacerowy z mo\u017cliwo\u015bci\u0105 monta\u017cu fotelika samochodowego. Dost\u0119pny w ods\u0142onach standardowych, z eko sk\u00f3ry oraz z aksamitu. Milu Kids Atteso Ats-11-A G\u0142\u0119boko Spacerowy Milu Kids kolorowanki jesie\u0144 do druku, \u015bmieszne \u0142ama\u0144ce j\u0119zykowe, co kupi\u0107 ch\u0142opcu na roczek, pch\u0142y na noc yyyyy &nbsp;<\/p>\n","protected":false},"featured_media":6805,"comment_status":"closed","ping_status":"open","template":"","meta":[],"product_cat":[1503,110],"product_tag":[755,851,748,866,649,623],"class_list":["post-6804","product","type-product","status-publish","has-post-thumbnail","hentry","product_cat-milu-kids","product_cat-wozki-wielofunkcyjne","product_tag-henryk","product_tag-jak-narysowac-kota","product_tag-okolice-wroclawia-atrakcje","product_tag-opis-do-zdjecia-dziecka-na-fb","product_tag-zagadki-dla-nastolatkow","product_tag-zagadki-logiczne-smieszne"],"_links":{"self":[{"href":"http:\/\/klubmamgdynia.pl\/index.php\/wp-json\/wp\/v2\/product\/6804","targetHints":{"allow":["GET"]}}],"collection":[{"href":"http:\/\/klubmamgdynia.pl\/index.php\/wp-json\/wp\/v2\/product"}],"about":[{"href":"http:\/\/klubmamgdynia.pl\/index.php\/wp-json\/wp\/v2\/types\/product"}],"replies":[{"embeddable":true,"href":"http:\/\/klubmamgdynia.pl\/index.php\/wp-json\/wp\/v2\/comments?post=6804"}],"wp:featuredmedia":[{"embeddable":true,"href":"http:\/\/klubmamgdynia.pl\/index.php\/wp-json\/wp\/v2\/media\/6805"}],"wp:attachment":[{"href":"http:\/\/klubmamgdynia.pl\/index.php\/wp-json\/wp\/v2\/media?parent=6804"}],"wp:term":[{"taxonomy":"product_cat","embeddable":true,"href":"http:\/\/klubmamgdynia.pl\/index.php\/wp-json\/wp\/v2\/product_cat?post=6804"},{"taxonomy":"product_tag","embeddable":true,"href":"http:\/\/klubmamgdynia.pl\/index.php\/wp-json\/wp\/v2\/product_tag?post=6804"}],"curies":[{"name":"wp","href":"https:\/\/api.w.org\/{rel}","templated":true}]}}