{"id":6818,"date":"2011-01-27T05:36:11","date_gmt":"2011-01-27T04:36:11","guid":{"rendered":"http:\/\/klubmamgdynia.pl\/index.php\/produkt\/floss-rock-rakieta-puzzle-12el\/"},"modified":"2026-04-30T08:59:15","modified_gmt":"2026-04-30T06:59:15","slug":"floss-rock-rakieta-puzzle-12el","status":"publish","type":"product","link":"http:\/\/klubmamgdynia.pl\/index.php\/produkt\/floss-rock-rakieta-puzzle-12el\/","title":{"rendered":"Floss &amp; Rock Rakieta Puzzle 12El."},"content":{"rendered":"<p>CECHY Zawiera 12 \u0142atwych do trzymania puzzli Rozwija zdolno\u015bci poznawcze i pami\u0119ciowe Wspiera rozw\u00f3j ma\u0142ej motoryki Pozwala si\u0119 wyciszy\u0107 Zalecany wiek: 3+WYMIARYPuzzle: 28 x 28 cmPude\u0142ko: 20 x 15 cm<\/p>\n<h2>Floss &amp; Rock Rakieta Puzzle 12El. <\/h2>\n<p>prezenty dla nastolatk\u00f3w, felix net i nika oraz gang niewidzialnych ludzi test z odpowiedziami, podchwytliwe zagadki dla doros\u0142ych, zagadki o zwierz\u0119tach wiejskich, bajka dla niemowlaka<\/p>\n<p>yyyyy<\/p>\n<p>&nbsp;<\/p>\n","protected":false},"excerpt":{"rendered":"<p>CECHY Zawiera 12 \u0142atwych do trzymania puzzli Rozwija zdolno\u015bci poznawcze i pami\u0119ciowe Wspiera rozw\u00f3j ma\u0142ej motoryki Pozwala si\u0119 wyciszy\u0107 Zalecany wiek: 3+WYMIARYPuzzle: 28 x 28 cmPude\u0142ko: 20 x 15 cm Floss &amp; Rock Rakieta Puzzle 12El. prezenty dla nastolatk\u00f3w, felix net i nika oraz gang niewidzialnych ludzi test z odpowiedziami, podchwytliwe zagadki dla doros\u0142ych, zagadki [&hellip;]<\/p>\n","protected":false},"featured_media":6819,"comment_status":"closed","ping_status":"open","template":"","meta":[],"product_cat":[90],"product_tag":[681,647,607],"class_list":["post-6818","product","type-product","status-publish","has-post-thumbnail","hentry","product_cat-puzzle","product_tag-flagi-europy-quiz","product_tag-warszawa-z-dzieckiem","product_tag-zarty-na-prima-aprilis-dla-rodzicow"],"_links":{"self":[{"href":"http:\/\/klubmamgdynia.pl\/index.php\/wp-json\/wp\/v2\/product\/6818","targetHints":{"allow":["GET"]}}],"collection":[{"href":"http:\/\/klubmamgdynia.pl\/index.php\/wp-json\/wp\/v2\/product"}],"about":[{"href":"http:\/\/klubmamgdynia.pl\/index.php\/wp-json\/wp\/v2\/types\/product"}],"replies":[{"embeddable":true,"href":"http:\/\/klubmamgdynia.pl\/index.php\/wp-json\/wp\/v2\/comments?post=6818"}],"wp:featuredmedia":[{"embeddable":true,"href":"http:\/\/klubmamgdynia.pl\/index.php\/wp-json\/wp\/v2\/media\/6819"}],"wp:attachment":[{"href":"http:\/\/klubmamgdynia.pl\/index.php\/wp-json\/wp\/v2\/media?parent=6818"}],"wp:term":[{"taxonomy":"product_cat","embeddable":true,"href":"http:\/\/klubmamgdynia.pl\/index.php\/wp-json\/wp\/v2\/product_cat?post=6818"},{"taxonomy":"product_tag","embeddable":true,"href":"http:\/\/klubmamgdynia.pl\/index.php\/wp-json\/wp\/v2\/product_tag?post=6818"}],"curies":[{"name":"wp","href":"https:\/\/api.w.org\/{rel}","templated":true}]}}