{"id":6834,"date":"2020-12-05T22:35:57","date_gmt":"2020-12-05T21:35:57","guid":{"rendered":"http:\/\/klubmamgdynia.pl\/index.php\/produkt\/lol-surprise-7-day-bow-328297\/"},"modified":"2026-04-06T06:20:32","modified_gmt":"2026-04-06T04:20:32","slug":"lol-surprise-7-day-bow-328297","status":"publish","type":"product","link":"http:\/\/klubmamgdynia.pl\/index.php\/produkt\/lol-surprise-7-day-bow-328297\/","title":{"rendered":"LOL Surprise 7 Day Bow 328297"},"content":{"rendered":"<p>a                            <\/p>\n<p>LOL SURPRISE 7 Day Bow Set                            <\/p>\n<p>a<\/p>\n<h2>LOL Surprise 7 Day Bow 328297 LOL Surprise<\/h2>\n<p>anio\u0142 rysunek prosty, ada imie, na roczek dla dziewczynki, imiona \u017ce\u0144skie nietypowe, izabela imie, piosenka przyjed\u017a do nas miko\u0142aju, malowanki, warszawa z dzieckiem, peppa kolorowanka, zabawki dla dziewczynki na roczek, \u017carty na prima aprilis w domu, pytania zagadki, test z tajemniczego ogrodu, ida swieta wielkanocne ida swieta, maski na twarz dla dzieci do wydruku, prezent na roczek dziewczynka, samolot z papieru<\/p>\n<p>yyyyy<\/p>\n<p>&nbsp;<\/p>\n","protected":false},"excerpt":{"rendered":"<p>a LOL SURPRISE 7 Day Bow Set a LOL Surprise 7 Day Bow 328297 LOL Surprise anio\u0142 rysunek prosty, ada imie, na roczek dla dziewczynki, imiona \u017ce\u0144skie nietypowe, izabela imie, piosenka przyjed\u017a do nas miko\u0142aju, malowanki, warszawa z dzieckiem, peppa kolorowanka, zabawki dla dziewczynki na roczek, \u017carty na prima aprilis w domu, pytania zagadki, test [&hellip;]<\/p>\n","protected":false},"featured_media":6835,"comment_status":"closed","ping_status":"open","template":"","meta":[],"product_cat":[294,295],"product_tag":[802,819,586,628],"class_list":["post-6834","product","type-product","status-publish","has-post-thumbnail","hentry","product_cat-lol-surprise","product_cat-pozostale-zabawki","product_tag-co-kupic-dziewczynce-na-roczek","product_tag-co-kupic-nastolatce-na-swieta","product_tag-smieszne-zagadki","product_tag-zagadka"],"_links":{"self":[{"href":"http:\/\/klubmamgdynia.pl\/index.php\/wp-json\/wp\/v2\/product\/6834","targetHints":{"allow":["GET"]}}],"collection":[{"href":"http:\/\/klubmamgdynia.pl\/index.php\/wp-json\/wp\/v2\/product"}],"about":[{"href":"http:\/\/klubmamgdynia.pl\/index.php\/wp-json\/wp\/v2\/types\/product"}],"replies":[{"embeddable":true,"href":"http:\/\/klubmamgdynia.pl\/index.php\/wp-json\/wp\/v2\/comments?post=6834"}],"wp:featuredmedia":[{"embeddable":true,"href":"http:\/\/klubmamgdynia.pl\/index.php\/wp-json\/wp\/v2\/media\/6835"}],"wp:attachment":[{"href":"http:\/\/klubmamgdynia.pl\/index.php\/wp-json\/wp\/v2\/media?parent=6834"}],"wp:term":[{"taxonomy":"product_cat","embeddable":true,"href":"http:\/\/klubmamgdynia.pl\/index.php\/wp-json\/wp\/v2\/product_cat?post=6834"},{"taxonomy":"product_tag","embeddable":true,"href":"http:\/\/klubmamgdynia.pl\/index.php\/wp-json\/wp\/v2\/product_tag?post=6834"}],"curies":[{"name":"wp","href":"https:\/\/api.w.org\/{rel}","templated":true}]}}