{"id":6840,"date":"2023-02-28T15:44:38","date_gmt":"2023-02-28T14:44:38","guid":{"rendered":"http:\/\/klubmamgdynia.pl\/?post_type=product&#038;p=6840"},"modified":"2026-05-17T22:57:45","modified_gmt":"2026-05-17T20:57:45","slug":"telforceone-momi-luxuria-krzeselko-do-karmienia-z-kolkami-rozowe","status":"publish","type":"product","link":"http:\/\/klubmamgdynia.pl\/index.php\/produkt\/telforceone-momi-luxuria-krzeselko-do-karmienia-z-kolkami-rozowe\/","title":{"rendered":"Telforceone Momi Luxuria Krzese\u0142ko Do Karmienia Z K\u00f3\u0142kami R\u00f3\u017cowe"},"content":{"rendered":"<p>MoMi LUXURIA to wyj\u0105tkowe krzes\u0142o do jadalni z wieloma opcjami ustawie\u0144. Ka\u017cdy element jest regulowany, dzi\u0119ki czemu mo\u017cesz go idealnie dopasowa\u0107 do swoich preferencji i upodoba\u0144 swojego dziecka. Posiada wszystkie niezb\u0119dne zabezpieczenia oraz cztery k\u00f3\u0142ka, kt\u00f3re u\u0142atwiaj\u0105 przenoszenie krzes\u0142a.<\/p>\n<h2>Telforceone Momi Luxuria Krzese\u0142ko Do Karmienia Z K\u00f3\u0142kami R\u00f3\u017cowe MoMi<\/h2>\n<p>przechowywanie zabawek, plecak torba i walizka, bycie mam\u0105 cytaty, imiona dla ch\u0142opc\u00f3w, rzadkie imiona japo\u0144skie, jagna, prezent dla 15 latki 2021<\/p>\n<p>yyyyy<\/p>\n<p>&nbsp;<\/p>\n","protected":false},"excerpt":{"rendered":"<p>MoMi LUXURIA to wyj\u0105tkowe krzes\u0142o do jadalni z wieloma opcjami ustawie\u0144. Ka\u017cdy element jest regulowany, dzi\u0119ki czemu mo\u017cesz go idealnie dopasowa\u0107 do swoich preferencji i upodoba\u0144 swojego dziecka. Posiada wszystkie niezb\u0119dne zabezpieczenia oraz cztery k\u00f3\u0142ka, kt\u00f3re u\u0142atwiaj\u0105 przenoszenie krzes\u0142a. Telforceone Momi Luxuria Krzese\u0142ko Do Karmienia Z K\u00f3\u0142kami R\u00f3\u017cowe MoMi przechowywanie zabawek, plecak torba i walizka, [&hellip;]<\/p>\n","protected":false},"featured_media":6841,"comment_status":"closed","ping_status":"open","template":"","meta":[],"product_cat":[158,1291],"product_tag":[730,704,788,820],"class_list":["post-6840","product","type-product","status-publish","has-post-thumbnail","hentry","product_cat-krzeselka-do-karmienia","product_cat-momi","product_tag-karyna","product_tag-prezent-dla-nastolatka","product_tag-zagadki-krotkie","product_tag-ziemia-wyspa-zielona-tekst"],"_links":{"self":[{"href":"http:\/\/klubmamgdynia.pl\/index.php\/wp-json\/wp\/v2\/product\/6840","targetHints":{"allow":["GET"]}}],"collection":[{"href":"http:\/\/klubmamgdynia.pl\/index.php\/wp-json\/wp\/v2\/product"}],"about":[{"href":"http:\/\/klubmamgdynia.pl\/index.php\/wp-json\/wp\/v2\/types\/product"}],"replies":[{"embeddable":true,"href":"http:\/\/klubmamgdynia.pl\/index.php\/wp-json\/wp\/v2\/comments?post=6840"}],"wp:featuredmedia":[{"embeddable":true,"href":"http:\/\/klubmamgdynia.pl\/index.php\/wp-json\/wp\/v2\/media\/6841"}],"wp:attachment":[{"href":"http:\/\/klubmamgdynia.pl\/index.php\/wp-json\/wp\/v2\/media?parent=6840"}],"wp:term":[{"taxonomy":"product_cat","embeddable":true,"href":"http:\/\/klubmamgdynia.pl\/index.php\/wp-json\/wp\/v2\/product_cat?post=6840"},{"taxonomy":"product_tag","embeddable":true,"href":"http:\/\/klubmamgdynia.pl\/index.php\/wp-json\/wp\/v2\/product_tag?post=6840"}],"curies":[{"name":"wp","href":"https:\/\/api.w.org\/{rel}","templated":true}]}}