{"id":6848,"date":"2016-11-24T02:41:11","date_gmt":"2016-11-24T01:41:11","guid":{"rendered":"http:\/\/klubmamgdynia.pl\/index.php\/produkt\/caretero-kivi-mint\/"},"modified":"2026-04-03T22:25:57","modified_gmt":"2026-04-03T20:25:57","slug":"caretero-kivi-mint","status":"publish","type":"product","link":"http:\/\/klubmamgdynia.pl\/index.php\/produkt\/caretero-kivi-mint\/","title":{"rendered":"Caretero Kivi Mint"},"content":{"rendered":"<p>Krzese\u0142ko Kivi to nowoczesny produkt \u0142\u0105cz\u0105cy w sobie 3 cechy \u2013 wysokiego krzese\u0142ka, le\u017caczka i hu\u015btawki niemowl\u0119cej. Pos\u0142u\u017cy dzieciom od urodzenia (funkcja hu\u015btawki 0-9 kg, funkcja le\u017caczka 0-12 kg), a\u017c do osi\u0105gni\u0119cia wagi 15 kg (funkcja krzese\u0142ka do 15 kg). Dzi\u0119ki niemu, mo\u017cesz mie\u0107 maluszka ca\u0142y czas w zasi\u0119gu wzroku. Wariant hu\u015btawki posiada mechanizm bujania, funkcj\u0119 wibracji oraz wbudowane melodie. Mo\u017cna sterowa\u0107 hu\u015btawk\u0119 pilotem.JAKIE JEST KRZESE\u0141KO KIVI?UNIKALNE &#8211; Kivi to krzese\u0142ko do karmienia, le\u017caczek i hu\u015btawka dla niemowl\u0105t w jednym. Na naszym rynku trudno znale\u017a\u0107 co\u015b por\u00f3wnywalnego.NIEBANALNE &#8211; Kivi z powodzeniem mo\u017ce by\u0107 ozdob\u0105 wn\u0119trza, wyst\u0119puje w 3 modnych kolorach.NOWOCZESNE &#8211; Jest wygodne w obs\u0142udze i pe\u0142ne przydatnych funkcji. Dzi\u0119ki niemu, mo\u017cesz mie\u0107 maluszka ca\u0142y czas blisko siebie.Najwa\u017cniejsze cechy:\u2022 3w1: krzese\u0142ko do karmienia (0-15kg), le\u017caczek (0-12 kg) i hu\u015btawka dla niemowl\u0105t (0-9 kg)\u2022 3 stopnie nachylenia w zale\u017cno\u015bci od funkcji, kt\u00f3r\u0105 pe\u0142ni\u2022 bogaty zestaw melodii i odg\u0142os\u00f3w\u2022 3 ustawienia funkcji timera\u2022 uspokajaj\u0105ce wibracje\u2022 6 pr\u0119dko\u015bci bujania\u2022 regulowany, zdejmowany pa\u0142\u0105k z zabawkami\u2022 elegancka i \u0142atwa do utrzymania w czysto\u015bci tapicerka\u2022 zasilanie sieciowe lub bateriami\u2022 regulowana wysoko\u015b\u0107, 4 stopnie\u2022 \u0142atwe do przechowywania dzi\u0119ki mo\u017cliwo\u015bci z\u0142o\u017cenia\u2022 wygodna wk\u0142adka dla noworodka\u2022 bezpiecze\u0144stwo dzi\u0119ki 5-punktowym pasom bezpiecze\u0144stwa\u2022 produkt zgodny z normami: EN 16232:2014; EN 12790:2011; EN 14988:2017Dane techniczne:wiek: 0+ do 15 kgwymiary opakowania: 50&#215;18,5&#215;81 cmkolory: blue, grey, mintwymiary (cm): 56x62x112 cmwaga produktu: 6.1kgwaga z opakowaniem: 7.9kg<\/p>\n<h2>Caretero Kivi Mint Caretero<\/h2>\n<p>na wyspach bergamutach, korczak cytaty, pomys\u0142 na prezent na roczek, wydarzenia warszawa dzisiaj, proste przepisy dla dzieci, jasmin imie, zabawka na roczek dla dziewczynki, imie iwo, quiz dla dzieci, cytat dla mamy, quiz kajko i kokosz szko\u0142a latania, drzewo genealogiczne do druku, zagadki dla 8 latk\u00f3w, linda, psi patrol zadania do druku<\/p>\n<p>yyyyy<\/p>\n<p>&nbsp;<\/p>\n","protected":false},"excerpt":{"rendered":"<p>Krzese\u0142ko Kivi to nowoczesny produkt \u0142\u0105cz\u0105cy w sobie 3 cechy \u2013 wysokiego krzese\u0142ka, le\u017caczka i hu\u015btawki niemowl\u0119cej. Pos\u0142u\u017cy dzieciom od urodzenia (funkcja hu\u015btawki 0-9 kg, funkcja le\u017caczka 0-12 kg), a\u017c do osi\u0105gni\u0119cia wagi 15 kg (funkcja krzese\u0142ka do 15 kg). Dzi\u0119ki niemu, mo\u017cesz mie\u0107 maluszka ca\u0142y czas w zasi\u0119gu wzroku. Wariant hu\u015btawki posiada mechanizm bujania, [&hellip;]<\/p>\n","protected":false},"featured_media":6849,"comment_status":"closed","ping_status":"open","template":"","meta":[],"product_cat":[988,158],"product_tag":[854,707,876],"class_list":["post-6848","product","type-product","status-publish","has-post-thumbnail","hentry","product_cat-caretero","product_cat-krzeselka-do-karmienia","product_tag-cytaty-rodzina","product_tag-karty-pracy-dla-dzieci-z-ukrainy","product_tag-przyjazn"],"_links":{"self":[{"href":"http:\/\/klubmamgdynia.pl\/index.php\/wp-json\/wp\/v2\/product\/6848","targetHints":{"allow":["GET"]}}],"collection":[{"href":"http:\/\/klubmamgdynia.pl\/index.php\/wp-json\/wp\/v2\/product"}],"about":[{"href":"http:\/\/klubmamgdynia.pl\/index.php\/wp-json\/wp\/v2\/types\/product"}],"replies":[{"embeddable":true,"href":"http:\/\/klubmamgdynia.pl\/index.php\/wp-json\/wp\/v2\/comments?post=6848"}],"wp:featuredmedia":[{"embeddable":true,"href":"http:\/\/klubmamgdynia.pl\/index.php\/wp-json\/wp\/v2\/media\/6849"}],"wp:attachment":[{"href":"http:\/\/klubmamgdynia.pl\/index.php\/wp-json\/wp\/v2\/media?parent=6848"}],"wp:term":[{"taxonomy":"product_cat","embeddable":true,"href":"http:\/\/klubmamgdynia.pl\/index.php\/wp-json\/wp\/v2\/product_cat?post=6848"},{"taxonomy":"product_tag","embeddable":true,"href":"http:\/\/klubmamgdynia.pl\/index.php\/wp-json\/wp\/v2\/product_tag?post=6848"}],"curies":[{"name":"wp","href":"https:\/\/api.w.org\/{rel}","templated":true}]}}