{"id":6854,"date":"2017-06-17T07:21:57","date_gmt":"2017-06-17T05:21:57","guid":{"rendered":"http:\/\/klubmamgdynia.pl\/index.php\/produkt\/vidaxl-krzeselko-do-karmienia-dzieci-rozowo-szare\/"},"modified":"2026-05-17T22:10:55","modified_gmt":"2026-05-17T20:10:55","slug":"vidaxl-krzeselko-do-karmienia-dzieci-rozowo-szare","status":"publish","type":"product","link":"http:\/\/klubmamgdynia.pl\/index.php\/produkt\/vidaxl-krzeselko-do-karmienia-dzieci-rozowo-szare\/","title":{"rendered":"VidaXL Krzese\u0142ko Do Karmienia Dzieci R\u00f3\u017cowo-Szare"},"content":{"rendered":"<p>Dodaj rado\u015b\u0107 do posi\u0142k\u00f3w dzi\u0119ki temu sk\u0142adanemu krzese\u0142ku do karmienia dzieci! Skonstruowano je ze stalowej ramy i mocnego plastiku, zapewniaj\u0105cego trwa\u0142o\u015b\u0107 i wytrzyma\u0142o\u015b\u0107, a tym samym znakomite podparcie dla Twojego maluszka. Wy\u015bcie\u0142ane siedzisko z mi\u0119kk\u0105 tkanin\u0105 zewn\u0119trzn\u0105 i 5-punktowym pasem bezpiecze\u0144stwa zapewnia wi\u0119kszy komfort i bezpiecze\u0144stwo Twojego dziecka podczas posi\u0142ku. Krzese\u0142ko mo\u017cna roz\u0142o\u017cy\u0107 w 3 pozycjach, aby male\u0144stwo mia\u0142o wygodn\u0105 przestrze\u0144. Regulacja podparcia na n\u00f3\u017cki i wysoko\u015bci oferuje dodatkowy komfort siedzenia. Tac\u0119 mo\u017cna zdj\u0105\u0107, co u\u0142atwia jej czyszczenie. Na dole znajduje si\u0119 koszyk pozwalaj\u0105cy trzyma\u0107 rzeczy dla dziecka w zasi\u0119gu r\u0119ki (jak zabawki, pieluszki, chusteczki itp). Ponadto tylne k\u00f3\u0142ka sprawiaj\u0105, \u017ce krzese\u0142ko mo\u017cna z \u0142atwo\u015bci\u0105 przestawia\u0107. Mo\u017cna je ustawi\u0107 w zaledwie kilka sekund, a podparcie na n\u00f3\u017cki wyregulowa\u0107. Dzi\u0119ki kompaktowej konstrukcji to wysokie krzese\u0142ko sk\u0142ada si\u0119 szybko, co u\u0142atwia jego schowanie lub zapakowanie do samochodu na drog\u0119.<\/p>\n<h2>VidaXL Krzese\u0142ko Do Karmienia Dzieci R\u00f3\u017cowo-Szare VidaXL<\/h2>\n<p>tajemniczy ogr\u00f3d test z lektury, wzory dyplom\u00f3w do pobrania, quiz o samochodach, kolorowanki wakacyjne, wroc\u0142aw atrakcje dla dzieci, kuba imie, \u015bwi\u0105teczny film dla dzieci, ahmed, kaczuszka, zaproszenia urodzinowe do wydruku chomikuj, atrakcje dla dzieci warszawa, dobranoc pch\u0142y na noc, anastazja imi\u0119, kr\u00f3tkie zagadki, cytaty na dzien dziecka, mi\u015b z filmu animowanego, kolorowanki dla ch\u0142opc\u00f3w do druku, bajki terapeutyczne o emocjach, walentynka kolorowanka, justyna imi\u0119<\/p>\n<p>yyyyy<\/p>\n<p>&nbsp;<\/p>\n","protected":false},"excerpt":{"rendered":"<p>Dodaj rado\u015b\u0107 do posi\u0142k\u00f3w dzi\u0119ki temu sk\u0142adanemu krzese\u0142ku do karmienia dzieci! Skonstruowano je ze stalowej ramy i mocnego plastiku, zapewniaj\u0105cego trwa\u0142o\u015b\u0107 i wytrzyma\u0142o\u015b\u0107, a tym samym znakomite podparcie dla Twojego maluszka. Wy\u015bcie\u0142ane siedzisko z mi\u0119kk\u0105 tkanin\u0105 zewn\u0119trzn\u0105 i 5-punktowym pasem bezpiecze\u0144stwa zapewnia wi\u0119kszy komfort i bezpiecze\u0144stwo Twojego dziecka podczas posi\u0142ku. Krzese\u0142ko mo\u017cna roz\u0142o\u017cy\u0107 w 3 [&hellip;]<\/p>\n","protected":false},"featured_media":6855,"comment_status":"closed","ping_status":"open","template":"","meta":[],"product_cat":[158,23],"product_tag":[722,774,733],"class_list":["post-6854","product","type-product","status-publish","has-post-thumbnail","hentry","product_cat-krzeselka-do-karmienia","product_cat-vidaxl","product_tag-cytaty-o-przyjazni","product_tag-prezent-na-roczek-nie-zabawka","product_tag-zarty-na-prima-aprilis"],"_links":{"self":[{"href":"http:\/\/klubmamgdynia.pl\/index.php\/wp-json\/wp\/v2\/product\/6854","targetHints":{"allow":["GET"]}}],"collection":[{"href":"http:\/\/klubmamgdynia.pl\/index.php\/wp-json\/wp\/v2\/product"}],"about":[{"href":"http:\/\/klubmamgdynia.pl\/index.php\/wp-json\/wp\/v2\/types\/product"}],"replies":[{"embeddable":true,"href":"http:\/\/klubmamgdynia.pl\/index.php\/wp-json\/wp\/v2\/comments?post=6854"}],"wp:featuredmedia":[{"embeddable":true,"href":"http:\/\/klubmamgdynia.pl\/index.php\/wp-json\/wp\/v2\/media\/6855"}],"wp:attachment":[{"href":"http:\/\/klubmamgdynia.pl\/index.php\/wp-json\/wp\/v2\/media?parent=6854"}],"wp:term":[{"taxonomy":"product_cat","embeddable":true,"href":"http:\/\/klubmamgdynia.pl\/index.php\/wp-json\/wp\/v2\/product_cat?post=6854"},{"taxonomy":"product_tag","embeddable":true,"href":"http:\/\/klubmamgdynia.pl\/index.php\/wp-json\/wp\/v2\/product_tag?post=6854"}],"curies":[{"name":"wp","href":"https:\/\/api.w.org\/{rel}","templated":true}]}}