{"id":6856,"date":"2012-06-05T08:02:10","date_gmt":"2012-06-05T06:02:10","guid":{"rendered":"http:\/\/klubmamgdynia.pl\/index.php\/produkt\/dumel-discovery-bright-starts-potrojne-gryzaki-bs8195\/"},"modified":"2026-05-01T13:06:35","modified_gmt":"2026-05-01T11:06:35","slug":"dumel-discovery-bright-starts-potrojne-gryzaki-bs8195","status":"publish","type":"product","link":"http:\/\/klubmamgdynia.pl\/index.php\/produkt\/dumel-discovery-bright-starts-potrojne-gryzaki-bs8195\/","title":{"rendered":"Dumel Discovery Bright Starts Potr\u00f3jne Gryzaki Bs8195"},"content":{"rendered":"<p>Dumel Gryzaki kolorowe 3 szt 8195Wype\u0142nione wod\u0105 gryzaczki \u0142agodz\u0105ce podra\u017cnione dzi\u0105s\u0142a Maluszka. Maj\u0105 weso\u0142e kolory, wzory i kszta\u0142ty. Ich kszta\u0142t jest specjalnie wyprofilowany, aby by\u0142y \u0142atwe do uchwycenia. Dodatkow\u0105 ulg\u0119 przyniesie wcze\u015bniejsze ich sch\u0142odzenie w lod\u00f3wce.Wiek: 3m+<\/p>\n<h2>Dumel Discovery Bright Starts Potr\u00f3jne Gryzaki Bs8195 Dumel Discovery<\/h2>\n<p>zagadka matematyczna, ba\u015bniowe imiona \u017ce\u0144skie, zagadki wielkanocne do druku, pytania wielkanocne, wierszyki o marzannie, rzadkie imiona \u017ce\u0144skie, kawa\u0142y na prima aprilis dla rodzic\u00f3w, podchwytliwe zagadki dla doros\u0142ych, kolorowanka pokemon, gwiazdka do druku, podchwytliwe zagadki dla dzieci<\/p>\n<p>yyyyy<\/p>\n<p>&nbsp;<\/p>\n","protected":false},"excerpt":{"rendered":"<p>Dumel Gryzaki kolorowe 3 szt 8195Wype\u0142nione wod\u0105 gryzaczki \u0142agodz\u0105ce podra\u017cnione dzi\u0105s\u0142a Maluszka. Maj\u0105 weso\u0142e kolory, wzory i kszta\u0142ty. Ich kszta\u0142t jest specjalnie wyprofilowany, aby by\u0142y \u0142atwe do uchwycenia. Dodatkow\u0105 ulg\u0119 przyniesie wcze\u015bniejsze ich sch\u0142odzenie w lod\u00f3wce.Wiek: 3m+ Dumel Discovery Bright Starts Potr\u00f3jne Gryzaki Bs8195 Dumel Discovery zagadka matematyczna, ba\u015bniowe imiona \u017ce\u0144skie, zagadki wielkanocne do druku, [&hellip;]<\/p>\n","protected":false},"featured_media":6857,"comment_status":"closed","ping_status":"open","template":"","meta":[],"product_cat":[385,63],"product_tag":[611,730,816,804,693,615],"class_list":["post-6856","product","type-product","status-publish","has-post-thumbnail","hentry","product_cat-dumel-discovery","product_cat-grzechotki-i-gryzaki","product_tag-bajki-do-czytania-psi-patrol","product_tag-karyna","product_tag-place-zabaw-warszawa","product_tag-ryz-z-owocami","product_tag-zagadki-dla-doroslych","product_tag-znane-misie-z-filmow-animowanych"],"_links":{"self":[{"href":"http:\/\/klubmamgdynia.pl\/index.php\/wp-json\/wp\/v2\/product\/6856","targetHints":{"allow":["GET"]}}],"collection":[{"href":"http:\/\/klubmamgdynia.pl\/index.php\/wp-json\/wp\/v2\/product"}],"about":[{"href":"http:\/\/klubmamgdynia.pl\/index.php\/wp-json\/wp\/v2\/types\/product"}],"replies":[{"embeddable":true,"href":"http:\/\/klubmamgdynia.pl\/index.php\/wp-json\/wp\/v2\/comments?post=6856"}],"wp:featuredmedia":[{"embeddable":true,"href":"http:\/\/klubmamgdynia.pl\/index.php\/wp-json\/wp\/v2\/media\/6857"}],"wp:attachment":[{"href":"http:\/\/klubmamgdynia.pl\/index.php\/wp-json\/wp\/v2\/media?parent=6856"}],"wp:term":[{"taxonomy":"product_cat","embeddable":true,"href":"http:\/\/klubmamgdynia.pl\/index.php\/wp-json\/wp\/v2\/product_cat?post=6856"},{"taxonomy":"product_tag","embeddable":true,"href":"http:\/\/klubmamgdynia.pl\/index.php\/wp-json\/wp\/v2\/product_tag?post=6856"}],"curies":[{"name":"wp","href":"https:\/\/api.w.org\/{rel}","templated":true}]}}