{"id":6858,"date":"2011-10-05T16:56:53","date_gmt":"2011-10-05T14:56:53","guid":{"rendered":"http:\/\/klubmamgdynia.pl\/index.php\/produkt\/trefl-mistrz-wiedzy-panstwa-i-flagi-01953\/"},"modified":"2026-04-06T08:22:21","modified_gmt":"2026-04-06T06:22:21","slug":"trefl-mistrz-wiedzy-panstwa-i-flagi-01953","status":"publish","type":"product","link":"http:\/\/klubmamgdynia.pl\/index.php\/produkt\/trefl-mistrz-wiedzy-panstwa-i-flagi-01953\/","title":{"rendered":"Trefl Mistrz Wiedzy Pa\u0144stwa I Flagi 01953"},"content":{"rendered":"<p>Trefl Mistrz Wiedzy Pa\u0144stwa I Flagi 01953Pa\u0144stwa i flagi to gra edukacyjna dla dzieci interesuj\u0105cych si\u0119 geografi\u0105 oraz zafascynowanych podr\u00f3\u017cami. Poprzez zabaw\u0119 dziecko pozna nowe kraje i kontynenty oraz utrwali zdobyt\u0105 wiedz\u0119                            <\/p>\n<p>Zawarto\u015b\u0107:instrukcjadwustronna plansza4 pionki56 kart \u017ceton\u00f3wplakat<\/p>\n<h2>Trefl Mistrz Wiedzy Pa\u0144stwa I Flagi 01953 Trefl<\/h2>\n<p>kartka walentynkowa r\u0119cznie robiona \u0142atwa, cytaty o przyjazni, cukierku ty \u0142obuzie test, kira<\/p>\n<p>yyyyy<\/p>\n<p>&nbsp;<\/p>\n","protected":false},"excerpt":{"rendered":"<p>Trefl Mistrz Wiedzy Pa\u0144stwa I Flagi 01953Pa\u0144stwa i flagi to gra edukacyjna dla dzieci interesuj\u0105cych si\u0119 geografi\u0105 oraz zafascynowanych podr\u00f3\u017cami. Poprzez zabaw\u0119 dziecko pozna nowe kraje i kontynenty oraz utrwali zdobyt\u0105 wiedz\u0119 Zawarto\u015b\u0107:instrukcjadwustronna plansza4 pionki56 kart \u017ceton\u00f3wplakat Trefl Mistrz Wiedzy Pa\u0144stwa I Flagi 01953 Trefl kartka walentynkowa r\u0119cznie robiona \u0142atwa, cytaty o przyjazni, cukierku ty [&hellip;]<\/p>\n","protected":false},"featured_media":6859,"comment_status":"closed","ping_status":"open","template":"","meta":[],"product_cat":[130,104],"product_tag":[825,584,678,782,800],"class_list":["post-6858","product","type-product","status-publish","has-post-thumbnail","hentry","product_cat-gry-dzieciece","product_cat-trefl","product_tag-bajka-na-dobranoc-do-czytania","product_tag-liwia","product_tag-prezent-na-roczek-dla-dziewczynki","product_tag-zagadki-dla-dzieci-z-odpowiedziami","product_tag-zagadki-smieszne"],"_links":{"self":[{"href":"http:\/\/klubmamgdynia.pl\/index.php\/wp-json\/wp\/v2\/product\/6858","targetHints":{"allow":["GET"]}}],"collection":[{"href":"http:\/\/klubmamgdynia.pl\/index.php\/wp-json\/wp\/v2\/product"}],"about":[{"href":"http:\/\/klubmamgdynia.pl\/index.php\/wp-json\/wp\/v2\/types\/product"}],"replies":[{"embeddable":true,"href":"http:\/\/klubmamgdynia.pl\/index.php\/wp-json\/wp\/v2\/comments?post=6858"}],"wp:featuredmedia":[{"embeddable":true,"href":"http:\/\/klubmamgdynia.pl\/index.php\/wp-json\/wp\/v2\/media\/6859"}],"wp:attachment":[{"href":"http:\/\/klubmamgdynia.pl\/index.php\/wp-json\/wp\/v2\/media?parent=6858"}],"wp:term":[{"taxonomy":"product_cat","embeddable":true,"href":"http:\/\/klubmamgdynia.pl\/index.php\/wp-json\/wp\/v2\/product_cat?post=6858"},{"taxonomy":"product_tag","embeddable":true,"href":"http:\/\/klubmamgdynia.pl\/index.php\/wp-json\/wp\/v2\/product_tag?post=6858"}],"curies":[{"name":"wp","href":"https:\/\/api.w.org\/{rel}","templated":true}]}}