{"id":686,"date":"2022-01-16T04:56:21","date_gmt":"2022-01-16T03:56:21","guid":{"rendered":"http:\/\/klubmamgdynia.pl\/index.php\/produkt\/jordan-buty-meskie-sneakersy-access-ar3762-006\/"},"modified":"2026-04-24T13:25:15","modified_gmt":"2026-04-24T11:25:15","slug":"jordan-buty-meskie-sneakersy-access-ar3762-006","status":"publish","type":"product","link":"http:\/\/klubmamgdynia.pl\/index.php\/produkt\/jordan-buty-meskie-sneakersy-access-ar3762-006\/","title":{"rendered":"Jordan Buty m\u0119skie sneakersy Access AR3762-006"},"content":{"rendered":"<p>Buty m\u0119skie sneakersy Jordan Access PRZEWIEWNO\u015a\u0106 I WYGODA PRZEZ CA\u0141Y DZIE\u0143 Model Jordan Access zapewnia wygod\u0119 i amortyzacj\u0119 dzi\u0119ki lekkiej, przewiewnej cholewce w miejskim stylu. Perforowane wstawki w cholewce zwi\u0119kszaj\u0105 przewiewno\u015b\u0107, a wyj\u0105tkowe detale podkre\u015blaj\u0105 kultowy status Jordana. Zalety Perforowana cholewka wykonana z po\u0142\u0105czenia naturalnej sk\u00f3ry, syntetycznego materia\u0142u i tkaniny zapewnia wygod\u0119, wsparcie i przewiewno\u015b\u0107.Klasyczna, profilowana podeszwa z poduszk\u0105 gazow\u0105 Nike Air w pi\u0119cie zapewnia amortyzacj\u0119, kt\u00f3ra sprawdzi si\u0119 zar\u00f3wno na boisku, jak i na ulicy.Wyszywane logo Jumpman na pi\u0119cie i wyszywany napis Jumpman na j\u0119zyku nadaj\u0105 doskona\u0142y wygl\u0105d. AR3762-006<\/p>\n<h2>Jordan Buty m\u0119skie sneakersy Access AR3762-006 Jordan<\/h2>\n<p>pi\u0119kne cytaty o synku, trudne zagadki na inteligencj\u0119, kolorowanki do druku konie, kiekrz, cicha noc po angielsku, laurka dla babci, pierwsze urodziny prezent na roczek dla ch\u0142opca, o\u015brodki wczasowe nad morzem dla rodzin z dzie\u0107mi, imi\u0119 alan<\/p>\n<p>yyyyy<\/p>\n<p>&nbsp;<\/p>\n","protected":false},"excerpt":{"rendered":"<p>Buty m\u0119skie sneakersy Jordan Access PRZEWIEWNO\u015a\u0106 I WYGODA PRZEZ CA\u0141Y DZIE\u0143 Model Jordan Access zapewnia wygod\u0119 i amortyzacj\u0119 dzi\u0119ki lekkiej, przewiewnej cholewce w miejskim stylu. Perforowane wstawki w cholewce zwi\u0119kszaj\u0105 przewiewno\u015b\u0107, a wyj\u0105tkowe detale podkre\u015blaj\u0105 kultowy status Jordana. Zalety Perforowana cholewka wykonana z po\u0142\u0105czenia naturalnej sk\u00f3ry, syntetycznego materia\u0142u i tkaniny zapewnia wygod\u0119, wsparcie i przewiewno\u015b\u0107.Klasyczna, [&hellip;]<\/p>\n","protected":false},"featured_media":687,"comment_status":"closed","ping_status":"open","template":"","meta":[],"product_cat":[257,256],"product_tag":[686,654,783,694],"class_list":["post-686","product","type-product","status-publish","has-post-thumbnail","hentry","product_cat-buty-sportowe-meskie","product_cat-jordan","product_tag-co-na-roczek-dla-chlopca","product_tag-krotkie-bajki-dla-dzieci-do-czytania","product_tag-prezenty-na-roczek-dla-chlopca","product_tag-zagadki-swiateczne-dla-dzieci"],"_links":{"self":[{"href":"http:\/\/klubmamgdynia.pl\/index.php\/wp-json\/wp\/v2\/product\/686","targetHints":{"allow":["GET"]}}],"collection":[{"href":"http:\/\/klubmamgdynia.pl\/index.php\/wp-json\/wp\/v2\/product"}],"about":[{"href":"http:\/\/klubmamgdynia.pl\/index.php\/wp-json\/wp\/v2\/types\/product"}],"replies":[{"embeddable":true,"href":"http:\/\/klubmamgdynia.pl\/index.php\/wp-json\/wp\/v2\/comments?post=686"}],"wp:featuredmedia":[{"embeddable":true,"href":"http:\/\/klubmamgdynia.pl\/index.php\/wp-json\/wp\/v2\/media\/687"}],"wp:attachment":[{"href":"http:\/\/klubmamgdynia.pl\/index.php\/wp-json\/wp\/v2\/media?parent=686"}],"wp:term":[{"taxonomy":"product_cat","embeddable":true,"href":"http:\/\/klubmamgdynia.pl\/index.php\/wp-json\/wp\/v2\/product_cat?post=686"},{"taxonomy":"product_tag","embeddable":true,"href":"http:\/\/klubmamgdynia.pl\/index.php\/wp-json\/wp\/v2\/product_tag?post=686"}],"curies":[{"name":"wp","href":"https:\/\/api.w.org\/{rel}","templated":true}]}}