{"id":6870,"date":"2023-03-14T05:37:48","date_gmt":"2023-03-14T04:37:48","guid":{"rendered":"http:\/\/klubmamgdynia.pl\/?post_type=product&#038;p=6870"},"modified":"2026-04-04T06:50:33","modified_gmt":"2026-04-04T04:50:33","slug":"4baby-krzeselko-do-karmienia-icon-pink","status":"publish","type":"product","link":"http:\/\/klubmamgdynia.pl\/index.php\/produkt\/4baby-krzeselko-do-karmienia-icon-pink\/","title":{"rendered":"4Baby krzese\u0142ko do karmienia Icon pink"},"content":{"rendered":"<p>ICON to nowoczesne krzese\u0142ko wyr\u00f3\u017cniaj\u0105ce si\u0119 na rynku swoim designem i jako\u015bci\u0105. Bogato wyposa\u017cone w funkcje zwi\u0119kszaj\u0105ce komfort dziecka. Tapicerka z ekosk\u00f3ry dodaje krzese\u0142ku elegancji i presti\u017cu. Tapicerka z wysokiej jako\u015bci sk\u00f3ry ekologicznej 5-cio pozycyjna regulacja oparcia (od 105 do 140 stopni) 3 pozycyjna regulacja podn\u00f3\u017cka 6 pozycji wysoko\u015bci siedziska Zdejmowana, 2 pozycyjna tacka Przednie k\u00f3\u0142ka Pojemny kosz na akcesoria Stalowa rama Dopuszczalne obci\u0105\u017cenie:15 kg Wymiary (szeroko\u015b\u0107 \/ wysoko\u015b\u0107 \/ g\u0142\u0119boko\u015b\u0107 cm): Z\u0142o\u017cony: 55\/91\/50 cm Roz\u0142o\u017cony: 55\/108\/80 cm Waga: 10.5 kg 4BABY jest jedn\u0105 z najpopularniejszych polskich marek artyku\u0142\u00f3w dla dzieci. Istnieje na rynku od 2005 roku, nieustanie pracuj\u0105c nad rozwojem naszych produkt\u00f3w. Zebrane przez lata do\u015bwiadczenie oraz doskonale wyszkolony personel pozwala oferowa\u0107 produkty i obs\u0142ug\u0119 na najwy\u017cszym poziomie. W ofercie firmy znajduje si\u0119 bogaty wyb\u00f3r fotelik\u00f3w samochodowych we wszystkich grupach wagowych, w\u00f3zki dzieci\u0119ce, krzese\u0142ka do karmienia, \u0142\u00f3\u017ceczka turystyczne oraz inne akcesoria dla dzieci. Produkty wytwarzane s\u0105 zgodnie z obowi\u0105zuj\u0105cymi normami i przy zachowaniu najwy\u017cszej dba\u0142o\u015bci o jako\u015b\u0107 i bezpiecze\u0144stwo. Wszystkie artyku\u0142y posiadaj\u0105 stosowne certyfikaty oraz homologacje, wydane przez akredytowane jednostki badawcze w kraju i zagranic\u0105. Wszystkie produkty s\u0105 obj\u0119te pe\u0142n\u0105, 24-to miesi\u0119czn\u0105 gwarancj\u0105 producenta.<\/p>\n<h2>4Baby krzese\u0142ko do karmienia Icon pink 4Baby<\/h2>\n<p>imi\u0119 mira, co kupi\u0107 dziecku na roczek, bombki do kolorowania, bajki na dobranoc do czytania, laura<\/p>\n<p>yyyyy<\/p>\n<p>&nbsp;<\/p>\n","protected":false},"excerpt":{"rendered":"<p>ICON to nowoczesne krzese\u0142ko wyr\u00f3\u017cniaj\u0105ce si\u0119 na rynku swoim designem i jako\u015bci\u0105. Bogato wyposa\u017cone w funkcje zwi\u0119kszaj\u0105ce komfort dziecka. Tapicerka z ekosk\u00f3ry dodaje krzese\u0142ku elegancji i presti\u017cu. Tapicerka z wysokiej jako\u015bci sk\u00f3ry ekologicznej 5-cio pozycyjna regulacja oparcia (od 105 do 140 stopni) 3 pozycyjna regulacja podn\u00f3\u017cka 6 pozycji wysoko\u015bci siedziska Zdejmowana, 2 pozycyjna tacka Przednie [&hellip;]<\/p>\n","protected":false},"featured_media":6871,"comment_status":"closed","ping_status":"open","template":"","meta":[],"product_cat":[1507,158],"product_tag":[863,680,739,809],"class_list":["post-6870","product","type-product","status-publish","has-post-thumbnail","hentry","product_cat-4baby","product_cat-krzeselka-do-karmienia","product_tag-bajki-dla-dziewczynek","product_tag-cytaty-z-malego-ksiecia","product_tag-prima-aprilis-w-szkole","product_tag-zagadki"],"_links":{"self":[{"href":"http:\/\/klubmamgdynia.pl\/index.php\/wp-json\/wp\/v2\/product\/6870","targetHints":{"allow":["GET"]}}],"collection":[{"href":"http:\/\/klubmamgdynia.pl\/index.php\/wp-json\/wp\/v2\/product"}],"about":[{"href":"http:\/\/klubmamgdynia.pl\/index.php\/wp-json\/wp\/v2\/types\/product"}],"replies":[{"embeddable":true,"href":"http:\/\/klubmamgdynia.pl\/index.php\/wp-json\/wp\/v2\/comments?post=6870"}],"wp:featuredmedia":[{"embeddable":true,"href":"http:\/\/klubmamgdynia.pl\/index.php\/wp-json\/wp\/v2\/media\/6871"}],"wp:attachment":[{"href":"http:\/\/klubmamgdynia.pl\/index.php\/wp-json\/wp\/v2\/media?parent=6870"}],"wp:term":[{"taxonomy":"product_cat","embeddable":true,"href":"http:\/\/klubmamgdynia.pl\/index.php\/wp-json\/wp\/v2\/product_cat?post=6870"},{"taxonomy":"product_tag","embeddable":true,"href":"http:\/\/klubmamgdynia.pl\/index.php\/wp-json\/wp\/v2\/product_tag?post=6870"}],"curies":[{"name":"wp","href":"https:\/\/api.w.org\/{rel}","templated":true}]}}