{"id":6872,"date":"2019-09-08T00:19:27","date_gmt":"2019-09-07T22:19:27","guid":{"rendered":"http:\/\/klubmamgdynia.pl\/index.php\/produkt\/fotelik-samochodowy-britaxromer-dualfix-i-size-fotelik-0-18-kg-graphite-marble\/"},"modified":"2026-05-17T23:00:48","modified_gmt":"2026-05-17T21:00:48","slug":"fotelik-samochodowy-britaxromer-dualfix-i-size-fotelik-0-18-kg-graphite-marble","status":"publish","type":"product","link":"http:\/\/klubmamgdynia.pl\/index.php\/produkt\/fotelik-samochodowy-britaxromer-dualfix-i-size-fotelik-0-18-kg-graphite-marble\/","title":{"rendered":"Fotelik samochodowy Britax&amp;Romer Dualfix I-Size Fotelik 0-18 Kg Graphite Marble"},"content":{"rendered":"<p>Po\u0142\u0105czenie wygody i bezpiecze\u0144stwaKolekcja obrotowych fotelik\u00f3w Dualfix od Britax&amp;Romer to efekt wieloletnich test\u00f3w, kt\u00f3re pozwoli\u0142y stworzy\u0107 siedziska jednocze\u015bnie bezpieczne dla dziecka i wygodne dla rodzica. Dualfix i-Size pos\u0142u\u017cy Twojemu maluchowi ju\u017c od momentu narodzin a\u017c do 4. roku \u017cycia. Dzi\u0119ki wysokiemu stopniowi zagwarantowanego bezpiecze\u0144stwa, w foteliku przewieziesz nawet noworodka. Na szczeg\u00f3ln\u0105 uwag\u0119 zas\u0142uguje wprowadzona w siedziskach Dualfix mo\u017cliwo\u015b\u0107 obrotu a\u017c o 360\u00b0. Dzi\u0119ki temu Dualfix i-Size to fotelik, w kt\u00f3rym dziecko mo\u017ce podr\u00f3\u017cowa\u0107 zar\u00f3wno ty\u0142em jak i przodem do kierunku jazdy, a decyzja nale\u017cy do Ciebie. Ponadto system obracania bardzo u\u0142atwia opiek\u0119 nad ma\u0142ym pasa\u017cerem. Nie ma \u0142atwiejszego sposobu na umieszczenie dziecka w foteliku jak przekr\u0119cenie Dualfix i-Size w stron\u0119 otwartych drzwi. Takie ustawienie daje Ci pe\u0142en dost\u0119p do pi\u0119ciopunktowych pas\u00f3w bezpiecze\u0144stwa, co umo\u017cliwi Ci bezpieczne zapi\u0119cie dziecka w siedzisku.Systemy bezpiecze\u0144stwa w Dualfix i-SizeCo sprawia, \u017ce Dualfix i-Size jest tak bezpieczny? Firma Britax&amp;Romer od lat pracuje nad udoskonalaniem swoich system\u00f3w bezpiecze\u0144stwa. Od monta\u017cu na ram\u0119 Isofix z nog\u0105 stabilizuj\u0105c\u0105 a\u017c po system ochrony bocznej SICT \u2013 wszystkie rozwi\u0105zania wykorzystane przy projektowaniu i produkcji fotelika maj\u0105 chroni\u0107 siedz\u0105cego w nim ma\u0142ego pasa\u017cera. Montowanie Dualfix i-Size za pomoc\u0105 dobrze znanego systemu Isofix to nie tylko u\u0142atwienie. Zaczepy sztywno trzymaj\u0105 fotelik przy tylnej kanapie i podpiera go teleskopowa noga stabilizuj\u0105ca, co zwi\u0119ksza stabilno\u015b\u0107 w momencie zderzenia, zapewniaj\u0105c dziecku wi\u0119ksze bezpiecze\u0144stwo.Ochrona boczna SICT InsideSpecjali\u015bci Britax&amp;Romer dobrze wiedz\u0105, jak chroni\u0107 dziecku w przypadku kolizji bocznych. System SICT Inside ma na celu poch\u0142oni\u0119cie energii zderzenia zanim ta zadzia\u0142a na wra\u017cliwe cia\u0142o maluszka. Czyni to poprzez redukcj\u0119 odleg\u0142o\u015bci mi\u0119dzy fotelikiem a karoseri\u0105 auta. Jest zintegrowany w skorupie fotelika, nie trzeba go uaktywnia\u0107 ani regulowa\u0107, zadzia\u0142a zawsze wtedy, gdy b\u0119dzie potrzebny. System Pivot Link to kolejne rozwi\u0105zanie, kt\u00f3re pomaga chroni\u0107 dziecko przy nieprzewidzianych zdarzeniach. Kieruje si\u0142\u0119 dzia\u0142aj\u0105c\u0105 na fotelik w d\u00f3\u0142, chroni\u0105c wra\u017cliwe cz\u0119\u015bci cia\u0142a dziecka. Britax&amp;Romer Dualfix to fotelik, kt\u00f3ry chroni Twoje dziecko w przypadku ka\u017cdego rodzaju zderzenia. Dzi\u0119ki temu masz pewno\u015b\u0107, \u017ce Tw\u00f3j ma\u0142y pasa\u017cer b\u0119dzie bezpieczny podczas ka\u017cdej z rodzinnych przeja\u017cd\u017cek.Komfort ma\u0142ego pasa\u017ceraDualfix i-Size to tak\u017ce wygoda. Producenci chcieli zapewni\u0107 komfort zar\u00f3wno podr\u00f3\u017cuj\u0105cemu w foteliku maluchowi, jak i opiekunowi ma\u0142ego podr\u00f3\u017cnika. Regulowana a\u017c o 8\u00b0 rama antyrotacyjna uniemo\u017cliwia przesuni\u0119cie i obr\u00f3t fotelika przy zderzeniu, ale te\u017c zapewnia dziecku 10% wi\u0119cej przestrzeni na n\u00f3\u017cki w por\u00f3wnaniu z podobnymi modelami. Odchylane oparcie gwarantuje pewno\u015b\u0107, \u017ce ustawisz fotelik tak, by dziecku by\u0142o wygodnie. Podobnie jak regulacja zag\u0142\u00f3wka i pas\u00f3w bezpiecze\u0144stwa, dzi\u0119ki czemu ma\u0142y podr\u00f3\u017cnik b\u0119dzie jecha\u0142 w komfortowych warunkach.Monta\u017c na Isofix w Dualfix i-SizeFotelik samochodowy Dualfix i-Size ma zintegrowan\u0105, obrotow\u0105 baz\u0119 Isofix. Dzi\u0119ki temu mo\u017cesz obraca\u0107 go o 360\u00b0. Umo\u017cliwia to wyb\u00f3r pozycji, w kt\u00f3rej przewieziesz dziecko. Ty\u0142em do kierunku jazdy to spos\u00f3b rekomendowany przez jak najd\u0142u\u017cszy okres, poniewa\u017c jest najbezpieczniejszym wyborem. Po osi\u0105gni\u0119ciu przez dziecko 9 kg mo\u017cesz ju\u017c transportowa\u0107 je przodem do przedniej szyby samochodu. Obr\u00f3\u0107 fotelik do otwartych drzwi auta, by \u0142atwiej wyj\u0105\u0107 i w\u0142o\u017cy\u0107 dziecko do siedziska. Z Dualfix i-Size wszystko jest zatem du\u017co prostsze.Renomowany producent z wieloletnim do\u015bwiadczeniemPrzekonaj si\u0119 sam o jako\u015bci Britax&amp;Romer i zapewnij dziecku bezpiecze\u0144stwo w momencie nieprzewidzianych zdarze\u0144. Z Dualfix i-Size podr\u00f3\u017c samo<\/p>\n<h2>Fotelik samochodowy Britax&amp;Romer Dualfix I-Size Fotelik 0-18 Kg Graphite Marble Britax &amp; Romer<\/h2>\n<p>rzadkie imiona japo\u0144skie, trudne zagadki, literki do druku, europa stolice quiz, prezent dla 19 latka, zemsta test wiedzy, rysowanie po \u015bladzie pdf, nauka pisania wyraz\u00f3w dla dzieci do druku pdf, \u017c\u0105rty na prima aprilis, atrakcje dla dzieci tr\u00f3jmiasto, quizy za darmo, quiz o usa, jak zrobi\u0107 samolot z papieru<\/p>\n<p>yyyyy<\/p>\n<p>&nbsp;<\/p>\n","protected":false},"excerpt":{"rendered":"<p>Po\u0142\u0105czenie wygody i bezpiecze\u0144stwaKolekcja obrotowych fotelik\u00f3w Dualfix od Britax&amp;Romer to efekt wieloletnich test\u00f3w, kt\u00f3re pozwoli\u0142y stworzy\u0107 siedziska jednocze\u015bnie bezpieczne dla dziecka i wygodne dla rodzica. Dualfix i-Size pos\u0142u\u017cy Twojemu maluchowi ju\u017c od momentu narodzin a\u017c do 4. roku \u017cycia. Dzi\u0119ki wysokiemu stopniowi zagwarantowanego bezpiecze\u0144stwa, w foteliku przewieziesz nawet noworodka. Na szczeg\u00f3ln\u0105 uwag\u0119 zas\u0142uguje wprowadzona w [&hellip;]<\/p>\n","protected":false},"featured_media":6873,"comment_status":"closed","ping_status":"open","template":"","meta":[],"product_cat":[116,32],"product_tag":[754,585,842,615],"class_list":["post-6872","product","type-product","status-publish","has-post-thumbnail","hentry","product_cat-britax-romer","product_cat-foteliki-samochodowe","product_tag-dyplomy-do-wydrukowania-a4","product_tag-kolorowanki-dla-chlopcow","product_tag-plac-zabaw-poznan","product_tag-znane-misie-z-filmow-animowanych"],"_links":{"self":[{"href":"http:\/\/klubmamgdynia.pl\/index.php\/wp-json\/wp\/v2\/product\/6872","targetHints":{"allow":["GET"]}}],"collection":[{"href":"http:\/\/klubmamgdynia.pl\/index.php\/wp-json\/wp\/v2\/product"}],"about":[{"href":"http:\/\/klubmamgdynia.pl\/index.php\/wp-json\/wp\/v2\/types\/product"}],"replies":[{"embeddable":true,"href":"http:\/\/klubmamgdynia.pl\/index.php\/wp-json\/wp\/v2\/comments?post=6872"}],"wp:featuredmedia":[{"embeddable":true,"href":"http:\/\/klubmamgdynia.pl\/index.php\/wp-json\/wp\/v2\/media\/6873"}],"wp:attachment":[{"href":"http:\/\/klubmamgdynia.pl\/index.php\/wp-json\/wp\/v2\/media?parent=6872"}],"wp:term":[{"taxonomy":"product_cat","embeddable":true,"href":"http:\/\/klubmamgdynia.pl\/index.php\/wp-json\/wp\/v2\/product_cat?post=6872"},{"taxonomy":"product_tag","embeddable":true,"href":"http:\/\/klubmamgdynia.pl\/index.php\/wp-json\/wp\/v2\/product_tag?post=6872"}],"curies":[{"name":"wp","href":"https:\/\/api.w.org\/{rel}","templated":true}]}}