{"id":6876,"date":"2014-11-10T20:52:27","date_gmt":"2014-11-10T19:52:27","guid":{"rendered":"http:\/\/klubmamgdynia.pl\/index.php\/produkt\/fotelik-samochodowy-cybex-sirona-s2-i-size-fotelik-beach-blue-0-18-kg\/"},"modified":"2026-04-28T03:23:14","modified_gmt":"2026-04-28T01:23:14","slug":"fotelik-samochodowy-cybex-sirona-s2-i-size-fotelik-beach-blue-0-18-kg","status":"publish","type":"product","link":"http:\/\/klubmamgdynia.pl\/index.php\/produkt\/fotelik-samochodowy-cybex-sirona-s2-i-size-fotelik-beach-blue-0-18-kg\/","title":{"rendered":"Fotelik samochodowy Cybex Sirona S2 I-Size Fotelik Beach-Blue 0-18 Kg"},"content":{"rendered":"<p>Fotelik Cybex Sirona S2 i-Size oferuje podr\u00f3\u017cowanie w pozycji ty\u0142em do kierunku jazdy dla zwi\u0119kszenia bezpiecze\u0144stwa w przypadku kolizji czo\u0142owej. W momencie kiedy obr\u00f3cisz fotelik do pozycji przodem do kierunku jazdy, Technologia Rozpraszaj\u0105ca Energi\u0119 zapewni dodatkowe bezpiecze\u0144stwo.<\/p>\n<h2>Fotelik samochodowy Cybex Sirona S2 I-Size Fotelik Beach-Blue 0-18 Kg Cybex<\/h2>\n<p>kolorowanki lol, bajki dla dziewczynek, asiunia test z lektury, zagadki trudne, dobranoc pch\u0142y na noc, tabliczka mno\u017cenia kolorowanki do wydruku, co na roczek dla dziewczynki, szablony do wyklejania plastelin\u0105, pa\u0144stwa miasta wz\u00f3r, prezenty dla nastolatk\u00f3w<\/p>\n<p>yyyyy<\/p>\n<p>&nbsp;<\/p>\n","protected":false},"excerpt":{"rendered":"<p>Fotelik Cybex Sirona S2 i-Size oferuje podr\u00f3\u017cowanie w pozycji ty\u0142em do kierunku jazdy dla zwi\u0119kszenia bezpiecze\u0144stwa w przypadku kolizji czo\u0142owej. W momencie kiedy obr\u00f3cisz fotelik do pozycji przodem do kierunku jazdy, Technologia Rozpraszaj\u0105ca Energi\u0119 zapewni dodatkowe bezpiecze\u0144stwo. Fotelik samochodowy Cybex Sirona S2 I-Size Fotelik Beach-Blue 0-18 Kg Cybex kolorowanki lol, bajki dla dziewczynek, asiunia test [&hellip;]<\/p>\n","protected":false},"featured_media":6877,"comment_status":"closed","ping_status":"open","template":"","meta":[],"product_cat":[34,32],"product_tag":[598,816,631],"class_list":["post-6876","product","type-product","status-publish","has-post-thumbnail","hentry","product_cat-cybex","product_cat-foteliki-samochodowe","product_tag-co-na-roczek-dla-dziewczynki","product_tag-place-zabaw-warszawa","product_tag-prezent-na-roczek"],"_links":{"self":[{"href":"http:\/\/klubmamgdynia.pl\/index.php\/wp-json\/wp\/v2\/product\/6876","targetHints":{"allow":["GET"]}}],"collection":[{"href":"http:\/\/klubmamgdynia.pl\/index.php\/wp-json\/wp\/v2\/product"}],"about":[{"href":"http:\/\/klubmamgdynia.pl\/index.php\/wp-json\/wp\/v2\/types\/product"}],"replies":[{"embeddable":true,"href":"http:\/\/klubmamgdynia.pl\/index.php\/wp-json\/wp\/v2\/comments?post=6876"}],"wp:featuredmedia":[{"embeddable":true,"href":"http:\/\/klubmamgdynia.pl\/index.php\/wp-json\/wp\/v2\/media\/6877"}],"wp:attachment":[{"href":"http:\/\/klubmamgdynia.pl\/index.php\/wp-json\/wp\/v2\/media?parent=6876"}],"wp:term":[{"taxonomy":"product_cat","embeddable":true,"href":"http:\/\/klubmamgdynia.pl\/index.php\/wp-json\/wp\/v2\/product_cat?post=6876"},{"taxonomy":"product_tag","embeddable":true,"href":"http:\/\/klubmamgdynia.pl\/index.php\/wp-json\/wp\/v2\/product_tag?post=6876"}],"curies":[{"name":"wp","href":"https:\/\/api.w.org\/{rel}","templated":true}]}}