{"id":6918,"date":"2012-01-15T05:43:09","date_gmt":"2012-01-15T04:43:09","guid":{"rendered":"http:\/\/klubmamgdynia.pl\/index.php\/produkt\/hi-little-one-sleepy-bunny-cozy-muslin-with-wood-teether-2in1-navy\/"},"modified":"2026-05-17T22:06:45","modified_gmt":"2026-05-17T20:06:45","slug":"hi-little-one-sleepy-bunny-cozy-muslin-with-wood-teether-2in1-navy","status":"publish","type":"product","link":"http:\/\/klubmamgdynia.pl\/index.php\/produkt\/hi-little-one-sleepy-bunny-cozy-muslin-with-wood-teether-2in1-navy\/","title":{"rendered":"Hi Little One Sleepy Bunny Cozy Muslin With Wood Teether 2In1 Navy"},"content":{"rendered":"<p>Mi\u0119ciutka mu\u015blinowa przytulanka pieluszkowa z drewnianym gryzaczkiem pod postaci\u0105 s\u0142odkiego \u015api\u0105cego Kr\u00f3liczka z haftowanymi oczkami i noskiem.Kr\u00f3liczek pocieszy, ukoi i pomo\u017ce zasn\u0105\u0107.Polecany dla niemowl\u0105t w okresie z\u0105bkowania.Naturalny wyb\u00f3r dla ECO MAMY na Babyshower lub wyprawk\u0119.Wymiary roz\u0142o\u017conej przytulanki: 30 x 30 cmDzi\u0119ki mu\u015blinowej przytulance, gryzak dobrze si\u0119 chwyta.Gryzak wykonany zosta\u0142 z 100% organicznego drewna bukowego, natomiast mu\u015blinowa przytulanka pieluszkowa ze 100 % organicznej wysokojako\u015bciowej BIO bawe\u0142ny mu\u015blinowej z certyfikatem GOTS.Drewno bukowe jako produkt pochodz\u0105cy z natury jest jednym z najbardziej ekologicznych i bezpiecznych materia\u0142\u00f3w do gryzienia polecanym dla niemowl\u0105t.Ze wzgl\u0119du na brak cukr\u00f3w prostych w kom\u00f3rkach drewna bukowego, kt\u00f3re mog\u0105 powodowa\u0107 rozw\u00f3j pr\u00f3chnicy u niemowl\u0105t, jest ono najlepszym materia\u0142em na gryzaki.Kr\u00f3liczek zapakowany jest w ekologiczne tekturowe pude\u0142ko z okienkiem.MATERIA\u0141100% organiczne drewno bukowe100 % organiczna wysokojako\u015bciowa BIO bawe\u0142na mu\u015blinowa GOTSPIEL\u0118GNACJA Drewniany gryzak najlepiej sterylizowa\u0107 urz\u0105dzeniem parowym.Pieluszk\u0119 mo\u017cna pra\u0107 w pralce w temp. 30 oCUWAGAProdukt nie jest zabawk\u0105 i powinien by\u0107 u\u017cywany pod nadzorem osoby doros\u0142ej.Produkt nie mo\u017ce by\u0107 stosowany podczas snu dziecka &#8211; nale\u017cy go usun\u0105\u0107 z poza zasi\u0119gu dzieckaAkcesoria niemowl\u0119ce polskiej marki Hi Little One nawi\u0105zuj\u0105 do natury i retro, sielskiego designu polskiego.<\/p>\n<h2>Hi Little One Sleepy Bunny Cozy Muslin With Wood Teether 2In1 Navy Hi Little One<\/h2>\n<p>quiz o koniach, lilianna, zagadki dla dzieci do druku, dorian<\/p>\n<p>yyyyy<\/p>\n<p>&nbsp;<\/p>\n","protected":false},"excerpt":{"rendered":"<p>Mi\u0119ciutka mu\u015blinowa przytulanka pieluszkowa z drewnianym gryzaczkiem pod postaci\u0105 s\u0142odkiego \u015api\u0105cego Kr\u00f3liczka z haftowanymi oczkami i noskiem.Kr\u00f3liczek pocieszy, ukoi i pomo\u017ce zasn\u0105\u0107.Polecany dla niemowl\u0105t w okresie z\u0105bkowania.Naturalny wyb\u00f3r dla ECO MAMY na Babyshower lub wyprawk\u0119.Wymiary roz\u0142o\u017conej przytulanki: 30 x 30 cmDzi\u0119ki mu\u015blinowej przytulance, gryzak dobrze si\u0119 chwyta.Gryzak wykonany zosta\u0142 z 100% organicznego drewna bukowego, natomiast [&hellip;]<\/p>\n","protected":false},"featured_media":6919,"comment_status":"closed","ping_status":"open","template":"","meta":[],"product_cat":[63,28],"product_tag":[815,589,692,803,721,634],"class_list":["post-6918","product","type-product","status-publish","has-post-thumbnail","hentry","product_cat-grzechotki-i-gryzaki","product_cat-hi-little-one","product_tag-ozdoby-choinkowe-dla-dzieci","product_tag-prezent-dla-rocznego-dziecka","product_tag-prezenty-na-roczek","product_tag-szlaczki-do-druku","product_tag-zagadki-matematyczne","product_tag-zagadki-wielkanocne-dla-dzieci"],"_links":{"self":[{"href":"http:\/\/klubmamgdynia.pl\/index.php\/wp-json\/wp\/v2\/product\/6918","targetHints":{"allow":["GET"]}}],"collection":[{"href":"http:\/\/klubmamgdynia.pl\/index.php\/wp-json\/wp\/v2\/product"}],"about":[{"href":"http:\/\/klubmamgdynia.pl\/index.php\/wp-json\/wp\/v2\/types\/product"}],"replies":[{"embeddable":true,"href":"http:\/\/klubmamgdynia.pl\/index.php\/wp-json\/wp\/v2\/comments?post=6918"}],"wp:featuredmedia":[{"embeddable":true,"href":"http:\/\/klubmamgdynia.pl\/index.php\/wp-json\/wp\/v2\/media\/6919"}],"wp:attachment":[{"href":"http:\/\/klubmamgdynia.pl\/index.php\/wp-json\/wp\/v2\/media?parent=6918"}],"wp:term":[{"taxonomy":"product_cat","embeddable":true,"href":"http:\/\/klubmamgdynia.pl\/index.php\/wp-json\/wp\/v2\/product_cat?post=6918"},{"taxonomy":"product_tag","embeddable":true,"href":"http:\/\/klubmamgdynia.pl\/index.php\/wp-json\/wp\/v2\/product_tag?post=6918"}],"curies":[{"name":"wp","href":"https:\/\/api.w.org\/{rel}","templated":true}]}}