{"id":6930,"date":"2020-08-13T20:25:45","date_gmt":"2020-08-13T18:25:45","guid":{"rendered":"http:\/\/klubmamgdynia.pl\/index.php\/produkt\/kinderkraft-wozek-3w1-z-fotelikiem-mink-i-torba-xmoov-czarny\/"},"modified":"2026-05-17T22:29:19","modified_gmt":"2026-05-17T20:29:19","slug":"kinderkraft-wozek-3w1-z-fotelikiem-mink-i-torba-xmoov-czarny","status":"publish","type":"product","link":"http:\/\/klubmamgdynia.pl\/index.php\/produkt\/kinderkraft-wozek-3w1-z-fotelikiem-mink-i-torba-xmoov-czarny\/","title":{"rendered":"Kinderkraft W\u00f3zek 3w1 z fotelikiem MINK i torb\u0105 XMOOV czarny"},"content":{"rendered":"<h2>Kinderkraft W\u00f3zek 3w1 z fotelikiem MINK i torb\u0105 XMOOV czarny Kinderkraft<\/h2>\n<p>alan imie, bajki do czytania online, imi\u0119 adriana, szablon choinki do wydruku, quiz o psie kt\u00f3ry je\u017adzi\u0142 kolej\u0105, matematyczne zagadki<\/p>\n<p>yyyyy<\/p>\n<p>&nbsp;<\/p>\n","protected":false},"excerpt":{"rendered":"<p>Kinderkraft W\u00f3zek 3w1 z fotelikiem MINK i torb\u0105 XMOOV czarny Kinderkraft alan imie, bajki do czytania online, imi\u0119 adriana, szablon choinki do wydruku, quiz o psie kt\u00f3ry je\u017adzi\u0142 kolej\u0105, matematyczne zagadki yyyyy &nbsp;<\/p>\n","protected":false},"featured_media":6931,"comment_status":"closed","ping_status":"open","template":"","meta":[],"product_cat":[59,110],"product_tag":[866,770,581,600],"class_list":["post-6930","product","type-product","status-publish","has-post-thumbnail","hentry","product_cat-kinderkraft","product_cat-wozki-wielofunkcyjne","product_tag-opis-do-zdjecia-dziecka-na-fb","product_tag-samolot-z-papieru","product_tag-zagadki-dla-8-latka","product_tag-zaproszenia-na-urodziny-do-druku"],"_links":{"self":[{"href":"http:\/\/klubmamgdynia.pl\/index.php\/wp-json\/wp\/v2\/product\/6930","targetHints":{"allow":["GET"]}}],"collection":[{"href":"http:\/\/klubmamgdynia.pl\/index.php\/wp-json\/wp\/v2\/product"}],"about":[{"href":"http:\/\/klubmamgdynia.pl\/index.php\/wp-json\/wp\/v2\/types\/product"}],"replies":[{"embeddable":true,"href":"http:\/\/klubmamgdynia.pl\/index.php\/wp-json\/wp\/v2\/comments?post=6930"}],"wp:featuredmedia":[{"embeddable":true,"href":"http:\/\/klubmamgdynia.pl\/index.php\/wp-json\/wp\/v2\/media\/6931"}],"wp:attachment":[{"href":"http:\/\/klubmamgdynia.pl\/index.php\/wp-json\/wp\/v2\/media?parent=6930"}],"wp:term":[{"taxonomy":"product_cat","embeddable":true,"href":"http:\/\/klubmamgdynia.pl\/index.php\/wp-json\/wp\/v2\/product_cat?post=6930"},{"taxonomy":"product_tag","embeddable":true,"href":"http:\/\/klubmamgdynia.pl\/index.php\/wp-json\/wp\/v2\/product_tag?post=6930"}],"curies":[{"name":"wp","href":"https:\/\/api.w.org\/{rel}","templated":true}]}}