{"id":696,"date":"2022-01-21T01:33:07","date_gmt":"2022-01-21T00:33:07","guid":{"rendered":"http:\/\/klubmamgdynia.pl\/index.php\/produkt\/doctor-nap-tm-4554-koszula-nocna\/"},"modified":"2026-04-06T11:35:36","modified_gmt":"2026-04-06T09:35:36","slug":"doctor-nap-tm-4554-koszula-nocna","status":"publish","type":"product","link":"http:\/\/klubmamgdynia.pl\/index.php\/produkt\/doctor-nap-tm-4554-koszula-nocna\/","title":{"rendered":"Doctor Nap TM.4554 koszula nocna"},"content":{"rendered":"<p>&#8230;<\/p>\n<h2>Doctor Nap TM.4554 koszula nocna <\/h2>\n<p>zagadki wielkanocne przedszkole, izabella imi\u0119, medrcy swiata, cytaty o wychowaniu i nauczaniu, bajki do czytania dla ch\u0142opc\u00f3w, naj\u0142adniejsze ko\u0142ysanki dla dzieci, kolorowanki antystresowe do druku, ferie warszawa 2022, quizy o flagach, posz\u0142a ola na spacerek, testy z lektury opowie\u015bci z narnii lew czarownica i stara szafa<\/p>\n<p>yyyyy<\/p>\n<p>&nbsp;<\/p>\n","protected":false},"excerpt":{"rendered":"<p>&#8230; Doctor Nap TM.4554 koszula nocna zagadki wielkanocne przedszkole, izabella imi\u0119, medrcy swiata, cytaty o wychowaniu i nauczaniu, bajki do czytania dla ch\u0142opc\u00f3w, naj\u0142adniejsze ko\u0142ysanki dla dzieci, kolorowanki antystresowe do druku, ferie warszawa 2022, quizy o flagach, posz\u0142a ola na spacerek, testy z lektury opowie\u015bci z narnii lew czarownica i stara szafa yyyyy &nbsp;<\/p>\n","protected":false},"featured_media":697,"comment_status":"closed","ping_status":"open","template":"","meta":[],"product_cat":[258],"product_tag":[687,704,692,682,632],"class_list":["post-696","product","type-product","status-publish","has-post-thumbnail","hentry","product_cat-bielizna-ciazowa","product_tag-podchwytliwe-zagadki-matematyczne","product_tag-prezent-dla-nastolatka","product_tag-prezenty-na-roczek","product_tag-przyjazn-cytaty","product_tag-warszawa-atrakcje-dla-mlodziezy"],"_links":{"self":[{"href":"http:\/\/klubmamgdynia.pl\/index.php\/wp-json\/wp\/v2\/product\/696","targetHints":{"allow":["GET"]}}],"collection":[{"href":"http:\/\/klubmamgdynia.pl\/index.php\/wp-json\/wp\/v2\/product"}],"about":[{"href":"http:\/\/klubmamgdynia.pl\/index.php\/wp-json\/wp\/v2\/types\/product"}],"replies":[{"embeddable":true,"href":"http:\/\/klubmamgdynia.pl\/index.php\/wp-json\/wp\/v2\/comments?post=696"}],"wp:featuredmedia":[{"embeddable":true,"href":"http:\/\/klubmamgdynia.pl\/index.php\/wp-json\/wp\/v2\/media\/697"}],"wp:attachment":[{"href":"http:\/\/klubmamgdynia.pl\/index.php\/wp-json\/wp\/v2\/media?parent=696"}],"wp:term":[{"taxonomy":"product_cat","embeddable":true,"href":"http:\/\/klubmamgdynia.pl\/index.php\/wp-json\/wp\/v2\/product_cat?post=696"},{"taxonomy":"product_tag","embeddable":true,"href":"http:\/\/klubmamgdynia.pl\/index.php\/wp-json\/wp\/v2\/product_tag?post=696"}],"curies":[{"name":"wp","href":"https:\/\/api.w.org\/{rel}","templated":true}]}}