{"id":6964,"date":"2014-05-09T02:54:15","date_gmt":"2014-05-09T00:54:15","guid":{"rendered":"http:\/\/klubmamgdynia.pl\/index.php\/produkt\/podgorska-anna-bajkowe-postacie-malowanka-z-naklejkami-zaczarowana-kredka\/"},"modified":"2026-05-17T22:02:59","modified_gmt":"2026-05-17T20:02:59","slug":"podgorska-anna-bajkowe-postacie-malowanka-z-naklejkami-zaczarowana-kredka","status":"publish","type":"product","link":"http:\/\/klubmamgdynia.pl\/index.php\/produkt\/podgorska-anna-bajkowe-postacie-malowanka-z-naklejkami-zaczarowana-kredka\/","title":{"rendered":"Podg\u00f3rska Anna Bajkowe Postacie Malowanka Z Naklejkami Zaczarowana Kredka"},"content":{"rendered":"<p>Bajkowe postacie. Malowanka z naklejkami. Zaczarowana kredka Kolorowanie to aktywno\u015b\u0107 rozwijaj\u0105ca manualnie, \u0107wicz\u0105ca koncentracj\u0119, ucz\u0105ca cierpliwo\u015bci i staranno\u015bci. Postacie z bajek zach\u0119c\u0105 dzieci do malowania, a do\u0142\u0105czone naklejki i zaczarowana t\u0119czowa kredka uatrakcyjni\u0105 kreatywn\u0105 zabaw\u0119. Zaczaruj kredk\u0105 \u015bwiat bajkowych postaci!<\/p>\n<h2>Podg\u00f3rska Anna Bajkowe Postacie Malowanka Z Naklejkami Zaczarowana Kredka Aksjomat<\/h2>\n<p>r\u0119cznie robione jak zrobi\u0107 kartk\u0119 walentynkow\u0105, z\u0142ote my\u015bli pedagogiczne, tajemniczy ogr\u00f3d test z odpowiedziami, kundel bury tekst, prezent dla 15 latki 2021, halloween warszawa 2021 dzieci, lucjan imi\u0119, s\u0142owa do przyjaciela, rzadkie imiona japo\u0144skie, zagadka logiczna dla dzieci, pomys\u0142 na prezent na roczek, postacie z bajek, milan imie, cytaty dla dzieci, proste zagadki logiczne, piosenka dla taty przedszkole, prezent dla nastolatka<\/p>\n<p>yyyyy<\/p>\n<p>&nbsp;<\/p>\n","protected":false},"excerpt":{"rendered":"<p>Bajkowe postacie. Malowanka z naklejkami. Zaczarowana kredka Kolorowanie to aktywno\u015b\u0107 rozwijaj\u0105ca manualnie, \u0107wicz\u0105ca koncentracj\u0119, ucz\u0105ca cierpliwo\u015bci i staranno\u015bci. Postacie z bajek zach\u0119c\u0105 dzieci do malowania, a do\u0142\u0105czone naklejki i zaczarowana t\u0119czowa kredka uatrakcyjni\u0105 kreatywn\u0105 zabaw\u0119. Zaczaruj kredk\u0105 \u015bwiat bajkowych postaci! Podg\u00f3rska Anna Bajkowe Postacie Malowanka Z Naklejkami Zaczarowana Kredka Aksjomat r\u0119cznie robione jak zrobi\u0107 kartk\u0119 [&hellip;]<\/p>\n","protected":false},"featured_media":6965,"comment_status":"closed","ping_status":"open","template":"","meta":[],"product_cat":[1512,325],"product_tag":[610,584,709,733],"class_list":["post-6964","product","type-product","status-publish","has-post-thumbnail","hentry","product_cat-aksjomat","product_cat-szkolne-artykuly-papiernicze","product_tag-co-na-prezent-dla-nastolatkow","product_tag-liwia","product_tag-zagadki-dla-dzieci-6-7-lat","product_tag-zarty-na-prima-aprilis"],"_links":{"self":[{"href":"http:\/\/klubmamgdynia.pl\/index.php\/wp-json\/wp\/v2\/product\/6964","targetHints":{"allow":["GET"]}}],"collection":[{"href":"http:\/\/klubmamgdynia.pl\/index.php\/wp-json\/wp\/v2\/product"}],"about":[{"href":"http:\/\/klubmamgdynia.pl\/index.php\/wp-json\/wp\/v2\/types\/product"}],"replies":[{"embeddable":true,"href":"http:\/\/klubmamgdynia.pl\/index.php\/wp-json\/wp\/v2\/comments?post=6964"}],"wp:featuredmedia":[{"embeddable":true,"href":"http:\/\/klubmamgdynia.pl\/index.php\/wp-json\/wp\/v2\/media\/6965"}],"wp:attachment":[{"href":"http:\/\/klubmamgdynia.pl\/index.php\/wp-json\/wp\/v2\/media?parent=6964"}],"wp:term":[{"taxonomy":"product_cat","embeddable":true,"href":"http:\/\/klubmamgdynia.pl\/index.php\/wp-json\/wp\/v2\/product_cat?post=6964"},{"taxonomy":"product_tag","embeddable":true,"href":"http:\/\/klubmamgdynia.pl\/index.php\/wp-json\/wp\/v2\/product_tag?post=6964"}],"curies":[{"name":"wp","href":"https:\/\/api.w.org\/{rel}","templated":true}]}}