{"id":6968,"date":"2023-11-07T08:47:32","date_gmt":"2023-11-07T07:47:32","guid":{"rendered":"http:\/\/klubmamgdynia.pl\/?post_type=product&#038;p=6968"},"modified":"2026-04-06T08:40:08","modified_gmt":"2026-04-06T06:40:08","slug":"imc-toys-shimmer-i-shine-autko-sterowane-radiem","status":"publish","type":"product","link":"http:\/\/klubmamgdynia.pl\/index.php\/produkt\/imc-toys-shimmer-i-shine-autko-sterowane-radiem\/","title":{"rendered":"IMC Toys Shimmer I Shine Autko Sterowane Radiem"},"content":{"rendered":"<p>Shimmer i Shine R\u00f3\u017cowy pojazd sterowanyZosta\u0142a stworzona przez cenion\u0105 za wysok\u0105 jako\u015b\u0107 zabawek hiszpa\u0144sk\u0105 mark\u0119 IMC Toys. Zabawka powsta\u0142a na podstawie ameryka\u0144skiego serialu animowanego dla dzieci pod tytu\u0142em Shimmer i Shine (ang. Shimmer and Shine), kt\u00f3ry opowiada o przygodach dw\u00f3ch bli\u017aniaczych si\u00f3str b\u0119d\u0105cych d\u017cinnami.Pojazd jest w kolorze r\u00f3\u017cowym, posiada fioletowe ko\u0142a i niebiesk\u0105 szyb\u0119 przedni\u0105. W samochodzie siedz\u0105 bohaterki bajki Shimmer i Shine. Autem mo\u017cna sterowa\u0107 przy pomocy za\u0142\u0105czonego, fioletowego pilota. Mo\u017ce on porusza\u0107 si\u0119 do przodu i do ty\u0142u.pojazd przeznaczony dla dzieci od 18 miesi\u0105ca \u017cyciawymagane baterie: 2 x AAA, 3 x AAbrak baterii w zestawielaleczki s\u0105 integraln\u0105 cz\u0119\u015bci\u0105 pojazdu, nie mo\u017cna ich wyj\u0105\u0107wymiary opakowania: 25 x 22 x 5,5 cmkod producenta: 275058<\/p>\n<h2>IMC Toys Shimmer I Shine Autko Sterowane Radiem IMC Toys<\/h2>\n<p>nietypowe atrakcje dla dzieci, na wyspach bergamutach tekst, quiz felix net i nika oraz gang niewidzialnych ludzi, ry\u017c z owocami, smok wawelski kolorowanka, malowanki dla dzieci<\/p>\n<p>yyyyy<\/p>\n<p>&nbsp;<\/p>\n","protected":false},"excerpt":{"rendered":"<p>Shimmer i Shine R\u00f3\u017cowy pojazd sterowanyZosta\u0142a stworzona przez cenion\u0105 za wysok\u0105 jako\u015b\u0107 zabawek hiszpa\u0144sk\u0105 mark\u0119 IMC Toys. Zabawka powsta\u0142a na podstawie ameryka\u0144skiego serialu animowanego dla dzieci pod tytu\u0142em Shimmer i Shine (ang. Shimmer and Shine), kt\u00f3ry opowiada o przygodach dw\u00f3ch bli\u017aniaczych si\u00f3str b\u0119d\u0105cych d\u017cinnami.Pojazd jest w kolorze r\u00f3\u017cowym, posiada fioletowe ko\u0142a i niebiesk\u0105 szyb\u0119 przedni\u0105. [&hellip;]<\/p>\n","protected":false},"featured_media":6969,"comment_status":"closed","ping_status":"open","template":"","meta":[],"product_cat":[316,65],"product_tag":[610,619,617,780,743,824],"class_list":["post-6968","product","type-product","status-publish","has-post-thumbnail","hentry","product_cat-imc-toys","product_cat-lalki","product_tag-co-na-prezent-dla-nastolatkow","product_tag-iwo-imie","product_tag-keyword","product_tag-krecik-bajka","product_tag-quiz-dla-dzieci","product_tag-warszawa-atrakcje-dla-dzieci"],"_links":{"self":[{"href":"http:\/\/klubmamgdynia.pl\/index.php\/wp-json\/wp\/v2\/product\/6968","targetHints":{"allow":["GET"]}}],"collection":[{"href":"http:\/\/klubmamgdynia.pl\/index.php\/wp-json\/wp\/v2\/product"}],"about":[{"href":"http:\/\/klubmamgdynia.pl\/index.php\/wp-json\/wp\/v2\/types\/product"}],"replies":[{"embeddable":true,"href":"http:\/\/klubmamgdynia.pl\/index.php\/wp-json\/wp\/v2\/comments?post=6968"}],"wp:featuredmedia":[{"embeddable":true,"href":"http:\/\/klubmamgdynia.pl\/index.php\/wp-json\/wp\/v2\/media\/6969"}],"wp:attachment":[{"href":"http:\/\/klubmamgdynia.pl\/index.php\/wp-json\/wp\/v2\/media?parent=6968"}],"wp:term":[{"taxonomy":"product_cat","embeddable":true,"href":"http:\/\/klubmamgdynia.pl\/index.php\/wp-json\/wp\/v2\/product_cat?post=6968"},{"taxonomy":"product_tag","embeddable":true,"href":"http:\/\/klubmamgdynia.pl\/index.php\/wp-json\/wp\/v2\/product_tag?post=6968"}],"curies":[{"name":"wp","href":"https:\/\/api.w.org\/{rel}","templated":true}]}}