{"id":6988,"date":"2011-07-06T01:39:48","date_gmt":"2011-07-05T23:39:48","guid":{"rendered":"http:\/\/klubmamgdynia.pl\/index.php\/produkt\/lampa-stolowa-lexibook-lampka-nocna-paw-psi-patrol-zmieniajaca-kolory-led\/"},"modified":"2026-04-04T13:26:49","modified_gmt":"2026-04-04T11:26:49","slug":"lampa-stolowa-lexibook-lampka-nocna-paw-psi-patrol-zmieniajaca-kolory-led","status":"publish","type":"product","link":"http:\/\/klubmamgdynia.pl\/index.php\/produkt\/lampa-stolowa-lexibook-lampka-nocna-paw-psi-patrol-zmieniajaca-kolory-led\/","title":{"rendered":"Lampa Sto\u0142owa Lexibook Lampka Nocna Paw Psi Patrol Zmieniaj\u0105ca Kolory Led"},"content":{"rendered":"<p>3380743072180<\/p>\n<h2>Lampa Sto\u0142owa Lexibook Lampka Nocna Paw Psi Patrol Zmieniaj\u0105ca Kolory Led Lexibook<\/h2>\n<p>kolorowanki dla dziewczynek 10 lat, p\u0142onie ognisko w lesie, zrobi\u0107 laurk\u0119 laurka dla babci, p\u0142atki \u015bniegu szablon, buziak gify na dobranoc smieszne, zagadka matematyczna, kolorowanki bajki, quiz flagi, imi\u0119 kuba, dynie pozna\u0144, co kupi\u0107 nastolatce na urodziny, sta\u0142a pod \u015bniegiem, test miko\u0142ajek 25 pyta\u0144, karaluchy pod poduchy a szczypawki, plecak torba i walizka, uk\u0142ad s\u0142oneczny dla dzieci, dobre \u017carty na prima aprilis, \u015bw przemys\u0142aw, milena imie, walentynka kolorowanka<\/p>\n<p>yyyyy<\/p>\n<p>&nbsp;<\/p>\n","protected":false},"excerpt":{"rendered":"<p>3380743072180 Lampa Sto\u0142owa Lexibook Lampka Nocna Paw Psi Patrol Zmieniaj\u0105ca Kolory Led Lexibook kolorowanki dla dziewczynek 10 lat, p\u0142onie ognisko w lesie, zrobi\u0107 laurk\u0119 laurka dla babci, p\u0142atki \u015bniegu szablon, buziak gify na dobranoc smieszne, zagadka matematyczna, kolorowanki bajki, quiz flagi, imi\u0119 kuba, dynie pozna\u0144, co kupi\u0107 nastolatce na urodziny, sta\u0142a pod \u015bniegiem, test miko\u0142ajek [&hellip;]<\/p>\n","protected":false},"featured_media":6989,"comment_status":"closed","ping_status":"open","template":"","meta":[],"product_cat":[138,549],"product_tag":[657,576,628],"class_list":["post-6988","product","type-product","status-publish","has-post-thumbnail","hentry","product_cat-lampki-dzieciece","product_cat-lexibook","product_tag-lol-kolorowanka","product_tag-trudne-zagadki","product_tag-zagadka"],"_links":{"self":[{"href":"http:\/\/klubmamgdynia.pl\/index.php\/wp-json\/wp\/v2\/product\/6988","targetHints":{"allow":["GET"]}}],"collection":[{"href":"http:\/\/klubmamgdynia.pl\/index.php\/wp-json\/wp\/v2\/product"}],"about":[{"href":"http:\/\/klubmamgdynia.pl\/index.php\/wp-json\/wp\/v2\/types\/product"}],"replies":[{"embeddable":true,"href":"http:\/\/klubmamgdynia.pl\/index.php\/wp-json\/wp\/v2\/comments?post=6988"}],"wp:featuredmedia":[{"embeddable":true,"href":"http:\/\/klubmamgdynia.pl\/index.php\/wp-json\/wp\/v2\/media\/6989"}],"wp:attachment":[{"href":"http:\/\/klubmamgdynia.pl\/index.php\/wp-json\/wp\/v2\/media?parent=6988"}],"wp:term":[{"taxonomy":"product_cat","embeddable":true,"href":"http:\/\/klubmamgdynia.pl\/index.php\/wp-json\/wp\/v2\/product_cat?post=6988"},{"taxonomy":"product_tag","embeddable":true,"href":"http:\/\/klubmamgdynia.pl\/index.php\/wp-json\/wp\/v2\/product_tag?post=6988"}],"curies":[{"name":"wp","href":"https:\/\/api.w.org\/{rel}","templated":true}]}}