{"id":70,"date":"2014-08-20T09:48:40","date_gmt":"2014-08-20T07:48:40","guid":{"rendered":"http:\/\/klubmamgdynia.pl\/index.php\/produkt\/ramiz-roadster-auto-na-akumulator-bialy\/"},"modified":"2026-04-19T02:36:39","modified_gmt":"2026-04-19T00:36:39","slug":"ramiz-roadster-auto-na-akumulator-bialy","status":"publish","type":"product","link":"http:\/\/klubmamgdynia.pl\/index.php\/produkt\/ramiz-roadster-auto-na-akumulator-bialy\/","title":{"rendered":"Ramiz Roadster Auto na Akumulator Bia\u0142y"},"content":{"rendered":"<p>Specyfikacja Pojazd Roadster Bia\u0142y Silnik 2 x 12V\/16000RPM &#8211; RS380SP Akumulator 2 x 6V \/ 4.5Ah \/ 20hR Pilot 2.4 GHz, 3 szybko\u015bci, Przycisk bezpiecze\u0144stwa STOP, Ko\u0142a Ko\u0142a piankowe EVA, \u015arednica 23 cm, Szeroko\u015b\u0107 8 cm, Amortyzatory 2 x ty\u0142, 2 x prz\u00f3d, Biegi Wolny Start, Prz\u00f3d\/Ty\u0142, \u015awiat\u0142a LED, \u015awiat\u0142a przednie, \u015awiat\u0142a tylne, W\u0142\u0105cznik \u015bwiate\u0142, Wyposa\u017cenie Panel Audio MP3, Wgrane melodyjki, Wej\u015bcie na karty SD, Wej\u015bcie USB (mo\u017cliwo\u015b\u0107 pod\u0142\u0105czenia mp3 playera, smartphona), Wej\u015bcie AUX, Przyciski z melodyjkami i klaksonem w kierownicy, Wska\u017anik Na\u0142adowania Tak, Start Pod\u015bwietlany w\u0142\u0105cznik, Otwierane drzwi Tak + blokada drzwi, Uchwyt transportowy Chowana r\u0105czka z przodu pojazdu + dodatkowe k\u00f3\u0142ka z ty\u0142u, Siedzenie G\u0142\u0119boko\u015b\u0107 20 cm, Szeroko\u015b\u0107 35 cm, Wysoko\u015b\u0107 22 cm, Siedzenie ekosk\u00f3ra, czarne z \u017c\u00f3\u0142tymi wstawkami, Pasy bezpiecze\u0144stwa, Wymiary Rozmiary Pojazdu D\u0142ugo\u015b\u0107 105 cm, Szeroko\u015b\u0107 65 cm, Wysoko\u015b\u0107 51 cm, Waga Pojazdu 13,5 kg, Rozmiar Kartonu 109 x 57 x 29 cm, Waga Kartonu 15,5 kg, Maksymalne Obci\u0105\u017cenie 25 kg, Prze\u015bwit 8 cm, Wyposa\u017cenie Dodatkowe Instrukcja + zestaw monta\u017cowy, \u0141adowarka 12V\/700 mA, Pilot, Kabel Mini Jack.<\/p>\n<h2>Ramiz Roadster Auto na Akumulator Bia\u0142y Ramiz<\/h2>\n<p>prezent na dzie\u0144 dziecka dla nastolatk\u00f3w, pierniki na bo\u017ce narodzenie, zagadki dla dzieci 7 lat o zwierz\u0119tach, liwia imi\u0119, bajki do czytania, ela znaczenie imienia, trudne zagadki i odpowiedzi<\/p>\n<p>yyyyy<\/p>\n<p>&nbsp;<\/p>\n","protected":false},"excerpt":{"rendered":"<p>Specyfikacja Pojazd Roadster Bia\u0142y Silnik 2 x 12V\/16000RPM &#8211; RS380SP Akumulator 2 x 6V \/ 4.5Ah \/ 20hR Pilot 2.4 GHz, 3 szybko\u015bci, Przycisk bezpiecze\u0144stwa STOP, Ko\u0142a Ko\u0142a piankowe EVA, \u015arednica 23 cm, Szeroko\u015b\u0107 8 cm, Amortyzatory 2 x ty\u0142, 2 x prz\u00f3d, Biegi Wolny Start, Prz\u00f3d\/Ty\u0142, \u015awiat\u0142a LED, \u015awiat\u0142a przednie, \u015awiat\u0142a tylne, W\u0142\u0105cznik \u015bwiate\u0142, [&hellip;]<\/p>\n","protected":false},"featured_media":71,"comment_status":"closed","ping_status":"open","template":"","meta":[],"product_cat":[36,24],"product_tag":[839,797,690,737,595],"class_list":["post-70","product","type-product","status-publish","has-post-thumbnail","hentry","product_cat-ramiz","product_cat-samochody-dla-dzieci","product_tag-bajki-na-dobranoc-do-czytania","product_tag-kiekrz","product_tag-pieski-male-dwa-tekst","product_tag-test-z-lektury-felix-net-i-nika-oraz-gang-niewidzialnych-ludzi","product_tag-zagadki-dla-6-latka"],"_links":{"self":[{"href":"http:\/\/klubmamgdynia.pl\/index.php\/wp-json\/wp\/v2\/product\/70","targetHints":{"allow":["GET"]}}],"collection":[{"href":"http:\/\/klubmamgdynia.pl\/index.php\/wp-json\/wp\/v2\/product"}],"about":[{"href":"http:\/\/klubmamgdynia.pl\/index.php\/wp-json\/wp\/v2\/types\/product"}],"replies":[{"embeddable":true,"href":"http:\/\/klubmamgdynia.pl\/index.php\/wp-json\/wp\/v2\/comments?post=70"}],"wp:featuredmedia":[{"embeddable":true,"href":"http:\/\/klubmamgdynia.pl\/index.php\/wp-json\/wp\/v2\/media\/71"}],"wp:attachment":[{"href":"http:\/\/klubmamgdynia.pl\/index.php\/wp-json\/wp\/v2\/media?parent=70"}],"wp:term":[{"taxonomy":"product_cat","embeddable":true,"href":"http:\/\/klubmamgdynia.pl\/index.php\/wp-json\/wp\/v2\/product_cat?post=70"},{"taxonomy":"product_tag","embeddable":true,"href":"http:\/\/klubmamgdynia.pl\/index.php\/wp-json\/wp\/v2\/product_tag?post=70"}],"curies":[{"name":"wp","href":"https:\/\/api.w.org\/{rel}","templated":true}]}}