{"id":7016,"date":"2022-03-01T18:48:56","date_gmt":"2022-03-01T17:48:56","guid":{"rendered":"http:\/\/klubmamgdynia.pl\/index.php\/produkt\/b-toys-gryzak-krab-clipper-the-crab\/"},"modified":"2026-04-27T13:19:45","modified_gmt":"2026-04-27T11:19:45","slug":"b-toys-gryzak-krab-clipper-the-crab","status":"publish","type":"product","link":"http:\/\/klubmamgdynia.pl\/index.php\/produkt\/b-toys-gryzak-krab-clipper-the-crab\/","title":{"rendered":"B.Toys Gryzak Krab Clipper The Crab"},"content":{"rendered":"<p>Gryzak z naturalnej gumy, jedwabisty w dotyku, z wypustkami sensorycznymi \u2013 KRABdla dzieci w wieku 0+przyjazny i pomocny w okresie z\u0105bkowania,mo\u017ce by\u0107 stosowany od urodzenia,doskonale pasuje do ma\u0142ych d\u0142oni dziecka,wykonany z czystej i w 100% naturalnej gumy, dzi\u0119ki czemu ma g\u0142adkie matowe wyko\u0144czenie,niezwykle mi\u0119kki, lekki i bezpieczny,idealny przyjaciel ka\u017cdego z\u0105bkuj\u0105cego malucha &#8211; sympatycznie stercz\u0105ce ga\u0142ki oczne zapewni\u0105 koj\u0105cy masa\u017c ma\u0142ym dzi\u0105se\u0142kom,gryzak przyjemnie piszczy przy naci\u015bni\u0119ciu,stymuluje chwyt i wzrok &#8211; wystaj\u0105ce elementy pobudz\u0105 maluszka do \u0142apania ich paluszkami, a kolory i zdobienia stanowi\u0105 po\u017cyteczny bodziec dla wzroku,przyjazn\u0105 kolorystyk\u0119 uzyskano stosuj\u0105c barwniki o w\u0142a\u015bciwo\u015bciach zbli\u017conych do barwnik\u00f3w spo\u017cywczychnie zawiera FTALAN\u00d3W ani BPA (Bisfenolu A),dzi\u0119ki \u0142adnemu, ekologicznemu opakowaniu gryzak to idealny POMYS\u0141 NA PREZENT dla noworodka lub z\u0105bkuj\u0105cego maluszka,czyszczenie i piel\u0119gnacja: czy\u015bci\u0107 wod\u0105 z myd\u0142em, najlepiej mi\u0119kk\u0105, lekko wilgotn\u0105 \u015bciereczk\u0105 i wyciera\u0107 do sucha; nie polewa\u0107 wod\u0105 ani nie zanurza\u0107 w wodzie &#8211; nie dopuszcza\u0107, aby woda dosta\u0142a si\u0119 do \u015brodka,wymiary gryzaczka: 9cm x 7,6cm x 5,5cm; wymiary opakowania:11,8cm x 12cm x 5,7cm.<\/p>\n<h2>B.Toys Gryzak Krab Clipper The Crab B.Toys<\/h2>\n<p>kolorowanki antystresowe do druku, cookie dough przepis, \u015bmieszne kanapki kanapki dla dzieci, prezent roczek, zaproszenia urodzinowe do druku, zagadka nie do rozwi\u0105zania, zagadki logiczne dla dzieci 10 lat do druku, zagadki \u0142amig\u0142\u00f3wki, czytanki na dobranoc, cytaty o mamie, znaczenie imienia marcel, psi patrol rysunek, filmy disneya, pch\u0142y na noc, oryginalny prezent dla nastolatk\u00f3w<\/p>\n<p>yyyyy<\/p>\n<p>&nbsp;<\/p>\n","protected":false},"excerpt":{"rendered":"<p>Gryzak z naturalnej gumy, jedwabisty w dotyku, z wypustkami sensorycznymi \u2013 KRABdla dzieci w wieku 0+przyjazny i pomocny w okresie z\u0105bkowania,mo\u017ce by\u0107 stosowany od urodzenia,doskonale pasuje do ma\u0142ych d\u0142oni dziecka,wykonany z czystej i w 100% naturalnej gumy, dzi\u0119ki czemu ma g\u0142adkie matowe wyko\u0144czenie,niezwykle mi\u0119kki, lekki i bezpieczny,idealny przyjaciel ka\u017cdego z\u0105bkuj\u0105cego malucha &#8211; sympatycznie stercz\u0105ce ga\u0142ki [&hellip;]<\/p>\n","protected":false},"featured_media":7017,"comment_status":"closed","ping_status":"open","template":"","meta":[],"product_cat":[143,63],"product_tag":[772,864,781,776,808,661],"class_list":["post-7016","product","type-product","status-publish","has-post-thumbnail","hentry","product_cat-b-toys","product_cat-grzechotki-i-gryzaki","product_tag-45-panstw-europy-i-ich-stolice-quiz","product_tag-basen-warszawa","product_tag-cytaty-o-wychowaniu-dzieci","product_tag-dobrej-nocy","product_tag-imie-mia","product_tag-swinka-peppa-kolorowanka"],"_links":{"self":[{"href":"http:\/\/klubmamgdynia.pl\/index.php\/wp-json\/wp\/v2\/product\/7016","targetHints":{"allow":["GET"]}}],"collection":[{"href":"http:\/\/klubmamgdynia.pl\/index.php\/wp-json\/wp\/v2\/product"}],"about":[{"href":"http:\/\/klubmamgdynia.pl\/index.php\/wp-json\/wp\/v2\/types\/product"}],"replies":[{"embeddable":true,"href":"http:\/\/klubmamgdynia.pl\/index.php\/wp-json\/wp\/v2\/comments?post=7016"}],"wp:featuredmedia":[{"embeddable":true,"href":"http:\/\/klubmamgdynia.pl\/index.php\/wp-json\/wp\/v2\/media\/7017"}],"wp:attachment":[{"href":"http:\/\/klubmamgdynia.pl\/index.php\/wp-json\/wp\/v2\/media?parent=7016"}],"wp:term":[{"taxonomy":"product_cat","embeddable":true,"href":"http:\/\/klubmamgdynia.pl\/index.php\/wp-json\/wp\/v2\/product_cat?post=7016"},{"taxonomy":"product_tag","embeddable":true,"href":"http:\/\/klubmamgdynia.pl\/index.php\/wp-json\/wp\/v2\/product_tag?post=7016"}],"curies":[{"name":"wp","href":"https:\/\/api.w.org\/{rel}","templated":true}]}}