{"id":7024,"date":"2016-07-03T21:24:52","date_gmt":"2016-07-03T19:24:52","guid":{"rendered":"http:\/\/klubmamgdynia.pl\/index.php\/produkt\/tm-toys-koszulka-do-kolorowania-110-cm-star-wars-83613687\/"},"modified":"2026-04-30T15:07:23","modified_gmt":"2026-04-30T13:07:23","slug":"tm-toys-koszulka-do-kolorowania-110-cm-star-wars-83613687","status":"publish","type":"product","link":"http:\/\/klubmamgdynia.pl\/index.php\/produkt\/tm-toys-koszulka-do-kolorowania-110-cm-star-wars-83613687\/","title":{"rendered":"TM TOYS Koszulka do kolorowania 110 cm Star Wars 83613687"},"content":{"rendered":"<p>Zestaw zawiera koszulk\u0119 z nadrukiem ulubionego bohatera oraz mazaki do kolorowania. Je\u015bli zechcesz zmieni\u0107 kolory wystarczy zmoczy\u0107 koszulk\u0119, a kolory znikn\u0105 i zn\u00f3w po wyschni\u0119ciu mo\u017cesz zacz\u0105\u0107 zabaw\u0119 od nowa.Krok 1: Pokoloruj koszulk\u0119 u\u017cywaj\u0105c magicznych mazak\u00f3w. Nie zapomnij zamkn\u0105\u0107 mazak\u00f3w po sko\u0144czonej zabawie.Krok 2: Je\u015bli chcesz nanie\u015bc ma\u0142e poprawki, nape\u0142nij magiczny spryskiwacz wod\u0105, spryskaj powierzchni\u0119, kt\u00f3r\u0105 chcesz poprawi\u0107 i w razie potrzeby delikatnie potrzyj. Po wyschni\u0119ciu spryskanej powierzchni mo\u017cesz ponownie kolorowa\u0107.Krok 3: Terz twoja wyj\u0105tkowa koszulka jest gotowa do ubrania! Je\u015bli chcesz j\u0105 na nowo zaprojektowa\u0107, wystarczy wyp\u0142uka\u0107 koszulk\u0119 w wodzie, poczeka\u0107 a\u017c wyschnie i gotowe.<\/p>\n<h2>TM TOYS Koszulka do kolorowania 110 cm Star Wars 83613687 TM Toys<\/h2>\n<p>kolorowanki do druku dla dziewczyn, pola znaczenie imienia, basen \u015bl\u0105sk, ewelina, \u017cyczenia na lany poniedzia\u0142ek wielkanocny, wpad\u0142a bomba do piwnicy, gra kulki<\/p>\n<p>yyyyy<\/p>\n<p>&nbsp;<\/p>\n","protected":false},"excerpt":{"rendered":"<p>Zestaw zawiera koszulk\u0119 z nadrukiem ulubionego bohatera oraz mazaki do kolorowania. Je\u015bli zechcesz zmieni\u0107 kolory wystarczy zmoczy\u0107 koszulk\u0119, a kolory znikn\u0105 i zn\u00f3w po wyschni\u0119ciu mo\u017cesz zacz\u0105\u0107 zabaw\u0119 od nowa.Krok 1: Pokoloruj koszulk\u0119 u\u017cywaj\u0105c magicznych mazak\u00f3w. Nie zapomnij zamkn\u0105\u0107 mazak\u00f3w po sko\u0144czonej zabawie.Krok 2: Je\u015bli chcesz nanie\u015bc ma\u0142e poprawki, nape\u0142nij magiczny spryskiwacz wod\u0105, spryskaj powierzchni\u0119, [&hellip;]<\/p>\n","protected":false},"featured_media":7025,"comment_status":"closed","ping_status":"open","template":"","meta":[],"product_cat":[325,145],"product_tag":[622,584,729,866],"class_list":["post-7024","product","type-product","status-publish","has-post-thumbnail","hentry","product_cat-szkolne-artykuly-papiernicze","product_cat-tm-toys","product_tag-fajne-zagadki","product_tag-liwia","product_tag-madre-bajki-dla-dzieci-do-czytania","product_tag-opis-do-zdjecia-dziecka-na-fb"],"_links":{"self":[{"href":"http:\/\/klubmamgdynia.pl\/index.php\/wp-json\/wp\/v2\/product\/7024","targetHints":{"allow":["GET"]}}],"collection":[{"href":"http:\/\/klubmamgdynia.pl\/index.php\/wp-json\/wp\/v2\/product"}],"about":[{"href":"http:\/\/klubmamgdynia.pl\/index.php\/wp-json\/wp\/v2\/types\/product"}],"replies":[{"embeddable":true,"href":"http:\/\/klubmamgdynia.pl\/index.php\/wp-json\/wp\/v2\/comments?post=7024"}],"wp:featuredmedia":[{"embeddable":true,"href":"http:\/\/klubmamgdynia.pl\/index.php\/wp-json\/wp\/v2\/media\/7025"}],"wp:attachment":[{"href":"http:\/\/klubmamgdynia.pl\/index.php\/wp-json\/wp\/v2\/media?parent=7024"}],"wp:term":[{"taxonomy":"product_cat","embeddable":true,"href":"http:\/\/klubmamgdynia.pl\/index.php\/wp-json\/wp\/v2\/product_cat?post=7024"},{"taxonomy":"product_tag","embeddable":true,"href":"http:\/\/klubmamgdynia.pl\/index.php\/wp-json\/wp\/v2\/product_tag?post=7024"}],"curies":[{"name":"wp","href":"https:\/\/api.w.org\/{rel}","templated":true}]}}