{"id":7030,"date":"2013-11-25T19:27:55","date_gmt":"2013-11-25T18:27:55","guid":{"rendered":"http:\/\/klubmamgdynia.pl\/index.php\/produkt\/technisat-czapka-technifant-wiedza-z-zabawa-w-kolorze-niebieskim\/"},"modified":"2026-04-03T23:44:08","modified_gmt":"2026-04-03T21:44:08","slug":"technisat-czapka-technifant-wiedza-z-zabawa-w-kolorze-niebieskim","status":"publish","type":"product","link":"http:\/\/klubmamgdynia.pl\/index.php\/produkt\/technisat-czapka-technifant-wiedza-z-zabawa-w-kolorze-niebieskim\/","title":{"rendered":"Technisat Czapka Technifant Wiedza Z Zabaw\u0105 W Kolorze Niebieskim"},"content":{"rendered":"<p>Czapka TECHNIFANT Wiedza z zabaw\u0105 w kolorze niebieskimTechnologia Pogo-pin: \u0142atwe pod\u0142\u0105czenie do TECHNIFANTEN za pomoc\u0105 styk\u00f3w magnetycznychFunkcja wznawiania: tre\u015b\u0107 zaczyna si\u0119 tam, gdzie by\u0142a ostatnio zatrzymanaJu\u017c na sto\u017cku i odtwarzane za pomoc\u0105 odtwarzacza audio TECHNIFANT: ok. 62 min z opowie\u015bciami dla ciekawskich dzieci2 GB miejsca na jeszcze wi\u0119cej tre\u015bci audio ze sklepu TECHNIFANT lub w\u0142asnych plik\u00f3w MP3 (wymagany komputer z po\u0142\u0105czeniem USB)Kolorowe sto\u017cki dla wielkiej przyjemno\u015bci s\u0142uchaniaTo, czym p\u0142yta CD lub p\u0142yta jest dla mamy i taty, jest kapeluszem dla dzieci. Bo kiedy za\u0142o\u017cysz czapk\u0119 na TECHNIFANTEN, zaczyna si\u0119 magia. Gra w ulubione piosenki i czyta ulubione historie. Ca\u0142kowicie proste, naprawd\u0119 \u015bwietne!Zawsze jest w tym co\u015b dobrego!Za\u0142\u00f3\u017c czapk\u0119 na TECHNIFANTEN i ruszaj w drog\u0119. Tre\u015bci starannie dobrane przez nas na r\u00f3\u017cne tematy i kategorie s\u0105 wst\u0119pnie \u0142adowane na ka\u017cdym sto\u017cku.Z moc\u0105 magnesuKa\u017cdy sto\u017cek posiada kontakt magnetyczny, kt\u00f3ry mocno trzyma go na TECHNIFANT. Jednocze\u015bnie czapk\u0119 mo\u017cna zawsze \u0142atwo za\u0142o\u017cy\u0107 i zdj\u0105\u0107 \u2013 to naprawd\u0119 proste!Wi\u0119cej historii dla twojego kapeluszaSto\u017cek ma w sumie 2 GB miejsca do przechowywania &#8211; wi\u0119c s\u0142uchanie na nim jest o wiele wi\u0119cej rado\u015bci! Przeka\u017c dzieciom nowe historie w sklepie TECHNIFANT lub umie\u015b\u0107 pliki MP3 na czapce, kt\u00f3r\u0105 ju\u017c posiadasz.Sprytna gra na funkcjiKiedy zdejmiesz czapk\u0119, TECHNIFANT zapami\u0119tuje ostatnio s\u0142yszany fragment. Je\u015bli p\u00f3\u017aniej za\u0142o\u017cysz czapk\u0119, b\u0119dziesz kontynuowa\u0107 od tego momentu.Uwaga! Opis tego produktu zosta\u0142 przet\u0142umaczony automatycznie. Je\u015bli mo\u017cemy poprawi\u0107 go dzi\u0119ki Tobie, prosimy o kontakt.Wyposa\u017cenie: Petra Maria Schmitt \/ Christian Dreller: Dlaczego banan jest krzywy? Historie dla ciekawskich dzieci odpowiednie dla dzieci od 5 lat 1. Dlaczego banan jest krzywy? (932) 2. Dlaczego d\u017cd\u017cownica nie ma st\u00f3p? (912) 3. Kt\u00f3re zwierz\u0119 jest najsilniejsze? (1030) \u00b7 4. Dlaczego dzi\u0119cio\u0142 nie boli g\u0142owy podczas pukania? (747) \u00b7 5. Dlaczego gwiazdy \u015bwiec\u0105? (1322) \u00b7 6. Dlaczego czasami zapominasz sny? (817) \u00b7 7. BONUS TRACK: Elli z Junior Uni &#8211; Budujemy rakiet\u0119 balonow\u0105 (434)Dane techniczne: Ograniczenie wiekowe: 5 Rok \/ Lat \u00b7 Zalecany minimalny wiek: 5 Rok \/ LatDostawa obejmuje: Czapka TECHNIFANT Wiedza z zabaw\u0105 w kolorze niebieskim<\/p>\n<h2>Technisat Czapka Technifant Wiedza Z Zabaw\u0105 W Kolorze Niebieskim <\/h2>\n<p>kolorowanka lol surprise, pokemon do druku, imi\u0119 r\u00f3\u017ca, ach \u015bpij kochanie tekst, prezent dla 16 latki, quiz o miko\u0142ajku, pieski ma\u0142e dwa tekst, melania znaczenie imienia<\/p>\n<p>yyyyy<\/p>\n<p>&nbsp;<\/p>\n","protected":false},"excerpt":{"rendered":"<p>Czapka TECHNIFANT Wiedza z zabaw\u0105 w kolorze niebieskimTechnologia Pogo-pin: \u0142atwe pod\u0142\u0105czenie do TECHNIFANTEN za pomoc\u0105 styk\u00f3w magnetycznychFunkcja wznawiania: tre\u015b\u0107 zaczyna si\u0119 tam, gdzie by\u0142a ostatnio zatrzymanaJu\u017c na sto\u017cku i odtwarzane za pomoc\u0105 odtwarzacza audio TECHNIFANT: ok. 62 min z opowie\u015bciami dla ciekawskich dzieci2 GB miejsca na jeszcze wi\u0119cej tre\u015bci audio ze sklepu TECHNIFANT lub w\u0142asnych [&hellip;]<\/p>\n","protected":false},"featured_media":7031,"comment_status":"closed","ping_status":"open","template":"","meta":[],"product_cat":[39],"product_tag":[833,585,732,751,615],"class_list":["post-7030","product","type-product","status-publish","has-post-thumbnail","hentry","product_cat-zabawki-interaktywne","product_tag-bajki-dla-dzieci-do-czytania","product_tag-kolorowanki-dla-chlopcow","product_tag-prezent-dla-rocznego-chlopca","product_tag-psi-patrol-kolorowanka","product_tag-znane-misie-z-filmow-animowanych"],"_links":{"self":[{"href":"http:\/\/klubmamgdynia.pl\/index.php\/wp-json\/wp\/v2\/product\/7030","targetHints":{"allow":["GET"]}}],"collection":[{"href":"http:\/\/klubmamgdynia.pl\/index.php\/wp-json\/wp\/v2\/product"}],"about":[{"href":"http:\/\/klubmamgdynia.pl\/index.php\/wp-json\/wp\/v2\/types\/product"}],"replies":[{"embeddable":true,"href":"http:\/\/klubmamgdynia.pl\/index.php\/wp-json\/wp\/v2\/comments?post=7030"}],"wp:featuredmedia":[{"embeddable":true,"href":"http:\/\/klubmamgdynia.pl\/index.php\/wp-json\/wp\/v2\/media\/7031"}],"wp:attachment":[{"href":"http:\/\/klubmamgdynia.pl\/index.php\/wp-json\/wp\/v2\/media?parent=7030"}],"wp:term":[{"taxonomy":"product_cat","embeddable":true,"href":"http:\/\/klubmamgdynia.pl\/index.php\/wp-json\/wp\/v2\/product_cat?post=7030"},{"taxonomy":"product_tag","embeddable":true,"href":"http:\/\/klubmamgdynia.pl\/index.php\/wp-json\/wp\/v2\/product_tag?post=7030"}],"curies":[{"name":"wp","href":"https:\/\/api.w.org\/{rel}","templated":true}]}}