{"id":7036,"date":"2021-06-03T02:37:21","date_gmt":"2021-06-03T00:37:21","guid":{"rendered":"http:\/\/klubmamgdynia.pl\/index.php\/produkt\/alvi-szalik-pielegnacyjny-2-w-1-dryfujacy-leaves\/"},"modified":"2026-04-30T18:56:58","modified_gmt":"2026-04-30T16:56:58","slug":"alvi-szalik-pielegnacyjny-2-w-1-dryfujacy-leaves","status":"publish","type":"product","link":"http:\/\/klubmamgdynia.pl\/index.php\/produkt\/alvi-szalik-pielegnacyjny-2-w-1-dryfujacy-leaves\/","title":{"rendered":"Alvi Szalik Piel\u0119gnacyjny 2 W 1 Dryfuj\u0105cy Leaves"},"content":{"rendered":"<p>Ta chusta do karmienia piersi\u0105 2 w 1 z Alvi \u00ae to \u015bwietny spos\u00f3b na dyskretne karmienie piersi\u0105. Jest to r\u00f3wnie\u017c casualowy dodatek modowy w uroczej stylistyce Starfant. Chust\u0119 zak\u0142ada si\u0119 szybko i wygodnie, dzi\u0119ki czemu mo\u017cna w spokoju karmi\u0107 piersi\u0105 bez w\u015bcibskich spojrze\u0144 z zewn\u0105trz i w podr\u00f3\u017cy. Przyjemna, przytulna bawe\u0142na organiczna przylega do cia\u0142a. Szczeg\u00f3\u0142y produktu: Dyskretne karmienie piersi\u0105 Szybki i wygodny w zak\u0142adaniu Mo\u017ce by\u0107 u\u017cywany jako akcesorium mody Przyjemnie przytulny bawe\u0142niany d\u017cersej Szeroko\u015b\u0107: 50cm Obw\u00f3d: 140cm Nadaje si\u0119 do suszenia w suszarkach b\u0119bnowych, redukcja temperatury Oeko-Tex Standard 100 Materia\u0142 i wskaz\u00f3wki dotycz\u0105ce piel\u0119gnacji: Materia\u0142: 100% bawe\u0142na organiczna Mo\u017cna pra\u0107 w temperaturze do 60 \u00b0C Nadaje si\u0119 do suszenia w suszarkach b\u0119bnowych, redukcja temperatury<\/p>\n<h2>Alvi Szalik Piel\u0119gnacyjny 2 W 1 Dryfuj\u0105cy Leaves Alvi<\/h2>\n<p>wierszyk o marzannie, przysz\u0142a zima bia\u0142a, kolorowanki do druku dla dziewczynek, serce origami, wiersze o wio\u015bnie jana brzechwy, asiunia &#8211; test z lektury pdf, logiczne zagadki, maska batmana do druku<\/p>\n<p>yyyyy<\/p>\n<p>&nbsp;<\/p>\n","protected":false},"excerpt":{"rendered":"<p>Ta chusta do karmienia piersi\u0105 2 w 1 z Alvi \u00ae to \u015bwietny spos\u00f3b na dyskretne karmienie piersi\u0105. Jest to r\u00f3wnie\u017c casualowy dodatek modowy w uroczej stylistyce Starfant. Chust\u0119 zak\u0142ada si\u0119 szybko i wygodnie, dzi\u0119ki czemu mo\u017cna w spokoju karmi\u0107 piersi\u0105 bez w\u015bcibskich spojrze\u0144 z zewn\u0105trz i w podr\u00f3\u017cy. Przyjemna, przytulna bawe\u0142na organiczna przylega do [&hellip;]<\/p>\n","protected":false},"featured_media":7037,"comment_status":"closed","ping_status":"open","template":"","meta":[],"product_cat":[121,254],"product_tag":[784,706,797,788],"class_list":["post-7036","product","type-product","status-publish","has-post-thumbnail","hentry","product_cat-alvi","product_cat-pozostale-akcesoria-dla-mamy","product_tag-hymn-gorniczy","product_tag-imie-kuba","product_tag-kiekrz","product_tag-zagadki-krotkie"],"_links":{"self":[{"href":"http:\/\/klubmamgdynia.pl\/index.php\/wp-json\/wp\/v2\/product\/7036","targetHints":{"allow":["GET"]}}],"collection":[{"href":"http:\/\/klubmamgdynia.pl\/index.php\/wp-json\/wp\/v2\/product"}],"about":[{"href":"http:\/\/klubmamgdynia.pl\/index.php\/wp-json\/wp\/v2\/types\/product"}],"replies":[{"embeddable":true,"href":"http:\/\/klubmamgdynia.pl\/index.php\/wp-json\/wp\/v2\/comments?post=7036"}],"wp:featuredmedia":[{"embeddable":true,"href":"http:\/\/klubmamgdynia.pl\/index.php\/wp-json\/wp\/v2\/media\/7037"}],"wp:attachment":[{"href":"http:\/\/klubmamgdynia.pl\/index.php\/wp-json\/wp\/v2\/media?parent=7036"}],"wp:term":[{"taxonomy":"product_cat","embeddable":true,"href":"http:\/\/klubmamgdynia.pl\/index.php\/wp-json\/wp\/v2\/product_cat?post=7036"},{"taxonomy":"product_tag","embeddable":true,"href":"http:\/\/klubmamgdynia.pl\/index.php\/wp-json\/wp\/v2\/product_tag?post=7036"}],"curies":[{"name":"wp","href":"https:\/\/api.w.org\/{rel}","templated":true}]}}