{"id":7048,"date":"2016-02-05T18:53:03","date_gmt":"2016-02-05T17:53:03","guid":{"rendered":"http:\/\/klubmamgdynia.pl\/index.php\/produkt\/7048\/"},"modified":"2026-04-04T11:57:07","modified_gmt":"2026-04-04T09:57:07","slug":"7048","status":"publish","type":"product","link":"http:\/\/klubmamgdynia.pl\/index.php\/produkt\/7048\/","title":{"rendered":""},"content":{"rendered":"<h2> <\/h2>\n<p>zagadki wielkanocne dla dzieci, zaproszenie na urodziny dziecka do druku, zagadki liczbowe, obrazki do druku, piosenki na dobranoc dla dzieci + tekst, prezent dla m\u0142odzie\u017cy, szablon zaproszenia na urodziny do wydruku czarno bia\u0142e, prezent dla 7 latki, wzory zaprosze\u0144 zaproszenie na urodziny do druku pdf, kuba imi\u0119, bajki do czytania dla 6 latka<\/p>\n<p>yyyyy<\/p>\n<p>&nbsp;<\/p>\n","protected":false},"excerpt":{"rendered":"<p>zagadki wielkanocne dla dzieci, zaproszenie na urodziny dziecka do druku, zagadki liczbowe, obrazki do druku, piosenki na dobranoc dla dzieci + tekst, prezent dla m\u0142odzie\u017cy, szablon zaproszenia na urodziny do wydruku czarno bia\u0142e, prezent dla 7 latki, wzory zaprosze\u0144 zaproszenie na urodziny do druku pdf, kuba imi\u0119, bajki do czytania dla 6 latka yyyyy &nbsp;<\/p>\n","protected":false},"featured_media":0,"comment_status":"closed","ping_status":"open","template":"","meta":[],"product_cat":[],"product_tag":[734,609,713,712],"class_list":["post-7048","product","type-product","status-publish","hentry","product_tag-milan-imie","product_tag-quiz-flagi-europy","product_tag-zagadki-logiczne-z-odpowiedziami","product_tag-zagadki-o-zwierzetach"],"_links":{"self":[{"href":"http:\/\/klubmamgdynia.pl\/index.php\/wp-json\/wp\/v2\/product\/7048","targetHints":{"allow":["GET"]}}],"collection":[{"href":"http:\/\/klubmamgdynia.pl\/index.php\/wp-json\/wp\/v2\/product"}],"about":[{"href":"http:\/\/klubmamgdynia.pl\/index.php\/wp-json\/wp\/v2\/types\/product"}],"replies":[{"embeddable":true,"href":"http:\/\/klubmamgdynia.pl\/index.php\/wp-json\/wp\/v2\/comments?post=7048"}],"wp:attachment":[{"href":"http:\/\/klubmamgdynia.pl\/index.php\/wp-json\/wp\/v2\/media?parent=7048"}],"wp:term":[{"taxonomy":"product_cat","embeddable":true,"href":"http:\/\/klubmamgdynia.pl\/index.php\/wp-json\/wp\/v2\/product_cat?post=7048"},{"taxonomy":"product_tag","embeddable":true,"href":"http:\/\/klubmamgdynia.pl\/index.php\/wp-json\/wp\/v2\/product_tag?post=7048"}],"curies":[{"name":"wp","href":"https:\/\/api.w.org\/{rel}","templated":true}]}}