{"id":7050,"date":"2018-07-10T00:46:07","date_gmt":"2018-07-09T22:46:07","guid":{"rendered":"http:\/\/klubmamgdynia.pl\/index.php\/produkt\/7050\/"},"modified":"2026-05-17T23:34:10","modified_gmt":"2026-05-17T21:34:10","slug":"7050","status":"publish","type":"product","link":"http:\/\/klubmamgdynia.pl\/index.php\/produkt\/7050\/","title":{"rendered":""},"content":{"rendered":"<h2> <\/h2>\n<p>quizy o koniach, spongebob kolorowanka, kolorowanki antystresowe do druku, mira imie, afryka kazika test, kolorowanka potwory, nastolatka, prezent na roczek nie zabawka, quiz o \u015bwi\u0119tym miko\u0142aju, kolorowanka \u015bwinka peppa, laurka kolorowanki na dzie\u0144 mamy, test opowie\u015bci z narnii lew czarownica i stara szafa do druku, \u017carty prima aprilis, pokemony do druku, szablony papierowe lalki do ubierania do wydruku, lody kolorowanka, anio\u0142 rysunek prosty<\/p>\n<p>yyyyy<\/p>\n<p>&nbsp;<\/p>\n","protected":false},"excerpt":{"rendered":"<p>quizy o koniach, spongebob kolorowanka, kolorowanki antystresowe do druku, mira imie, afryka kazika test, kolorowanka potwory, nastolatka, prezent na roczek nie zabawka, quiz o \u015bwi\u0119tym miko\u0142aju, kolorowanka \u015bwinka peppa, laurka kolorowanki na dzie\u0144 mamy, test opowie\u015bci z narnii lew czarownica i stara szafa do druku, \u017carty prima aprilis, pokemony do druku, szablony papierowe lalki do [&hellip;]<\/p>\n","protected":false},"featured_media":0,"comment_status":"closed","ping_status":"open","template":"","meta":[],"product_cat":[],"product_tag":[775,642,665,627,756],"class_list":["post-7050","product","type-product","status-publish","hentry","product_tag-kolorowanki-do-druku-pokemon","product_tag-mia-imie","product_tag-proste-zagadki","product_tag-quiz-dzieci-z-bullerbyn","product_tag-zaproszenie-na-urodziny-do-druku"],"_links":{"self":[{"href":"http:\/\/klubmamgdynia.pl\/index.php\/wp-json\/wp\/v2\/product\/7050","targetHints":{"allow":["GET"]}}],"collection":[{"href":"http:\/\/klubmamgdynia.pl\/index.php\/wp-json\/wp\/v2\/product"}],"about":[{"href":"http:\/\/klubmamgdynia.pl\/index.php\/wp-json\/wp\/v2\/types\/product"}],"replies":[{"embeddable":true,"href":"http:\/\/klubmamgdynia.pl\/index.php\/wp-json\/wp\/v2\/comments?post=7050"}],"wp:attachment":[{"href":"http:\/\/klubmamgdynia.pl\/index.php\/wp-json\/wp\/v2\/media?parent=7050"}],"wp:term":[{"taxonomy":"product_cat","embeddable":true,"href":"http:\/\/klubmamgdynia.pl\/index.php\/wp-json\/wp\/v2\/product_cat?post=7050"},{"taxonomy":"product_tag","embeddable":true,"href":"http:\/\/klubmamgdynia.pl\/index.php\/wp-json\/wp\/v2\/product_tag?post=7050"}],"curies":[{"name":"wp","href":"https:\/\/api.w.org\/{rel}","templated":true}]}}