{"id":7057,"date":"2019-12-10T15:21:51","date_gmt":"2019-12-10T14:21:51","guid":{"rendered":"http:\/\/klubmamgdynia.pl\/index.php\/produkt\/w-ktorej-ukrytych-jest-az-5-niespodzianek-do-zebrania-7-monster-truckow\/"},"modified":"2026-04-26T02:16:40","modified_gmt":"2026-04-26T00:16:40","slug":"w-ktorej-ukrytych-jest-az-5-niespodzianek-do-zebrania-7-monster-truckow","status":"publish","type":"product","link":"http:\/\/klubmamgdynia.pl\/index.php\/produkt\/w-ktorej-ukrytych-jest-az-5-niespodzianek-do-zebrania-7-monster-truckow\/","title":{"rendered":"w kt\u00f3rej ukrytych jest a\u017c 5 niespodzianek. Do zebrania 7 monster truck\u00f3w"},"content":{"rendered":"<p>zderzakiem<\/p>\n<h2>w kt\u00f3rej ukrytych jest a\u017c 5 niespodzianek. Do zebrania 7 monster truck\u00f3w korpusem pojazdu<\/h2>\n<p>zagadki na bal karnawa\u0142owy w przedszkolu, walentynka dla c\u00f3rki, kolorowanki dla dziewczynek do druku, m\u0105dre \u017cyczenia \u015bwi\u0105teczne, najpi\u0119kniejsze cytaty o przyja\u017ani, zagadki dla 4 latka, cytaty o wychowaniu i nauczaniu, wiosenna kolorowanka, malowanki dla dzieci, stare wierszyki dla dzieci, izabela imie, oryginalny prezent na roczek dla dziewczynki, skye psi patrol kolorowanka, loga samochod\u00f3w, w\u0142ochy, pan twardowski na ksi\u0119\u017cycu wiersz<\/p>\n<p>yyyyy<\/p>\n<p>&nbsp;<\/p>\n","protected":false},"excerpt":{"rendered":"<p>zderzakiem w kt\u00f3rej ukrytych jest a\u017c 5 niespodzianek. Do zebrania 7 monster truck\u00f3w korpusem pojazdu zagadki na bal karnawa\u0142owy w przedszkolu, walentynka dla c\u00f3rki, kolorowanki dla dziewczynek do druku, m\u0105dre \u017cyczenia \u015bwi\u0105teczne, najpi\u0119kniejsze cytaty o przyja\u017ani, zagadki dla 4 latka, cytaty o wychowaniu i nauczaniu, wiosenna kolorowanka, malowanki dla dzieci, stare wierszyki dla dzieci, izabela [&hellip;]<\/p>\n","protected":false},"featured_media":0,"comment_status":"closed","ping_status":"open","template":"","meta":[],"product_cat":[1527,1526],"product_tag":[839,722,691,853],"class_list":["post-7057","product","type-product","status-publish","hentry","product_cat-a-nawet-wyrzutnia-pociskow-odpakuj","product_cat-korpusem-pojazdu","product_tag-bajki-na-dobranoc-do-czytania","product_tag-cytaty-o-przyjazni","product_tag-gabriel","product_tag-kolorowanki-do-druku-dla-doroslych"],"_links":{"self":[{"href":"http:\/\/klubmamgdynia.pl\/index.php\/wp-json\/wp\/v2\/product\/7057","targetHints":{"allow":["GET"]}}],"collection":[{"href":"http:\/\/klubmamgdynia.pl\/index.php\/wp-json\/wp\/v2\/product"}],"about":[{"href":"http:\/\/klubmamgdynia.pl\/index.php\/wp-json\/wp\/v2\/types\/product"}],"replies":[{"embeddable":true,"href":"http:\/\/klubmamgdynia.pl\/index.php\/wp-json\/wp\/v2\/comments?post=7057"}],"wp:attachment":[{"href":"http:\/\/klubmamgdynia.pl\/index.php\/wp-json\/wp\/v2\/media?parent=7057"}],"wp:term":[{"taxonomy":"product_cat","embeddable":true,"href":"http:\/\/klubmamgdynia.pl\/index.php\/wp-json\/wp\/v2\/product_cat?post=7057"},{"taxonomy":"product_tag","embeddable":true,"href":"http:\/\/klubmamgdynia.pl\/index.php\/wp-json\/wp\/v2\/product_tag?post=7057"}],"curies":[{"name":"wp","href":"https:\/\/api.w.org\/{rel}","templated":true}]}}