{"id":7060,"date":"2022-10-11T17:08:17","date_gmt":"2022-10-11T15:08:17","guid":{"rendered":"http:\/\/klubmamgdynia.pl\/index.php\/produkt\/7060\/"},"modified":"2026-04-06T17:12:03","modified_gmt":"2026-04-06T15:12:03","slug":"7060","status":"publish","type":"product","link":"http:\/\/klubmamgdynia.pl\/index.php\/produkt\/7060\/","title":{"rendered":""},"content":{"rendered":"<h2> <\/h2>\n<p>gwiazdka do druku, o b\u0142\u0119dne dyktando, imi\u0119 kostek, pisanie literek do druku, znane misie z film\u00f3w animowanych, na wyspach bergamutach, quizy ortograficzne trudne, wiersz o wakacjach, zagadki trudne, pieski, zagadki logiczne z odpowiedziami, tezeusz, zagadki dla dzieci 4-5 lat, kolorowanki kotka, miko\u0142ajek test z lektury, cytaty motywacyjne dla dzieci, nastolatka, dyplomy do druku, cytaty przyja\u017a\u0144<\/p>\n<p>yyyyy<\/p>\n<p>&nbsp;<\/p>\n","protected":false},"excerpt":{"rendered":"<p>gwiazdka do druku, o b\u0142\u0119dne dyktando, imi\u0119 kostek, pisanie literek do druku, znane misie z film\u00f3w animowanych, na wyspach bergamutach, quizy ortograficzne trudne, wiersz o wakacjach, zagadki trudne, pieski, zagadki logiczne z odpowiedziami, tezeusz, zagadki dla dzieci 4-5 lat, kolorowanki kotka, miko\u0142ajek test z lektury, cytaty motywacyjne dla dzieci, nastolatka, dyplomy do druku, cytaty przyja\u017a\u0144 [&hellip;]<\/p>\n","protected":false},"featured_media":0,"comment_status":"closed","ping_status":"open","template":"","meta":[],"product_cat":[],"product_tag":[722,637,856,601],"class_list":["post-7060","product","type-product","status-publish","hentry","product_tag-cytaty-o-przyjazni","product_tag-niech-zyja-wakacje-tekst","product_tag-prezent-dla-16-latki","product_tag-zagadki-co-to-jest"],"_links":{"self":[{"href":"http:\/\/klubmamgdynia.pl\/index.php\/wp-json\/wp\/v2\/product\/7060","targetHints":{"allow":["GET"]}}],"collection":[{"href":"http:\/\/klubmamgdynia.pl\/index.php\/wp-json\/wp\/v2\/product"}],"about":[{"href":"http:\/\/klubmamgdynia.pl\/index.php\/wp-json\/wp\/v2\/types\/product"}],"replies":[{"embeddable":true,"href":"http:\/\/klubmamgdynia.pl\/index.php\/wp-json\/wp\/v2\/comments?post=7060"}],"wp:attachment":[{"href":"http:\/\/klubmamgdynia.pl\/index.php\/wp-json\/wp\/v2\/media?parent=7060"}],"wp:term":[{"taxonomy":"product_cat","embeddable":true,"href":"http:\/\/klubmamgdynia.pl\/index.php\/wp-json\/wp\/v2\/product_cat?post=7060"},{"taxonomy":"product_tag","embeddable":true,"href":"http:\/\/klubmamgdynia.pl\/index.php\/wp-json\/wp\/v2\/product_tag?post=7060"}],"curies":[{"name":"wp","href":"https:\/\/api.w.org\/{rel}","templated":true}]}}