{"id":7090,"date":"2023-02-22T16:25:55","date_gmt":"2023-02-22T15:25:55","guid":{"rendered":"http:\/\/klubmamgdynia.pl\/?post_type=product&#038;p=7090"},"modified":"2026-05-01T06:31:47","modified_gmt":"2026-05-01T04:31:47","slug":"russell-humorzasty-potwor-nagrywa-1604","status":"publish","type":"product","link":"http:\/\/klubmamgdynia.pl\/index.php\/produkt\/russell-humorzasty-potwor-nagrywa-1604\/","title":{"rendered":"Russell Humorzasty Potw\u00f3r Nagrywa 1604"},"content":{"rendered":"<p>Figurka interaktywna Humorzasty Potw\u00f3r Russell ES 1604<\/p>\n<p>Zabawka interaktywna Humorzasty Potw\u00f3r to rejestrator d\u017awi\u0119k\u00f3w, kt\u00f3ry przem\u00f3wi g\u0142osem dziecka i odtworzy nagran\u0105 wiadomo\u015b\u0107. Cechy produktu: kod produktu: ES 1604 wymiary opakowania: 9 x 22 x 6 cm kategoria wiekowa: od 8 lat zasilanie zabawki: 2 baterie LR44                            <\/p>\n<p>A kt\u00f3\u017c tu stoi w tym zabawnym kapeluszu? Jest to Humorzasty Potw\u00f3r, kt\u00f3ry zaraz zachwyci funkcjami. Zabawka ma niebieski kolor i ciekawe dodatki \u2013 kapelusz na czubku g\u0142owy, r\u00f3\u017cow\u0105 muszk\u0119 i szeroki u\u015bmiech. Stoi na trzech nogach z przyssawkami. Dzieci mog\u0105 nagra\u0107 swoje przem\u00f3wienie i postawi\u0107 potworka na stra\u017cy. Gdy wyczuje ruch \u2013 przem\u00f3wi! Humorzasty potw\u00f3r odtworzy nagrany g\u0142os dziecka. Czy b\u0119dzie to mi\u0142e powitanie, czy mo\u017ce ostrze\u017cenie dla intruza? Sprawd\u017a jakie wra\u017cenie zrobi na Twoich go\u015bciach!<\/p>\n<h2>Russell Humorzasty Potw\u00f3r Nagrywa 1604 Russell<\/h2>\n<p>asiunia pytania do lektury, zaproszenia urodzinowe do wydruku chomikuj, pomys\u0142 na prezent na roczek, zagadki dla 8 latka, bombki do kolorowania, zagadki dla ma\u0142ych dzieci, kr\u00f3tkie bajki do czytania, mitologia grecka quiz<\/p>\n<p>yyyyy<\/p>\n<p>&nbsp;<\/p>\n","protected":false},"excerpt":{"rendered":"<p>Figurka interaktywna Humorzasty Potw\u00f3r Russell ES 1604 Zabawka interaktywna Humorzasty Potw\u00f3r to rejestrator d\u017awi\u0119k\u00f3w, kt\u00f3ry przem\u00f3wi g\u0142osem dziecka i odtworzy nagran\u0105 wiadomo\u015b\u0107. Cechy produktu: kod produktu: ES 1604 wymiary opakowania: 9 x 22 x 6 cm kategoria wiekowa: od 8 lat zasilanie zabawki: 2 baterie LR44 A kt\u00f3\u017c tu stoi w tym zabawnym kapeluszu? Jest [&hellip;]<\/p>\n","protected":false},"featured_media":7091,"comment_status":"closed","ping_status":"open","template":"","meta":[],"product_cat":[422,39],"product_tag":[702,870,608],"class_list":["post-7090","product","type-product","status-publish","has-post-thumbnail","hentry","product_cat-russell","product_cat-zabawki-interaktywne","product_tag-co-kupic-na-roczek-dla-dziewczynki","product_tag-prezent-dla-chlopca-na-roczek","product_tag-zagadki-i-odpowiedzi"],"_links":{"self":[{"href":"http:\/\/klubmamgdynia.pl\/index.php\/wp-json\/wp\/v2\/product\/7090","targetHints":{"allow":["GET"]}}],"collection":[{"href":"http:\/\/klubmamgdynia.pl\/index.php\/wp-json\/wp\/v2\/product"}],"about":[{"href":"http:\/\/klubmamgdynia.pl\/index.php\/wp-json\/wp\/v2\/types\/product"}],"replies":[{"embeddable":true,"href":"http:\/\/klubmamgdynia.pl\/index.php\/wp-json\/wp\/v2\/comments?post=7090"}],"wp:featuredmedia":[{"embeddable":true,"href":"http:\/\/klubmamgdynia.pl\/index.php\/wp-json\/wp\/v2\/media\/7091"}],"wp:attachment":[{"href":"http:\/\/klubmamgdynia.pl\/index.php\/wp-json\/wp\/v2\/media?parent=7090"}],"wp:term":[{"taxonomy":"product_cat","embeddable":true,"href":"http:\/\/klubmamgdynia.pl\/index.php\/wp-json\/wp\/v2\/product_cat?post=7090"},{"taxonomy":"product_tag","embeddable":true,"href":"http:\/\/klubmamgdynia.pl\/index.php\/wp-json\/wp\/v2\/product_tag?post=7090"}],"curies":[{"name":"wp","href":"https:\/\/api.w.org\/{rel}","templated":true}]}}