{"id":7096,"date":"2013-12-18T14:59:58","date_gmt":"2013-12-18T13:59:58","guid":{"rendered":"http:\/\/klubmamgdynia.pl\/index.php\/produkt\/adar-magiczna-rozdzka-projektor-327405-mix-cena-za-1szt-p12\/"},"modified":"2026-04-30T07:34:42","modified_gmt":"2026-04-30T05:34:42","slug":"adar-magiczna-rozdzka-projektor-327405-mix-cena-za-1szt-p12","status":"publish","type":"product","link":"http:\/\/klubmamgdynia.pl\/index.php\/produkt\/adar-magiczna-rozdzka-projektor-327405-mix-cena-za-1szt-p12\/","title":{"rendered":"Adar Magiczna R\u00f3\u017cd\u017cka Projektor 327405 Mix Cena Za 1Szt. P12"},"content":{"rendered":"<p>Magiczna r\u00f3\u017cd\u017cka z funkcj\u0105 projektora od firmy ADAR. Posiada wygodn\u0105 r\u0105czk\u0119 i dzi\u0119ki temu wygodnie le\u017cy w ma\u0142ej d\u0142oni dziecka. Zabawka zosta\u0142a zaprojektowana tak, by przyci\u0105ga\u0142a kszta\u0142tami i swoim designem. Jest wyposa\u017cona w plastikowe elementy w kszta\u0142cie kokardki, skrzyde\u0142ek, korony i serduszka z po\u0142yskuj\u0105c\u0105 powierzchni\u0105. Gdy w\u0142\u0105czymy r\u00f3\u017cd\u017ck\u0119, zaczyna gra\u0107 muzyka, a ze \u015brodka korony wydostaje si\u0119 \u015bwiate\u0142ko. Pe\u0142ni ono funkcj\u0119 projektora. Wystarczy, \u017ce skierujemy \u015bwiat\u0142o na \u015bcian\u0119, a zobaczymy k&#8230;<\/p>\n<h2>Adar Magiczna R\u00f3\u017cd\u017cka Projektor 327405 Mix Cena Za 1Szt. P12 Adar<\/h2>\n<p>opowie\u015bci z narnii lew czarownica i stara szafa quiz, bajka o biedronce, piosenka dla mamy tekst, linda, dziwne zagadki, quiz psi patrol, najtrudniejsze zagadki, piosenki dla dzieci tekst, kotek kolorowanka do druku, tulipany kolorowanki, imi\u0119 pola, myszka minnie kolorowanka, adriana znaczenie imienia, test z lektury kajko i kokosz szko\u0142a latania, prezent dla dziewczynki 7 lat, kolorowanka star wars<\/p>\n<p>yyyyy<\/p>\n<p>&nbsp;<\/p>\n","protected":false},"excerpt":{"rendered":"<p>Magiczna r\u00f3\u017cd\u017cka z funkcj\u0105 projektora od firmy ADAR. Posiada wygodn\u0105 r\u0105czk\u0119 i dzi\u0119ki temu wygodnie le\u017cy w ma\u0142ej d\u0142oni dziecka. Zabawka zosta\u0142a zaprojektowana tak, by przyci\u0105ga\u0142a kszta\u0142tami i swoim designem. Jest wyposa\u017cona w plastikowe elementy w kszta\u0142cie kokardki, skrzyde\u0142ek, korony i serduszka z po\u0142yskuj\u0105c\u0105 powierzchni\u0105. Gdy w\u0142\u0105czymy r\u00f3\u017cd\u017ck\u0119, zaczyna gra\u0107 muzyka, a ze \u015brodka korony [&hellip;]<\/p>\n","protected":false},"featured_media":7097,"comment_status":"closed","ping_status":"open","template":"","meta":[],"product_cat":[175,295],"product_tag":[844,691,694],"class_list":["post-7096","product","type-product","status-publish","has-post-thumbnail","hentry","product_cat-adar","product_cat-pozostale-zabawki","product_tag-co-kupic-na-roczek","product_tag-gabriel","product_tag-zagadki-swiateczne-dla-dzieci"],"_links":{"self":[{"href":"http:\/\/klubmamgdynia.pl\/index.php\/wp-json\/wp\/v2\/product\/7096","targetHints":{"allow":["GET"]}}],"collection":[{"href":"http:\/\/klubmamgdynia.pl\/index.php\/wp-json\/wp\/v2\/product"}],"about":[{"href":"http:\/\/klubmamgdynia.pl\/index.php\/wp-json\/wp\/v2\/types\/product"}],"replies":[{"embeddable":true,"href":"http:\/\/klubmamgdynia.pl\/index.php\/wp-json\/wp\/v2\/comments?post=7096"}],"wp:featuredmedia":[{"embeddable":true,"href":"http:\/\/klubmamgdynia.pl\/index.php\/wp-json\/wp\/v2\/media\/7097"}],"wp:attachment":[{"href":"http:\/\/klubmamgdynia.pl\/index.php\/wp-json\/wp\/v2\/media?parent=7096"}],"wp:term":[{"taxonomy":"product_cat","embeddable":true,"href":"http:\/\/klubmamgdynia.pl\/index.php\/wp-json\/wp\/v2\/product_cat?post=7096"},{"taxonomy":"product_tag","embeddable":true,"href":"http:\/\/klubmamgdynia.pl\/index.php\/wp-json\/wp\/v2\/product_tag?post=7096"}],"curies":[{"name":"wp","href":"https:\/\/api.w.org\/{rel}","templated":true}]}}