{"id":7098,"date":"2025-08-11T21:51:26","date_gmt":"2025-08-11T19:51:26","guid":{"rendered":"http:\/\/klubmamgdynia.pl\/?post_type=product&#038;p=7098"},"modified":"2026-04-04T06:51:46","modified_gmt":"2026-04-04T04:51:46","slug":"lullalove-zapasowy-ogrzewacz-do-termoforu-mr-b","status":"publish","type":"product","link":"http:\/\/klubmamgdynia.pl\/index.php\/produkt\/lullalove-zapasowy-ogrzewacz-do-termoforu-mr-b\/","title":{"rendered":"Lullalove Zapasowy Ogrzewacz Do Termoforu Mr B"},"content":{"rendered":"<p>LULLALOVE &#8211; to studio projektowe powsta\u0142e z my\u015bl\u0105 tworzenia designerskich produkt\u00f3w, kt\u00f3re \u0142\u0105cz\u0105 w sobie wielofunkcyjno\u015b\u0107, bardzo dobre jako\u015bciowo materia\u0142y, pomys\u0142 oraz u\u017cyteczno\u015b\u0107. Naszym celem jest u\u0142atwianie codzienno\u015bci rodzicom i sprawianie przy tym przyjemno\u015bci dzieciom. Zawsze patrzymy na cen\u0119 i robimy wszystko aby dobre zaprojektowane i praktyczne rzeczy, mog\u0142y trafi\u0107 do ka\u017cdego odbiorcy. Uko\u0144czone studia na Uniwersytecie Edynburskim na wydziale projektowania, wieloletnie do\u015bwiadczenie i przede wszystkim uznanie klient\u00f3w w Polsce i Europie, daj\u0105 nam prawo s\u0105dzi\u0107, \u017ce r\u00f3wnie\u017c Wy nas pokochacie. LULLALOVE Wk\u0142ad Do Przytulanki MR B Na Kolki Dodatkowy wk\u0142ad ogrzewaj\u0105cy do Super Zabawki MR B! Stanowi doskona\u0142e uzupe\u0142nienie podstawowej wersji momencie, gdy MR B jest potrzebny, a aktywowany wk\u0142ad nie zosta\u0142 przygotowany do ponownego u\u017cycia poprzez gotowanie go w wodzie. Spos\u00f3b u\u017cycia: Aby aktywowa\u0107 wk\u0142ad nale\u017cy zgi\u0105\u0107 (nie \u0142ama\u0107!) p\u0142ywaj\u0105cy w nim patyczek. W ci\u0105gu 3 sekund ogrzewacz rozgrzeje si\u0119 do temperatury 54 stopni Celsjusza, krystalizuj\u0105c si\u0119 przy tym w \u015brodku. Ciep\u0142y wk\u0142ad umieszczamy w kieszonce na plecach przytulanki. Po u\u017cyciu umieszczamy wk\u0142ad w gor\u0105cej wodzie i gotujemy go do momentu pe\u0142nego rozpuszczenia si\u0119 kryszta\u0142k\u00f3w, czyli do ponownego uzyskania p\u0142ynnej konsystencji (oko\u0142o 10 min). Po wyj\u0119ciu z wody wk\u0142ad nale\u017cy ostudzi\u0107. Przepisy eksploatacyjne: Chroni\u0107 przed zarysowaniem i przek\u0142uciem. Nie wolno u\u017cywa\u0107 ogrzewacza przy naruszonej jego hermetyczno\u015bci. Wk\u0142ad nie jest zabawk\u0105! Nie podawaj go dziecku. Przed wr\u0119czeniem dziecku SuperZabawki MR B wyjmij wk\u0142ad ze \u015brodka. Polecany przez: Parenting.pl, SOSrodzice.pl, Emaluszki.pl, Kupujepolskieprodukty.pl, ZapytajPolozna.pl Dzieci\u0119ce Klimaty Rekomendowany przez po\u0142o\u017cne! LULLALOVE powsta\u0142a, aby u\u0142atwia\u0107 \u017cycie Rodzicom i ich najwi\u0119kszym skarbom &#8211; Dzieciom. Nowoczesne podej\u015bcie do rozwi\u0105zywania problem\u00f3w codzienno\u015bci sprawia, \u017ce nasze produkty zmieniaj\u0105 trudne chwile w radosny czas sp\u0119dzony razem. Produkcja w Polsce, kt\u00f3r\u0105 kontrolujemy na ka\u017cdym etapie gwarantuje, \u017ce zapewniamy bezpieczne i przyjazne dzieciom produkty. Mo\u017cna na nas polega\u0107 w ka\u017cdej sytuacji.<\/p>\n<h2>Lullalove Zapasowy Ogrzewacz Do Termoforu Mr B Lullalove<\/h2>\n<p>kolysanki tekst, paj\u0105czek na rowerze test, co kupi\u0107 nastolatce na urodziny, zaproszenia urodzinowe do wydruku chomikuj, kotek kolorowanka do druku, karty pracy dla dzieci z ukrainy, pieski, czapka g\u00f3rnika kolorowanka<\/p>\n<p>yyyyy<\/p>\n<p>&nbsp;<\/p>\n","protected":false},"excerpt":{"rendered":"<p>LULLALOVE &#8211; to studio projektowe powsta\u0142e z my\u015bl\u0105 tworzenia designerskich produkt\u00f3w, kt\u00f3re \u0142\u0105cz\u0105 w sobie wielofunkcyjno\u015b\u0107, bardzo dobre jako\u015bciowo materia\u0142y, pomys\u0142 oraz u\u017cyteczno\u015b\u0107. Naszym celem jest u\u0142atwianie codzienno\u015bci rodzicom i sprawianie przy tym przyjemno\u015bci dzieciom. Zawsze patrzymy na cen\u0119 i robimy wszystko aby dobre zaprojektowane i praktyczne rzeczy, mog\u0142y trafi\u0107 do ka\u017cdego odbiorcy. Uko\u0144czone studia [&hellip;]<\/p>\n","protected":false},"featured_media":7099,"comment_status":"closed","ping_status":"open","template":"","meta":[],"product_cat":[1174,254],"product_tag":[863,781,859,586],"class_list":["post-7098","product","type-product","status-publish","has-post-thumbnail","hentry","product_cat-lullalove","product_cat-pozostale-akcesoria-dla-mamy","product_tag-bajki-dla-dziewczynek","product_tag-cytaty-o-wychowaniu-dzieci","product_tag-dobranoc-pchly-na-noc","product_tag-smieszne-zagadki"],"_links":{"self":[{"href":"http:\/\/klubmamgdynia.pl\/index.php\/wp-json\/wp\/v2\/product\/7098","targetHints":{"allow":["GET"]}}],"collection":[{"href":"http:\/\/klubmamgdynia.pl\/index.php\/wp-json\/wp\/v2\/product"}],"about":[{"href":"http:\/\/klubmamgdynia.pl\/index.php\/wp-json\/wp\/v2\/types\/product"}],"replies":[{"embeddable":true,"href":"http:\/\/klubmamgdynia.pl\/index.php\/wp-json\/wp\/v2\/comments?post=7098"}],"wp:featuredmedia":[{"embeddable":true,"href":"http:\/\/klubmamgdynia.pl\/index.php\/wp-json\/wp\/v2\/media\/7099"}],"wp:attachment":[{"href":"http:\/\/klubmamgdynia.pl\/index.php\/wp-json\/wp\/v2\/media?parent=7098"}],"wp:term":[{"taxonomy":"product_cat","embeddable":true,"href":"http:\/\/klubmamgdynia.pl\/index.php\/wp-json\/wp\/v2\/product_cat?post=7098"},{"taxonomy":"product_tag","embeddable":true,"href":"http:\/\/klubmamgdynia.pl\/index.php\/wp-json\/wp\/v2\/product_tag?post=7098"}],"curies":[{"name":"wp","href":"https:\/\/api.w.org\/{rel}","templated":true}]}}