{"id":7106,"date":"2011-05-08T10:49:46","date_gmt":"2011-05-08T08:49:46","guid":{"rendered":"http:\/\/klubmamgdynia.pl\/index.php\/produkt\/chicco-baby-moments-sensitive-delikatne-mleczko-do-ciala-500ml\/"},"modified":"2026-04-29T10:18:12","modified_gmt":"2026-04-29T08:18:12","slug":"chicco-baby-moments-sensitive-delikatne-mleczko-do-ciala-500ml","status":"publish","type":"product","link":"http:\/\/klubmamgdynia.pl\/index.php\/produkt\/chicco-baby-moments-sensitive-delikatne-mleczko-do-ciala-500ml\/","title":{"rendered":"Chicco Baby Moments Sensitive Delikatne Mleczko Do Cia\u0142a 500Ml"},"content":{"rendered":"<p>Chicco Baby Moments Sensitive delikatne mleczko do cia\u0142a 500 ml. Chicco Baby Moments Sensitive najlepsza cena. Chicco kup teraz.<\/p>\n<h2>Chicco Baby Moments Sensitive Delikatne Mleczko Do Cia\u0142a 500Ml Chicco<\/h2>\n<p>prezent pod choink\u0119 dla 7 letniej dziewczynki, bajki dla niemowlakow, wakacje kolorowanka, quiz o \u015bwi\u0119tach, imi\u0119 nadia, plan lekcji do druku, atrakcje dla dzieci wroclaw, karaluchy pod poduchy a szczypawki, kolorowanka ksi\u0119\u017cniczka, kolorowanki do wydruku, zagadki o owocach, zabawy z pi\u0142k\u0105 dla dzieci, \u015bwi\u0119ta wielkanocne piosenka tekst, pies rysunek, kolorowanki andrzejki do wydruku, wydarzenia warszawa dzisiaj, zagadki wielkanocne dla doros\u0142ych, znajd\u017a r\u00f3\u017cnice do druku, zabawy ruchowe dla dzieci w wieku szkolnym, mira imi\u0119, tekst o rodzinie<\/p>\n<p>yyyyy<\/p>\n<p>&nbsp;<\/p>\n","protected":false},"excerpt":{"rendered":"<p>Chicco Baby Moments Sensitive delikatne mleczko do cia\u0142a 500 ml. Chicco Baby Moments Sensitive najlepsza cena. Chicco kup teraz. Chicco Baby Moments Sensitive Delikatne Mleczko Do Cia\u0142a 500Ml Chicco prezent pod choink\u0119 dla 7 letniej dziewczynki, bajki dla niemowlakow, wakacje kolorowanka, quiz o \u015bwi\u0119tach, imi\u0119 nadia, plan lekcji do druku, atrakcje dla dzieci wroclaw, karaluchy [&hellip;]<\/p>\n","protected":false},"featured_media":7107,"comment_status":"closed","ping_status":"open","template":"","meta":[],"product_cat":[312,474],"product_tag":[781,763,639,687,625,788],"class_list":["post-7106","product","type-product","status-publish","has-post-thumbnail","hentry","product_cat-chicco","product_cat-kosmetyki-dla-dzieci-i-niemowlat","product_tag-cytaty-o-wychowaniu-dzieci","product_tag-fabian","product_tag-nela-imie","product_tag-podchwytliwe-zagadki-matematyczne","product_tag-trojmiasto-atrakcje-dla-dzieci","product_tag-zagadki-krotkie"],"_links":{"self":[{"href":"http:\/\/klubmamgdynia.pl\/index.php\/wp-json\/wp\/v2\/product\/7106","targetHints":{"allow":["GET"]}}],"collection":[{"href":"http:\/\/klubmamgdynia.pl\/index.php\/wp-json\/wp\/v2\/product"}],"about":[{"href":"http:\/\/klubmamgdynia.pl\/index.php\/wp-json\/wp\/v2\/types\/product"}],"replies":[{"embeddable":true,"href":"http:\/\/klubmamgdynia.pl\/index.php\/wp-json\/wp\/v2\/comments?post=7106"}],"wp:featuredmedia":[{"embeddable":true,"href":"http:\/\/klubmamgdynia.pl\/index.php\/wp-json\/wp\/v2\/media\/7107"}],"wp:attachment":[{"href":"http:\/\/klubmamgdynia.pl\/index.php\/wp-json\/wp\/v2\/media?parent=7106"}],"wp:term":[{"taxonomy":"product_cat","embeddable":true,"href":"http:\/\/klubmamgdynia.pl\/index.php\/wp-json\/wp\/v2\/product_cat?post=7106"},{"taxonomy":"product_tag","embeddable":true,"href":"http:\/\/klubmamgdynia.pl\/index.php\/wp-json\/wp\/v2\/product_tag?post=7106"}],"curies":[{"name":"wp","href":"https:\/\/api.w.org\/{rel}","templated":true}]}}