{"id":7114,"date":"2014-10-07T18:11:59","date_gmt":"2014-10-07T16:11:59","guid":{"rendered":"http:\/\/klubmamgdynia.pl\/index.php\/produkt\/pierot-bush-baby-ksiezczniczka-melina\/"},"modified":"2026-04-20T14:55:26","modified_gmt":"2026-04-20T12:55:26","slug":"pierot-bush-baby-ksiezczniczka-melina","status":"publish","type":"product","link":"http:\/\/klubmamgdynia.pl\/index.php\/produkt\/pierot-bush-baby-ksiezczniczka-melina\/","title":{"rendered":"Pierot Bush Baby Ksi\u0119\u017cczniczka Melina"},"content":{"rendered":"<p>Poznaj \u015bwiat Bush Baby!Znajdziesz tam \u015anie\u017cn\u0105 g\u00f3r\u0119, zamieszkiwan\u0105 przez urocze \u015anie\u017cynki, Faluj\u0105cy las, gdzie mieszkaj\u0105 Bush Babies ze skrzyd\u0142ami, Kwiecist\u0105 \u0142\u0105k\u0119, o kt\u00f3r\u0105 dbaj\u0105 Kwiatuszki, T\u0119czowe wzg\u00f3rze b\u0119d\u0105ce najbarwniejszym miejscem w ca\u0142ej krainie, Kryszta\u0142ow\u0105 jaskini\u0119, w kt\u00f3rej Kryszta\u0142ki wydobywaj\u0105 &#8211; a jak\u017ce &#8211; Kryszta\u0142y i wiele, wiele innych!Centralnym miejscem jest Drzewo marze\u0144, znajduj\u0105ce si\u0119 w Lesie sennego py\u0142u.Co wiecz\u00f3r z jego li\u015bci wydobywa si\u0119 zaczarowany py\u0142, kt\u00f3ry zsy\u0142a wszystkim Bush Babies wspania\u0142e sny!To tutaj mieszkaj\u0105 jego Stra\u017cnicy.Niemniej wa\u017cna jest B\u0142yszcz\u0105ca g\u00f3ra &#8211; tutaj mieszka Ksi\u0119\u017cniczka Melina wraz ze swoimi przyjaci\u00f3\u0142kami Lady Lexi oraz Lady Lulu.Ksi\u0119\u017cniczka Melina jest jedyn\u0105 osob\u0105, kt\u00f3ra mo\u017ce zbiera\u0107 z B\u0142yszcz\u0105cej g\u00f3ry gwiazdki, tak bardzo wa\u017cne w ochronie Drzewa Marze\u0144.Weso\u0142a i pe\u0142na pozytywnej energii, nieco zwariowana, ale wspania\u0142a w\u0142adczyni &#8211; oto ona!Zawsze nosi przy sobie ber\u0142o oraz grzebie\u0144, by utrzyma\u0107 w ryzach swoj\u0105 niesforn\u0105 fryzur\u0119.Ma burz\u0119 r\u00f3\u017cowych w\u0142os\u00f3w, kt\u00f3re wprost czekaj\u0105 na to, aby kto\u015b je fantazyjnie u\u0142o\u017cy\u0142!Nie zapomina te\u017c o \u015bwiec\u0105cym worku, do kt\u00f3rego zbiera gwiazdki ze zbocza g\u00f3ry.Je\u017celi naci\u015bniesz niewielkie zag\u0142\u0119bienie z ty\u0142u jej g\u0142owy, zobaczysz, jak porusza swoimi du\u017cymi oczami i strzy\u017ce uszami!Mo\u017cesz je tak\u017ce poci\u0105gn\u0105\u0107, ale uwa\u017caj, by nie robi\u0107 tego zbyt mocno.Ksi\u0119\u017cniczka Melina ma uroczy pyszczek i szaro-r\u00f3\u017cowe futerko.I jest taka mi\u0119ciutka!Po wi\u0119cej przyg\u00f3d Bush Babies, zajrzyj na interaktywn\u0105 stron\u0119 pl.bushbaby.world i zbierz je wszystkie!ZAWARTO\u015a\u0106:- Bush baby- Grzebyk- Ber\u0142o- Worek- GniazdkoWIEK:4 +WAGA:380gWYMIARY:wymiary pude\u0142ka: 21 x 19 x 12 cmwysoko\u015b\u0107 zabawki: ok cmUWAGI:Ze wzgl\u0119d\u00f3w bezpiecze\u0144stwa usu\u0144 wszystkie plastikowe lub gumowe opaski i przywieszki oraz pozosta\u0142e mocowania zanim podasz zabawk\u0119 dziecku do zabawy.<\/p>\n<h2>Pierot Bush Baby Ksi\u0119\u017cczniczka Melina Pierot<\/h2>\n<p>tabliczka mno\u017cenia karty pracy do druku, zima z\u0142a tekst, zagadki \u015bmieszne podchwytliwe, natan imi\u0119, p\u0142onie ognisko w lesie, wiosenna kolorowanka, praktyczny prezent dla rocznego dziecka, bajki do czytania dla dzieci, testy z lektury opowie\u015bci z narnii lew czarownica i stara szafa, maski do druku, kolorowanka lol do druku, nietypowe atrakcje dla dzieci, kr\u00f3tkie zagadki dla dzieci, zygzak mcqueen kolorowanka, cytaty korczak, kartki na dobranoc dla przyjaci\u00f3\u0142, pokemon kolorowanka, sky kolorowanka<\/p>\n<p>yyyyy<\/p>\n<p>&nbsp;<\/p>\n","protected":false},"excerpt":{"rendered":"<p>Poznaj \u015bwiat Bush Baby!Znajdziesz tam \u015anie\u017cn\u0105 g\u00f3r\u0119, zamieszkiwan\u0105 przez urocze \u015anie\u017cynki, Faluj\u0105cy las, gdzie mieszkaj\u0105 Bush Babies ze skrzyd\u0142ami, Kwiecist\u0105 \u0142\u0105k\u0119, o kt\u00f3r\u0105 dbaj\u0105 Kwiatuszki, T\u0119czowe wzg\u00f3rze b\u0119d\u0105ce najbarwniejszym miejscem w ca\u0142ej krainie, Kryszta\u0142ow\u0105 jaskini\u0119, w kt\u00f3rej Kryszta\u0142ki wydobywaj\u0105 &#8211; a jak\u017ce &#8211; Kryszta\u0142y i wiele, wiele innych!Centralnym miejscem jest Drzewo marze\u0144, znajduj\u0105ce si\u0119 w [&hellip;]<\/p>\n","protected":false},"featured_media":7115,"comment_status":"closed","ping_status":"open","template":"","meta":[],"product_cat":[1535,39],"product_tag":[730,616,675,635],"class_list":["post-7114","product","type-product","status-publish","has-post-thumbnail","hentry","product_cat-pierot","product_cat-zabawki-interaktywne","product_tag-karyna","product_tag-test-mikolajek-25-pytan","product_tag-test-z-lektury-kajko-i-kokosz-szkola-latania","product_tag-znaki-drogowe-do-druku"],"_links":{"self":[{"href":"http:\/\/klubmamgdynia.pl\/index.php\/wp-json\/wp\/v2\/product\/7114","targetHints":{"allow":["GET"]}}],"collection":[{"href":"http:\/\/klubmamgdynia.pl\/index.php\/wp-json\/wp\/v2\/product"}],"about":[{"href":"http:\/\/klubmamgdynia.pl\/index.php\/wp-json\/wp\/v2\/types\/product"}],"replies":[{"embeddable":true,"href":"http:\/\/klubmamgdynia.pl\/index.php\/wp-json\/wp\/v2\/comments?post=7114"}],"wp:featuredmedia":[{"embeddable":true,"href":"http:\/\/klubmamgdynia.pl\/index.php\/wp-json\/wp\/v2\/media\/7115"}],"wp:attachment":[{"href":"http:\/\/klubmamgdynia.pl\/index.php\/wp-json\/wp\/v2\/media?parent=7114"}],"wp:term":[{"taxonomy":"product_cat","embeddable":true,"href":"http:\/\/klubmamgdynia.pl\/index.php\/wp-json\/wp\/v2\/product_cat?post=7114"},{"taxonomy":"product_tag","embeddable":true,"href":"http:\/\/klubmamgdynia.pl\/index.php\/wp-json\/wp\/v2\/product_tag?post=7114"}],"curies":[{"name":"wp","href":"https:\/\/api.w.org\/{rel}","templated":true}]}}