{"id":7122,"date":"2011-05-19T08:28:58","date_gmt":"2011-05-19T06:28:58","guid":{"rendered":"http:\/\/klubmamgdynia.pl\/index.php\/produkt\/bandai-hguc-1-144-ms-09-dom-ms-09r-rick-dom-gun85508p\/"},"modified":"2026-04-30T10:57:31","modified_gmt":"2026-04-30T08:57:31","slug":"bandai-hguc-1-144-ms-09-dom-ms-09r-rick-dom-gun85508p","status":"publish","type":"product","link":"http:\/\/klubmamgdynia.pl\/index.php\/produkt\/bandai-hguc-1-144-ms-09-dom-ms-09r-rick-dom-gun85508p\/","title":{"rendered":"Bandai Hguc 1\/144 Ms-09 Dom\/Ms-09R Rick-Dom Gun85508P"},"content":{"rendered":"<p>Modele Gundam (\u30ac\u30f3\u30c0\u30e0) zwane r\u00f3wnie\u017c jako GUNPLA to modelowe zestawy przedstawiaj\u0105ce w unikalny spos\u00f3b pojazdy i postacie fikcyjnego wszech\u015bwiata Mobile Suit Gundam autorstwa Bandai<\/p>\n<h2>Bandai Hguc 1\/144 Ms-09 Dom\/Ms-09R Rick-Dom Gun85508P Bandai<\/h2>\n<p>m\u0105dre cytaty dla dzieci, maska kota, kolorowanka anio\u0142ek, prezent dla dziecka 1 rok, bajka na dobranoc do czytania, trudne zagadki matematyczne, wiosenne zagadki dla dzieci, zaproszenia urodzinowe do wydruku chomikuj, asiunia test, kolorowanka spiderman, imi\u0119 r\u00f3\u017ca, oskar imi\u0119<\/p>\n<p>yyyyy<\/p>\n<p>&nbsp;<\/p>\n","protected":false},"excerpt":{"rendered":"<p>Modele Gundam (\u30ac\u30f3\u30c0\u30e0) zwane r\u00f3wnie\u017c jako GUNPLA to modelowe zestawy przedstawiaj\u0105ce w unikalny spos\u00f3b pojazdy i postacie fikcyjnego wszech\u015bwiata Mobile Suit Gundam autorstwa Bandai Bandai Hguc 1\/144 Ms-09 Dom\/Ms-09R Rick-Dom Gun85508P Bandai m\u0105dre cytaty dla dzieci, maska kota, kolorowanka anio\u0142ek, prezent dla dziecka 1 rok, bajka na dobranoc do czytania, trudne zagadki matematyczne, wiosenne zagadki [&hellip;]<\/p>\n","protected":false},"featured_media":7123,"comment_status":"closed","ping_status":"open","template":"","meta":[],"product_cat":[96,97],"product_tag":[754,622,674,816,840],"class_list":["post-7122","product","type-product","status-publish","has-post-thumbnail","hentry","product_cat-bandai","product_cat-figurki-kolekcjonerskie","product_tag-dyplomy-do-wydrukowania-a4","product_tag-fajne-zagadki","product_tag-miasto-dzieci","product_tag-place-zabaw-warszawa","product_tag-stare-bajki"],"_links":{"self":[{"href":"http:\/\/klubmamgdynia.pl\/index.php\/wp-json\/wp\/v2\/product\/7122","targetHints":{"allow":["GET"]}}],"collection":[{"href":"http:\/\/klubmamgdynia.pl\/index.php\/wp-json\/wp\/v2\/product"}],"about":[{"href":"http:\/\/klubmamgdynia.pl\/index.php\/wp-json\/wp\/v2\/types\/product"}],"replies":[{"embeddable":true,"href":"http:\/\/klubmamgdynia.pl\/index.php\/wp-json\/wp\/v2\/comments?post=7122"}],"wp:featuredmedia":[{"embeddable":true,"href":"http:\/\/klubmamgdynia.pl\/index.php\/wp-json\/wp\/v2\/media\/7123"}],"wp:attachment":[{"href":"http:\/\/klubmamgdynia.pl\/index.php\/wp-json\/wp\/v2\/media?parent=7122"}],"wp:term":[{"taxonomy":"product_cat","embeddable":true,"href":"http:\/\/klubmamgdynia.pl\/index.php\/wp-json\/wp\/v2\/product_cat?post=7122"},{"taxonomy":"product_tag","embeddable":true,"href":"http:\/\/klubmamgdynia.pl\/index.php\/wp-json\/wp\/v2\/product_tag?post=7122"}],"curies":[{"name":"wp","href":"https:\/\/api.w.org\/{rel}","templated":true}]}}