{"id":7128,"date":"2016-07-03T17:58:45","date_gmt":"2016-07-03T15:58:45","guid":{"rendered":"http:\/\/klubmamgdynia.pl\/index.php\/produkt\/vermeiren-skuter-elektryczny-venus-4\/"},"modified":"2026-04-06T08:54:50","modified_gmt":"2026-04-06T06:54:50","slug":"vermeiren-skuter-elektryczny-venus-4","status":"publish","type":"product","link":"http:\/\/klubmamgdynia.pl\/index.php\/produkt\/vermeiren-skuter-elektryczny-venus-4\/","title":{"rendered":"Vermeiren Skuter Elektryczny Venus 4"},"content":{"rendered":"<p>Venus 4 sport L w\u00f3zek inwalidzki typu skuter. Jest ma\u0142y i sk\u0142adany, do u\u017cytku wewn\u0105trz pomieszcze\u0144 zamkni\u0119tych , w supermarketach du\u017cych centrach handlowych ale r\u00f3wnie\u017c znakomicie spisuj\u0105ce si\u0119 na zewn\u0105trz budynk\u00f3w . Wsz\u0119dzie tam gdzie jest w miar\u0119 r\u00f3wna nawierzchnia jezdna ,np. w parkach miejskich. Poniewa\u017c jego konstrukcja jest lekka i dajaca si\u0119 w \u0142atwy i szybki spos\u00f3b sk\u0142ada\u0107 do ma\u0142y rozmiar\u00f3w mo\u017cna go przewozi\u0107 bez \u017cadnych problem\u00f3w w baga\u017cniku auta. stabilno\u015b\u0107, styl i wygoda , nadzwyczajna mobilno\u015b\u0107, wytrzyma\u0142o\u015b\u0107. Perfekcyjny w pomieszczeniach . zalety : wygodne siedzenie i oparciekoszyk obracany fotel mo\u017cliwo\u015b\u0107 pchanianachylana kolumna kierowniczaodchylane pod\u0142okietniki\u0142atwy w transporcie ergonomiczny kompaktowy Dane techniczne:<\/p>\n<h2>Vermeiren Skuter Elektryczny Venus 4 Vermeiren<\/h2>\n<p>\u0142amig\u0142\u00f3wki dla dzieci do druku, co kupi\u0107 dziewczynce na roczek, wzruszaj\u0105ce s\u0142owa dla przyjaciela, okolice wroc\u0142awia, prezent na pierwsze urodziny, gdzie strumyk p\u0142ynie z wolna, gabriel<\/p>\n<p>yyyyy<\/p>\n<p>&nbsp;<\/p>\n","protected":false},"excerpt":{"rendered":"<p>Venus 4 sport L w\u00f3zek inwalidzki typu skuter. Jest ma\u0142y i sk\u0142adany, do u\u017cytku wewn\u0105trz pomieszcze\u0144 zamkni\u0119tych , w supermarketach du\u017cych centrach handlowych ale r\u00f3wnie\u017c znakomicie spisuj\u0105ce si\u0119 na zewn\u0105trz budynk\u00f3w . Wsz\u0119dzie tam gdzie jest w miar\u0119 r\u00f3wna nawierzchnia jezdna ,np. w parkach miejskich. Poniewa\u017c jego konstrukcja jest lekka i dajaca si\u0119 w \u0142atwy [&hellip;]<\/p>\n","protected":false},"featured_media":7129,"comment_status":"closed","ping_status":"open","template":"","meta":[],"product_cat":[1536,1537],"product_tag":[688,677,759,631],"class_list":["post-7128","product","type-product","status-publish","has-post-thumbnail","hentry","product_cat-vermeiren","product_cat-wozki-inwalidzkie-balkoniki-i-laski","product_tag-kolysanki-tekst","product_tag-milosz-imie","product_tag-pomysly-na-prezent-dla-nastolatkow","product_tag-prezent-na-roczek"],"_links":{"self":[{"href":"http:\/\/klubmamgdynia.pl\/index.php\/wp-json\/wp\/v2\/product\/7128","targetHints":{"allow":["GET"]}}],"collection":[{"href":"http:\/\/klubmamgdynia.pl\/index.php\/wp-json\/wp\/v2\/product"}],"about":[{"href":"http:\/\/klubmamgdynia.pl\/index.php\/wp-json\/wp\/v2\/types\/product"}],"replies":[{"embeddable":true,"href":"http:\/\/klubmamgdynia.pl\/index.php\/wp-json\/wp\/v2\/comments?post=7128"}],"wp:featuredmedia":[{"embeddable":true,"href":"http:\/\/klubmamgdynia.pl\/index.php\/wp-json\/wp\/v2\/media\/7129"}],"wp:attachment":[{"href":"http:\/\/klubmamgdynia.pl\/index.php\/wp-json\/wp\/v2\/media?parent=7128"}],"wp:term":[{"taxonomy":"product_cat","embeddable":true,"href":"http:\/\/klubmamgdynia.pl\/index.php\/wp-json\/wp\/v2\/product_cat?post=7128"},{"taxonomy":"product_tag","embeddable":true,"href":"http:\/\/klubmamgdynia.pl\/index.php\/wp-json\/wp\/v2\/product_tag?post=7128"}],"curies":[{"name":"wp","href":"https:\/\/api.w.org\/{rel}","templated":true}]}}