{"id":714,"date":"2013-07-21T04:59:48","date_gmt":"2013-07-21T02:59:48","guid":{"rendered":"http:\/\/klubmamgdynia.pl\/index.php\/produkt\/adamigo-na-straganie\/"},"modified":"2026-05-17T22:57:17","modified_gmt":"2026-05-17T20:57:17","slug":"adamigo-na-straganie","status":"publish","type":"product","link":"http:\/\/klubmamgdynia.pl\/index.php\/produkt\/adamigo-na-straganie\/","title":{"rendered":"Adamigo Na Straganie"},"content":{"rendered":"<p>Wybierz si\u0119 na stragan po pyszne owoce i warzywa.We\u017a ze sob\u0105 koszyk i zdecyduj, co chcesz kupi\u0107 spo\u015br\u00f3d kolorowych, \u015bwie\u017cych produkt\u00f3w.Twoim zadaniem jest zape\u0142ni\u0107 jak najwi\u0119cej koszyk\u00f3w.Podczas gry napotkamy na r\u00f3\u017cne zdarzenia, kt\u00f3re u\u0142atwi\u0105 lub utrudni\u0105 nam zrobienie zakup\u00f3w.Wypatruj samochodu ze \u015bwie\u017c\u0105 dostaw\u0105 , aby zdoby\u0107 potrzebne produkty.Nie zapomnij zabra\u0107 kolejnego koszyka, gdy poprzednie si\u0119 zape\u0142ni\u0105.ZAWARTO\u015a\u0106:- plansza do gry- 18 kart z koszykami- 4 pionki- 2 kostki do gry- instrukcj\u0119WIEK:3+LICZBA GRACZY:2 &#8211; 4WYMIARY:opakowania: 24 x 15 x 4 cmWAGA:430 gUWAGI:Ostrze\u017cenie!Nie nadaje si\u0119 dla dzieci w wieku poni\u017cej 3 lat.Zawiera ma\u0142e elementy &#8211; ryzyko zad\u0142awienia.Zachowaj opakowanie i instrukcj\u0119, zawieraj\u0105 wa\u017cne informacje.<\/p>\n<h2>Adamigo Na Straganie Adamigo<\/h2>\n<p>marcel znaczenie imienia, kalendarz adwentowy diy z rolek, w uk\u0142adzie s\u0142onecznym tekst, koty kolorowanki, dyplomy dla dzieci do druku, karty pracy polsko ukrai\u0144skie, matylda znaczenie imienia, bajki dla dziewczynek<\/p>\n<p>yyyyy<\/p>\n<p>&nbsp;<\/p>\n","protected":false},"excerpt":{"rendered":"<p>Wybierz si\u0119 na stragan po pyszne owoce i warzywa.We\u017a ze sob\u0105 koszyk i zdecyduj, co chcesz kupi\u0107 spo\u015br\u00f3d kolorowych, \u015bwie\u017cych produkt\u00f3w.Twoim zadaniem jest zape\u0142ni\u0107 jak najwi\u0119cej koszyk\u00f3w.Podczas gry napotkamy na r\u00f3\u017cne zdarzenia, kt\u00f3re u\u0142atwi\u0105 lub utrudni\u0105 nam zrobienie zakup\u00f3w.Wypatruj samochodu ze \u015bwie\u017c\u0105 dostaw\u0105 , aby zdoby\u0107 potrzebne produkty.Nie zapomnij zabra\u0107 kolejnego koszyka, gdy poprzednie si\u0119 [&hellip;]<\/p>\n","protected":false},"featured_media":715,"comment_status":"closed","ping_status":"open","template":"","meta":[],"product_cat":[234,130],"product_tag":[729,591,800],"class_list":["post-714","product","type-product","status-publish","has-post-thumbnail","hentry","product_cat-adamigo","product_cat-gry-dzieciece","product_tag-madre-bajki-dla-dzieci-do-czytania","product_tag-quiz-o-minecraft","product_tag-zagadki-smieszne"],"_links":{"self":[{"href":"http:\/\/klubmamgdynia.pl\/index.php\/wp-json\/wp\/v2\/product\/714","targetHints":{"allow":["GET"]}}],"collection":[{"href":"http:\/\/klubmamgdynia.pl\/index.php\/wp-json\/wp\/v2\/product"}],"about":[{"href":"http:\/\/klubmamgdynia.pl\/index.php\/wp-json\/wp\/v2\/types\/product"}],"replies":[{"embeddable":true,"href":"http:\/\/klubmamgdynia.pl\/index.php\/wp-json\/wp\/v2\/comments?post=714"}],"wp:featuredmedia":[{"embeddable":true,"href":"http:\/\/klubmamgdynia.pl\/index.php\/wp-json\/wp\/v2\/media\/715"}],"wp:attachment":[{"href":"http:\/\/klubmamgdynia.pl\/index.php\/wp-json\/wp\/v2\/media?parent=714"}],"wp:term":[{"taxonomy":"product_cat","embeddable":true,"href":"http:\/\/klubmamgdynia.pl\/index.php\/wp-json\/wp\/v2\/product_cat?post=714"},{"taxonomy":"product_tag","embeddable":true,"href":"http:\/\/klubmamgdynia.pl\/index.php\/wp-json\/wp\/v2\/product_tag?post=714"}],"curies":[{"name":"wp","href":"https:\/\/api.w.org\/{rel}","templated":true}]}}