{"id":7144,"date":"2023-11-02T00:17:49","date_gmt":"2023-11-01T23:17:49","guid":{"rendered":"http:\/\/klubmamgdynia.pl\/?post_type=product&#038;p=7144"},"modified":"2026-04-06T10:51:35","modified_gmt":"2026-04-06T08:51:35","slug":"figurka-gundam-hguc-1-144-blue-destiny-unit-3-exam","status":"publish","type":"product","link":"http:\/\/klubmamgdynia.pl\/index.php\/produkt\/figurka-gundam-hguc-1-144-blue-destiny-unit-3-exam\/","title":{"rendered":"FIGURKA GUNDAM HGUC 1\/144 BLUE DESTINY UNIT 3 EXAM"},"content":{"rendered":"<p>PROMOCJA &#8211; TANIA DOSTAWA ! &#8211; Figurka kolekcjonerska BANDAI HGUC 1\/144 BLUE DESTINY UNIT 3 EXAM GUN80573 &#8211; PACZKOMAT, POCZTA, KURIER<\/p>\n<h2>FIGURKA GUNDAM HGUC 1\/144 BLUE DESTINY UNIT 3 EXAM Bandai<\/h2>\n<p>zagadki o wio\u015bnie dla dzieci, zagadki o owocach, gry planszowe dla nastolatk\u00f3w, \u0142\u00f3d\u017a atrakcje dla dzieci, kamila, prezent roczek, stolice europy quiz, trudne zagadki, lato, imi\u0119 mira, atrakcje dla dzieci warszawa 2021<\/p>\n<p>yyyyy<\/p>\n<p>&nbsp;<\/p>\n","protected":false},"excerpt":{"rendered":"<p>PROMOCJA &#8211; TANIA DOSTAWA ! &#8211; Figurka kolekcjonerska BANDAI HGUC 1\/144 BLUE DESTINY UNIT 3 EXAM GUN80573 &#8211; PACZKOMAT, POCZTA, KURIER FIGURKA GUNDAM HGUC 1\/144 BLUE DESTINY UNIT 3 EXAM Bandai zagadki o wio\u015bnie dla dzieci, zagadki o owocach, gry planszowe dla nastolatk\u00f3w, \u0142\u00f3d\u017a atrakcje dla dzieci, kamila, prezent roczek, stolice europy quiz, trudne zagadki, [&hellip;]<\/p>\n","protected":false},"featured_media":7145,"comment_status":"closed","ping_status":"open","template":"","meta":[],"product_cat":[96,97],"product_tag":[664,777,743,701],"class_list":["post-7144","product","type-product","status-publish","has-post-thumbnail","hentry","product_cat-bandai","product_cat-figurki-kolekcjonerskie","product_tag-atrakcje-dla-dzieci-trojmiasto","product_tag-co-na-roczek","product_tag-quiz-dla-dzieci","product_tag-zgadywanki-dla-dzieci"],"_links":{"self":[{"href":"http:\/\/klubmamgdynia.pl\/index.php\/wp-json\/wp\/v2\/product\/7144","targetHints":{"allow":["GET"]}}],"collection":[{"href":"http:\/\/klubmamgdynia.pl\/index.php\/wp-json\/wp\/v2\/product"}],"about":[{"href":"http:\/\/klubmamgdynia.pl\/index.php\/wp-json\/wp\/v2\/types\/product"}],"replies":[{"embeddable":true,"href":"http:\/\/klubmamgdynia.pl\/index.php\/wp-json\/wp\/v2\/comments?post=7144"}],"wp:featuredmedia":[{"embeddable":true,"href":"http:\/\/klubmamgdynia.pl\/index.php\/wp-json\/wp\/v2\/media\/7145"}],"wp:attachment":[{"href":"http:\/\/klubmamgdynia.pl\/index.php\/wp-json\/wp\/v2\/media?parent=7144"}],"wp:term":[{"taxonomy":"product_cat","embeddable":true,"href":"http:\/\/klubmamgdynia.pl\/index.php\/wp-json\/wp\/v2\/product_cat?post=7144"},{"taxonomy":"product_tag","embeddable":true,"href":"http:\/\/klubmamgdynia.pl\/index.php\/wp-json\/wp\/v2\/product_tag?post=7144"}],"curies":[{"name":"wp","href":"https:\/\/api.w.org\/{rel}","templated":true}]}}