{"id":7170,"date":"2011-05-11T13:30:21","date_gmt":"2011-05-11T11:30:21","guid":{"rendered":"http:\/\/klubmamgdynia.pl\/index.php\/produkt\/pakiet-inna-panna-bridgerton-czyli-rejs-ku-milosci-jak-zaczyna-sie-milosc-cztery-noce-z-ksieciem\/"},"modified":"2026-05-17T22:03:36","modified_gmt":"2026-05-17T20:03:36","slug":"pakiet-inna-panna-bridgerton-czyli-rejs-ku-milosci-jak-zaczyna-sie-milosc-cztery-noce-z-ksieciem","status":"publish","type":"product","link":"http:\/\/klubmamgdynia.pl\/index.php\/produkt\/pakiet-inna-panna-bridgerton-czyli-rejs-ku-milosci-jak-zaczyna-sie-milosc-cztery-noce-z-ksieciem\/","title":{"rendered":"Pakiet: Inna panna Bridgerton, czyli rejs ku mi\u0142o\u015bci, Jak zaczyna si\u0119 mi\u0142o\u015b\u0107, Cztery noce z ksi\u0119ciem"},"content":{"rendered":"<p>Pakiet Inna Panna Jak Zaczyna Cztery Noce<\/p>\n<h2>Pakiet: Inna panna Bridgerton, czyli rejs ku mi\u0142o\u015bci, Jak zaczyna si\u0119 mi\u0142o\u015b\u0107, Cztery noce z ksi\u0119ciem <\/h2>\n<p>test z lektury dzieci z bullerbyn, bajka o \u017cabie, maska batmana do druku, impreza halloween 2021 dla dzieci, bajka o miko\u0142aju do czytania, film rodzinny o \u015bwi\u0119tach<\/p>\n<p>yyyyy<\/p>\n<p>&nbsp;<\/p>\n","protected":false},"excerpt":{"rendered":"<p>Pakiet Inna Panna Jak Zaczyna Cztery Noce Pakiet: Inna panna Bridgerton, czyli rejs ku mi\u0142o\u015bci, Jak zaczyna si\u0119 mi\u0142o\u015b\u0107, Cztery noce z ksi\u0119ciem test z lektury dzieci z bullerbyn, bajka o \u017cabie, maska batmana do druku, impreza halloween 2021 dla dzieci, bajka o miko\u0142aju do czytania, film rodzinny o \u015bwi\u0119tach yyyyy &nbsp;<\/p>\n","protected":false},"featured_media":7171,"comment_status":"closed","ping_status":"open","template":"","meta":[],"product_cat":[1544],"product_tag":[839,852,590,806,576,597],"class_list":["post-7170","product","type-product","status-publish","has-post-thumbnail","hentry","product_cat-romanse","product_tag-bajki-na-dobranoc-do-czytania","product_tag-jak-zrobic-samolot-z-papieru","product_tag-plac-zabaw-warszawa","product_tag-prezent-dla-dziecka-na-roczek","product_tag-trudne-zagadki","product_tag-zagadki-o-zimie"],"_links":{"self":[{"href":"http:\/\/klubmamgdynia.pl\/index.php\/wp-json\/wp\/v2\/product\/7170","targetHints":{"allow":["GET"]}}],"collection":[{"href":"http:\/\/klubmamgdynia.pl\/index.php\/wp-json\/wp\/v2\/product"}],"about":[{"href":"http:\/\/klubmamgdynia.pl\/index.php\/wp-json\/wp\/v2\/types\/product"}],"replies":[{"embeddable":true,"href":"http:\/\/klubmamgdynia.pl\/index.php\/wp-json\/wp\/v2\/comments?post=7170"}],"wp:featuredmedia":[{"embeddable":true,"href":"http:\/\/klubmamgdynia.pl\/index.php\/wp-json\/wp\/v2\/media\/7171"}],"wp:attachment":[{"href":"http:\/\/klubmamgdynia.pl\/index.php\/wp-json\/wp\/v2\/media?parent=7170"}],"wp:term":[{"taxonomy":"product_cat","embeddable":true,"href":"http:\/\/klubmamgdynia.pl\/index.php\/wp-json\/wp\/v2\/product_cat?post=7170"},{"taxonomy":"product_tag","embeddable":true,"href":"http:\/\/klubmamgdynia.pl\/index.php\/wp-json\/wp\/v2\/product_tag?post=7170"}],"curies":[{"name":"wp","href":"https:\/\/api.w.org\/{rel}","templated":true}]}}