{"id":7178,"date":"2020-10-13T20:05:10","date_gmt":"2020-10-13T18:05:10","guid":{"rendered":"http:\/\/klubmamgdynia.pl\/index.php\/produkt\/medargin-30-saszetek\/"},"modified":"2026-04-27T10:26:30","modified_gmt":"2026-04-27T08:26:30","slug":"medargin-30-saszetek","status":"publish","type":"product","link":"http:\/\/klubmamgdynia.pl\/index.php\/produkt\/medargin-30-saszetek\/","title":{"rendered":"Medargin 30 saszetek"},"content":{"rendered":"<p>Suplement dietyMedargin jest suplementem diety zawieraj\u0105cym L-arginin\u0119 w postaci soli chlorowodorku. Arginina stosowana jako uzupe\u0142nienie diety pomaga w utrzymaniu prawid\u0142owego ci\u015bnienia t\u0119tniczego krwi oraz odgrywa wa\u017cn\u0105 rol\u0119 w zmniejszaniu ryzyka wyst\u0105pienia mia\u017cd\u017cycy i profilaktyce innych chor\u00f3b uk\u0142adu sercowo-naczyniowego.Zastosowanie: uzupe\u0142nienie codziennej diety w L-arginin\u0119. Preparat przeznaczony jest dla os\u00f3b doros\u0142ych.Zalecane spo\u017cycie: doro\u015bli: je\u017celi nie zosta\u0142o zlecone inaczej nale\u017cy stosowa\u0107 1 saszetk\u0119 3 razy dziennie. Zawarto\u015b\u0107 saszetki nale\u017cy rozpu\u015bci\u0107 w soku owocowym, wodzie lub jogurcie.Sk\u0142adniki: chlorowodorek L-argininy.1 saszetka zawiera: 2,416g chlorowodorku L-argininy co odpowiada 2,0g L-argininy.Wa\u017cne wskaz\u00f3wki:Nie nale\u017cy przekracza\u0107 dziennej zalecanej porcji do spo\u017cycia.Zr\u00f3wnowa\u017cona i zr\u00f3\u017cnicowana dieta oraz zdrowy styl \u017cycia s\u0105 podstaw\u0105 zapewnienia prawid\u0142owego funkcjonowania organizmu.Suplement diety nie mo\u017ce by\u0107 stosowany jako substytut (zamiennik) zr\u00f3\u017cnicowanej diety.Przechowywa\u0107 w suchym miejscu, w temperaturze do 25\u00b0C, w spos\u00f3b niedost\u0119pny dla ma\u0142ych dzieci.Producent:Ethifarm Sp. z o.o., Sp. komandytowaUl. Hiacyntowa 3990-175 Pozna\u0144<\/p>\n<h2>Medargin 30 saszetek Curtis Healt<\/h2>\n<p>impreza halloween 2021 dla dzieci, dobrej nocy i sza, wiersz o g\u00f3rniku, fajne prezenty dla nastolatk\u00f3w, lodowiska w warszawie, kolorowanki antystresowe do druku, my little pony kolorowanki celestia, zagadki na logike, cytat z ma\u0142ego ksi\u0119cia o przyja\u017ani, prezenty dla 16 latki, bajka dla niemowlaka, kot rysunek dla dzieci, kolorowanki pokemon, trudne zagadki dla doros\u0142ych<\/p>\n<p>yyyyy<\/p>\n<p>&nbsp;<\/p>\n","protected":false},"excerpt":{"rendered":"<p>Suplement dietyMedargin jest suplementem diety zawieraj\u0105cym L-arginin\u0119 w postaci soli chlorowodorku. Arginina stosowana jako uzupe\u0142nienie diety pomaga w utrzymaniu prawid\u0142owego ci\u015bnienia t\u0119tniczego krwi oraz odgrywa wa\u017cn\u0105 rol\u0119 w zmniejszaniu ryzyka wyst\u0105pienia mia\u017cd\u017cycy i profilaktyce innych chor\u00f3b uk\u0142adu sercowo-naczyniowego.Zastosowanie: uzupe\u0142nienie codziennej diety w L-arginin\u0119. Preparat przeznaczony jest dla os\u00f3b doros\u0142ych.Zalecane spo\u017cycie: doro\u015bli: je\u017celi nie zosta\u0142o zlecone [&hellip;]<\/p>\n","protected":false},"featured_media":7179,"comment_status":"closed","ping_status":"open","template":"","meta":[],"product_cat":[1546,1547],"product_tag":[658,838,723,695,860],"class_list":["post-7178","product","type-product","status-publish","has-post-thumbnail","hentry","product_cat-curtis-healt","product_cat-uklad-krazenia-i-serce","product_tag-alan-znaczenie-imienia","product_tag-bajki-dla-dzieci-na-dobranoc","product_tag-krotkie-bajki-do-czytania-na-dobranoc","product_tag-rzadkie-imiona-zenskie","product_tag-zagadki-logiczne-dla-doroslych"],"_links":{"self":[{"href":"http:\/\/klubmamgdynia.pl\/index.php\/wp-json\/wp\/v2\/product\/7178","targetHints":{"allow":["GET"]}}],"collection":[{"href":"http:\/\/klubmamgdynia.pl\/index.php\/wp-json\/wp\/v2\/product"}],"about":[{"href":"http:\/\/klubmamgdynia.pl\/index.php\/wp-json\/wp\/v2\/types\/product"}],"replies":[{"embeddable":true,"href":"http:\/\/klubmamgdynia.pl\/index.php\/wp-json\/wp\/v2\/comments?post=7178"}],"wp:featuredmedia":[{"embeddable":true,"href":"http:\/\/klubmamgdynia.pl\/index.php\/wp-json\/wp\/v2\/media\/7179"}],"wp:attachment":[{"href":"http:\/\/klubmamgdynia.pl\/index.php\/wp-json\/wp\/v2\/media?parent=7178"}],"wp:term":[{"taxonomy":"product_cat","embeddable":true,"href":"http:\/\/klubmamgdynia.pl\/index.php\/wp-json\/wp\/v2\/product_cat?post=7178"},{"taxonomy":"product_tag","embeddable":true,"href":"http:\/\/klubmamgdynia.pl\/index.php\/wp-json\/wp\/v2\/product_tag?post=7178"}],"curies":[{"name":"wp","href":"https:\/\/api.w.org\/{rel}","templated":true}]}}