{"id":718,"date":"2012-08-04T10:13:47","date_gmt":"2012-08-04T08:13:47","guid":{"rendered":"http:\/\/klubmamgdynia.pl\/index.php\/produkt\/koszula-do-karmienia-wyprawka-do-porodu-m-38\/"},"modified":"2026-05-17T23:12:21","modified_gmt":"2026-05-17T21:12:21","slug":"koszula-do-karmienia-wyprawka-do-porodu-m-38","status":"publish","type":"product","link":"http:\/\/klubmamgdynia.pl\/index.php\/produkt\/koszula-do-karmienia-wyprawka-do-porodu-m-38\/","title":{"rendered":"Koszula Do Karmienia Wyprawka Do Porodu M\/38"},"content":{"rendered":"<p>Koszula nocna ci\u0105\u017cowado karmienia 2 sztukito jedna z rzeczy, kt\u00f3ra na pewno przyda si\u0119 przysz\u0142ej mamie.kiedy Tw\u00f3j brzuszek z dnia na dzie\u0144 ro\u015bnie, a Ty coraz bardziej nie mo\u017cesz doczeka\u0107 si\u0119,a\u017c na \u015bwiecie pojawi si\u0119 maluszek, masz czas na to, by zaopatrzy\u0107 si\u0119 w rzeczy, kt\u00f3re przydadz\u0105 Ci si\u0119 po porodzie.niezb\u0119dna b\u0119dzie Ci koszula ci\u0105\u017cowa do karmienia, kt\u00f3ra pozwoli Ci wygodnie nakarmi\u0107 dziecko w dowolnym momencie,bez zb\u0119dnego borykania si\u0119 z niewygodnymi ubraniami czy d\u0142ugimi koszulami nocnymi.nasza koszula ci\u0105\u017cowa wykonana jest z bawe\u0142ny,kt\u00f3ra nie tylko pozwoli Ci poczu\u0107 si\u0119 wygodnie i zapewni komfort Twojej sk\u00f3rze w tym wyj\u0105tkowym czasie,ale tak\u017ce nie podra\u017cni sk\u00f3ry noworodka podczas karmienia.dzi\u0119ki specjalnie uszytej koszuli ci\u0105\u017cowej,kt\u00f3ra ma dodatkowe rozpi\u0119cie specjalnie na potrzeby karmienia, b\u0119dziesz mog\u0142a szybko i wygodnie nakarmi\u0107 dziecko,a po zako\u0144czonym posi\u0142ku jednym ruchem zapniesz ubranie.Koszule ci\u0105\u017cowe nocne do karmienia &#8211; wygoda i funkcjonalno\u015b\u0107Na aukcji zakupujesz zestaw, kt\u00f3ry sprawdzi si\u0119 jako wyprawka do szpitala.Nasza wyprawka, to dwie koszule ci\u0105\u017cowe z funkcj\u0105 karmienia, zgrane kolorystycznie.SK\u0141AD: 100%bawe\u0142na, produkt turecki.<\/p>\n<h2>Koszula Do Karmienia Wyprawka Do Porodu M\/38 <\/h2>\n<p>zaproszenia na urodziny dla dzieci do druku, trudne zagadki i odpowiedzi, asiunia test, bajki na dobranoc psi patrol, miko\u0142ajek &#8211; test z odpowiedziami, ahmed, pierwsze urodziny prezent na roczek dla dziewczynki, kolorowanki dla ch\u0142opc\u00f3w do druku, plac zabaw pozna\u0144, ozdoby choinkowe dla dzieci, co kupi\u0107 nastolatce na urodziny, konkurencje sportowe dla dzieci, zabawy dla 10 latka, kolorowanka lego ninjago, zgadywanki dla dzieci, gad\u017cety dla nastolatk\u00f3w 2021, cytaty o rodzicach<\/p>\n<p>yyyyy<\/p>\n<p>&nbsp;<\/p>\n","protected":false},"excerpt":{"rendered":"<p>Koszula nocna ci\u0105\u017cowado karmienia 2 sztukito jedna z rzeczy, kt\u00f3ra na pewno przyda si\u0119 przysz\u0142ej mamie.kiedy Tw\u00f3j brzuszek z dnia na dzie\u0144 ro\u015bnie, a Ty coraz bardziej nie mo\u017cesz doczeka\u0107 si\u0119,a\u017c na \u015bwiecie pojawi si\u0119 maluszek, masz czas na to, by zaopatrzy\u0107 si\u0119 w rzeczy, kt\u00f3re przydadz\u0105 Ci si\u0119 po porodzie.niezb\u0119dna b\u0119dzie Ci koszula ci\u0105\u017cowa [&hellip;]<\/p>\n","protected":false},"featured_media":719,"comment_status":"closed","ping_status":"open","template":"","meta":[],"product_cat":[258],"product_tag":[817,687,814,711,770],"class_list":["post-718","product","type-product","status-publish","has-post-thumbnail","hentry","product_cat-bielizna-ciazowa","product_tag-bajka-terapeutyczna-o-emocjach","product_tag-podchwytliwe-zagadki-matematyczne","product_tag-prezenty-dla-nastolatek","product_tag-prezenty-dla-nastolatkow","product_tag-samolot-z-papieru"],"_links":{"self":[{"href":"http:\/\/klubmamgdynia.pl\/index.php\/wp-json\/wp\/v2\/product\/718","targetHints":{"allow":["GET"]}}],"collection":[{"href":"http:\/\/klubmamgdynia.pl\/index.php\/wp-json\/wp\/v2\/product"}],"about":[{"href":"http:\/\/klubmamgdynia.pl\/index.php\/wp-json\/wp\/v2\/types\/product"}],"replies":[{"embeddable":true,"href":"http:\/\/klubmamgdynia.pl\/index.php\/wp-json\/wp\/v2\/comments?post=718"}],"wp:featuredmedia":[{"embeddable":true,"href":"http:\/\/klubmamgdynia.pl\/index.php\/wp-json\/wp\/v2\/media\/719"}],"wp:attachment":[{"href":"http:\/\/klubmamgdynia.pl\/index.php\/wp-json\/wp\/v2\/media?parent=718"}],"wp:term":[{"taxonomy":"product_cat","embeddable":true,"href":"http:\/\/klubmamgdynia.pl\/index.php\/wp-json\/wp\/v2\/product_cat?post=718"},{"taxonomy":"product_tag","embeddable":true,"href":"http:\/\/klubmamgdynia.pl\/index.php\/wp-json\/wp\/v2\/product_tag?post=718"}],"curies":[{"name":"wp","href":"https:\/\/api.w.org\/{rel}","templated":true}]}}