{"id":7180,"date":"2017-12-09T11:11:49","date_gmt":"2017-12-09T10:11:49","guid":{"rendered":"http:\/\/klubmamgdynia.pl\/index.php\/produkt\/mucovagin-globulki-dopochwowe-10szt\/"},"modified":"2026-04-04T00:49:01","modified_gmt":"2026-04-03T22:49:01","slug":"mucovagin-globulki-dopochwowe-10szt","status":"publish","type":"product","link":"http:\/\/klubmamgdynia.pl\/index.php\/produkt\/mucovagin-globulki-dopochwowe-10szt\/","title":{"rendered":"Mucovagin globulki dopochwowe 10szt."},"content":{"rendered":"<p>Mucovagin globulki dopochwowe z drobnocz\u0105steczkowym kwasem hialuronowym, 10 sztuk\u00a0wyr\u00f3b medyczny                            <\/p>\n<p>Informacje o produkcieMucovagin globulki to innowacyjny preparat, posiadaj\u0105cy w swoim sk\u0142adzie formu\u0142\u0119 drobnocz\u0105steczkowego kwasu hialuronowego BASHYAL, opracowany z my\u015bl\u0105 o milionach kobiet, kt\u00f3re cierpi\u0105 z powodu sucho\u015bci miejsc intymnych.Mucovagin globulki dedykowany jest r\u00f3wnie\u017c kobietom po zabiegach ginekologicznych, w tym ginekologii estetycznej. Mucovagin globulki to szybkie\u00a0 nawil\u017cenie i regeneracja dla kobiet w ka\u017cdym wieku.                            <\/p>\n<p>Wskazaniagdy odczuwasz sucho\u015b\u0107 i dyskomfort (pieczenie, napi\u0119cie) okolic intymnychgdy odczuwasz dyskomfort podczas stosunku p\u0142ciowegow okresie menopauzy aby odbudowa\u0107 nab\u0142onek pochwygdy nie chcesz lub nie mo\u017cesz stosowa\u0107 hormonalnej terapii zast\u0119pczejgdy jeste\u015b po porodzie lub karmisz piersi\u0105po zabiegach i operacjach ginekologicznych (w tym ginekologii estetycznej)gdy stosujesz antykoncepcj\u0119 hormonaln\u0105aby poprawi\u0107 jako\u015b\u0107 \u017cycia intymnego                            <\/p>\n<p>Dzia\u0142anieAktywnym sk\u0142adnikiem jest kwas hialuronowy, kt\u00f3ry jest naturalnym budulcem organizmu ludzkiego. Kwas hialuronowy wi\u0105\u017c\u0105c si\u0119 z wilgotn\u0105 wydzielin\u0105 b\u0142ony \u015bluzowej pochwy, tworzy na jej powierzchni \u017celow\u0105 pow\u0142ok\u0119. Stanowi ona barier\u0119 ochronn\u0105 zabezpieczaj\u0105c\u0105 b\u0142on\u0119 \u015bluzow\u0105 i stwarzaj\u0105c\u0105 odpowiednie warunki do aktywacji naturalnych mechanizm\u00f3w regeneracyjnych i obronnych. W ten spos\u00f3b utworzony film ochronny zapobiega rozwojowi flory patogennej, przywraca naturaln\u0105 wilgotno\u015b\u0107, u\u0142atwia i przyspiesza procesy gojenia.                            <\/p>\n<p>Zalety produktunie zawiera hormon\u00f3w, paraben\u00f3w, olejk\u00f3w i wyci\u0105g\u00f3w ro\u015blinnych oraz \u015brodk\u00f3w zapachowychnawil\u017cenie i skuteczno\u015b\u0107 w regeneracji dzi\u0119ki formule drobnocz\u0105steczkowego kwasu HA (BASHYAL)Sk\u0142adKwas hialuronowy (w postaci soli sodowej kwasu hialuronowego), t\u0142uszcz sta\u0142y (glicerydy p\u00f3\u0142syntetyczne)Spos\u00f3b u\u017cycia i zawarto\u015b\u0107 opakowaniaTerapia standardowa: Zaleca si\u0119 stosowanie 1 globulki dziennie, wieczorem przed snem lub wed\u0142ug wskaza\u0144 lekarza.Terapia wspomagaj\u0105ca: 1 globulka dopochwowa na noc co 3 dni lub wed\u0142ug wskaza\u0144 lekarza.MUCOVAGIN globulki nale\u017cy u\u017cywa\u0107 dopochwowo. Przed u\u017cyciem i po u\u017cyciu globulek nale\u017cy dok\u0142adnie umy\u0107 r\u0119ce.Opakowanie: 10 sztuk\u00a0PrzeciwwskazaniaNie stosowa\u0107 w przypadku nadwra\u017cliwo\u015bci na kt\u00f3rykolwiek ze sk\u0142adnik\u00f3w wyrobu.\u00a0Produkt przeznaczony tylko do u\u017cytku wewn\u0119trznego. Nie stosowa\u0107 po up\u0142ywie terminu wa\u017cno\u015bci. Interakcje z innymi lekami lub wyrobami medycznymi dopochwowymi nie s\u0105 znane. Ka\u017cdorazowo nale\u017cy zasi\u0119gn\u0105\u0107 konsultacji lekarza lub farmaceuty.\u00a0Stosowa\u0107 tylko zgodnie z instrukcj\u0105 u\u017cywania.\u00a0Przechowywanie i trwa\u0142o\u015b\u0107Przechowywa\u0107 w temperaturze poni\u017cej 25\u00b0C. Chroni\u0107 przed s\u0142o\u0144cem i innymi \u017ar\u00f3d\u0142ami ciep\u0142a. Przechowywa\u0107 w miejscu niedost\u0119pnym dla dzieci. Zu\u017cy\u0107 w ci\u0105gu miesi\u0105ca od pierwszego otwarcia.Wy\u0142\u0105czny dystrybutor: VERCO SAWytw\u00f3rca: HELP SA10 Valaoritou St. 14452 Metamorphosis, Greece<\/p>\n<h2>Mucovagin globulki dopochwowe 10szt. Verco<\/h2>\n<p>jeremi, psi patrol rysunek, wzruszaj\u0105ce teksty dla mamy, ch\u0142opcy z placu broni &#8211; test z odpowiedziami<\/p>\n<p>yyyyy<\/p>\n<p>&nbsp;<\/p>\n","protected":false},"excerpt":{"rendered":"<p>Mucovagin globulki dopochwowe z drobnocz\u0105steczkowym kwasem hialuronowym, 10 sztuk\u00a0wyr\u00f3b medyczny Informacje o produkcieMucovagin globulki to innowacyjny preparat, posiadaj\u0105cy w swoim sk\u0142adzie formu\u0142\u0119 drobnocz\u0105steczkowego kwasu hialuronowego BASHYAL, opracowany z my\u015bl\u0105 o milionach kobiet, kt\u00f3re cierpi\u0105 z powodu sucho\u015bci miejsc intymnych.Mucovagin globulki dedykowany jest r\u00f3wnie\u017c kobietom po zabiegach ginekologicznych, w tym ginekologii estetycznej. Mucovagin globulki to szybkie\u00a0 [&hellip;]<\/p>\n","protected":false},"featured_media":7181,"comment_status":"closed","ping_status":"open","template":"","meta":[],"product_cat":[193,1548],"product_tag":[768,804,616],"class_list":["post-7180","product","type-product","status-publish","has-post-thumbnail","hentry","product_cat-uklad-moczowy-i-plciowy","product_cat-verco","product_tag-krotkie-zagadki-logiczne","product_tag-ryz-z-owocami","product_tag-test-mikolajek-25-pytan"],"_links":{"self":[{"href":"http:\/\/klubmamgdynia.pl\/index.php\/wp-json\/wp\/v2\/product\/7180","targetHints":{"allow":["GET"]}}],"collection":[{"href":"http:\/\/klubmamgdynia.pl\/index.php\/wp-json\/wp\/v2\/product"}],"about":[{"href":"http:\/\/klubmamgdynia.pl\/index.php\/wp-json\/wp\/v2\/types\/product"}],"replies":[{"embeddable":true,"href":"http:\/\/klubmamgdynia.pl\/index.php\/wp-json\/wp\/v2\/comments?post=7180"}],"wp:featuredmedia":[{"embeddable":true,"href":"http:\/\/klubmamgdynia.pl\/index.php\/wp-json\/wp\/v2\/media\/7181"}],"wp:attachment":[{"href":"http:\/\/klubmamgdynia.pl\/index.php\/wp-json\/wp\/v2\/media?parent=7180"}],"wp:term":[{"taxonomy":"product_cat","embeddable":true,"href":"http:\/\/klubmamgdynia.pl\/index.php\/wp-json\/wp\/v2\/product_cat?post=7180"},{"taxonomy":"product_tag","embeddable":true,"href":"http:\/\/klubmamgdynia.pl\/index.php\/wp-json\/wp\/v2\/product_tag?post=7180"}],"curies":[{"name":"wp","href":"https:\/\/api.w.org\/{rel}","templated":true}]}}