{"id":7186,"date":"2015-03-24T23:48:18","date_gmt":"2015-03-24T22:48:18","guid":{"rendered":"http:\/\/klubmamgdynia.pl\/index.php\/produkt\/vibovit-bobas-smak-waniliowy-30-saszetek\/"},"modified":"2026-04-14T14:26:56","modified_gmt":"2026-04-14T12:26:56","slug":"vibovit-bobas-smak-waniliowy-30-saszetek","status":"publish","type":"product","link":"http:\/\/klubmamgdynia.pl\/index.php\/produkt\/vibovit-bobas-smak-waniliowy-30-saszetek\/","title":{"rendered":"Vibovit Bobas smak waniliowy 30 saszetek"},"content":{"rendered":"<h2>Vibovit Bobas smak waniliowy 30 saszetek TEVA<\/h2>\n<p>konstancja imie, kolorowanka europa, menu urodzinowe dla dzieci w wieku 8 10 lat, afryka\u0144skie imiona, prezenty dla nastolatka, karyna, dziwne zagadki, halloween dla dzieci warszawa 2021, prezent dla 17 latki, 20 pytania do lektury ma\u0142y ksi\u0105\u017c\u0119, park ujazdowski, kuku\u0142eczka kuka tekst, rado\u015b\u0107 dziecka cytaty, my little pony kolorowanki<\/p>\n<p>yyyyy<\/p>\n<p>&nbsp;<\/p>\n","protected":false},"excerpt":{"rendered":"<p>Vibovit Bobas smak waniliowy 30 saszetek TEVA konstancja imie, kolorowanka europa, menu urodzinowe dla dzieci w wieku 8 10 lat, afryka\u0144skie imiona, prezenty dla nastolatka, karyna, dziwne zagadki, halloween dla dzieci warszawa 2021, prezent dla 17 latki, 20 pytania do lektury ma\u0142y ksi\u0105\u017c\u0119, park ujazdowski, kuku\u0142eczka kuka tekst, rado\u015b\u0107 dziecka cytaty, my little pony kolorowanki [&hellip;]<\/p>\n","protected":false},"featured_media":7187,"comment_status":"closed","ping_status":"open","template":"","meta":[],"product_cat":[1533,1550],"product_tag":[722,790,771,820],"class_list":["post-7186","product","type-product","status-publish","has-post-thumbnail","hentry","product_cat-suplementy-dla-dzieci","product_cat-teva","product_tag-cytaty-o-przyjazni","product_tag-gry-planszowe-dla-nastolatkow","product_tag-stolice-europy-quiz","product_tag-ziemia-wyspa-zielona-tekst"],"_links":{"self":[{"href":"http:\/\/klubmamgdynia.pl\/index.php\/wp-json\/wp\/v2\/product\/7186","targetHints":{"allow":["GET"]}}],"collection":[{"href":"http:\/\/klubmamgdynia.pl\/index.php\/wp-json\/wp\/v2\/product"}],"about":[{"href":"http:\/\/klubmamgdynia.pl\/index.php\/wp-json\/wp\/v2\/types\/product"}],"replies":[{"embeddable":true,"href":"http:\/\/klubmamgdynia.pl\/index.php\/wp-json\/wp\/v2\/comments?post=7186"}],"wp:featuredmedia":[{"embeddable":true,"href":"http:\/\/klubmamgdynia.pl\/index.php\/wp-json\/wp\/v2\/media\/7187"}],"wp:attachment":[{"href":"http:\/\/klubmamgdynia.pl\/index.php\/wp-json\/wp\/v2\/media?parent=7186"}],"wp:term":[{"taxonomy":"product_cat","embeddable":true,"href":"http:\/\/klubmamgdynia.pl\/index.php\/wp-json\/wp\/v2\/product_cat?post=7186"},{"taxonomy":"product_tag","embeddable":true,"href":"http:\/\/klubmamgdynia.pl\/index.php\/wp-json\/wp\/v2\/product_tag?post=7186"}],"curies":[{"name":"wp","href":"https:\/\/api.w.org\/{rel}","templated":true}]}}