{"id":720,"date":"2018-03-18T11:42:49","date_gmt":"2018-03-18T10:42:49","guid":{"rendered":"http:\/\/klubmamgdynia.pl\/index.php\/produkt\/epoch-aquabeads-koraliki-box-dzien-na-farmie-31838\/"},"modified":"2026-04-22T12:27:05","modified_gmt":"2026-04-22T10:27:05","slug":"epoch-aquabeads-koraliki-box-dzien-na-farmie-31838","status":"publish","type":"product","link":"http:\/\/klubmamgdynia.pl\/index.php\/produkt\/epoch-aquabeads-koraliki-box-dzien-na-farmie-31838\/","title":{"rendered":"Epoch Aquabeads Koraliki Box Dzie\u0144 Na Farmie 31838"},"content":{"rendered":"<p>EPOCHAQUABEADSMEGA ZESTAW KREATYWNYBOX &#8211; POJEMNIK DO PRZECHOWYWANIADZIE\u0143 NA FARMIEPONAD 3500 KORALIK\u00d3W Z SZABLONAMIJEDEN Z WI\u0118KSZYCH ZESTAW\u00d3W31838NOWO\u015a\u0106REKLAMA TVAquabeads to niezwyk\u0142e koraliki, kt\u00f3re sklejaj\u0105 si\u0119 ze sob\u0105 pod wp\u0142ywem wody.U\u0142\u00f3\u017c, Spryskaj wod\u0105 i Gotowe!Koraliki Aquabeads \u2013 oryginalne od 2004 roku! Czy mo\u017ce by\u0107 co\u015b przyjemniejszego od sp\u0119dzenia dnia w wiejskiej zagrodzie i g\u0142askania przes\u0142odkich zwierz\u0105tek? Dzi\u0119ki Aquabeads wiejsk\u0105 zagrod\u0119 mo\u017cna mie\u0107 w domu. Wystarczy u\u0142o\u017cy\u0107 kolorowe koraliki do zabaw kreatywnych na podk\u0142adce do uk\u0142adania i spryska\u0107 je wod\u0105, a po wyschni\u0119ciu podziwia\u0107 wspania\u0142e obrazki z wiejskiej zagrody. A to wszystko bez u\u017cycia kleju i prasowania, poniewa\u017c Aquabeads \u0142\u0105cz\u0105 si\u0119 ze sob\u0105 tylko za pomoc\u0105 wody. Do\u0142\u0105czony zestaw arkuszy z szablonami pozwala stworzy\u0107 psa, konia, owc\u0119, krow\u0119, koguta, \u015bwini\u0119 i wiele innych element\u00f3w.Zestaw Aquabeads \u201eWiejska zagroda\u201d zawiera ponad 3500 kolorowych koralik\u00f3w, podk\u0142adk\u0119 do uk\u0142adania, dwie podk\u0142adki dekoracyjne do wykonanych element\u00f3w, spryskiwacz, sceneri\u0119 oraz zestaw arkuszy z szablonami.Zestaw zawiera 3500 koralik\u00f3w w r\u00f3\u017cnych kolorach.Wiek od 4 lat.<\/p>\n<h2>Epoch Aquabeads Koraliki Box Dzie\u0144 Na Farmie 31838 Epoch<\/h2>\n<p>cicha noc po angielsku, jasmin imi\u0119, kolorowanki my little pony, daria imie, quizy online, ahmed, pytania zagadki, gry edukacyjne dla dzieci online za darmo, madre zyczenia bozonarodzeniowe, bajka na dobranoc, zagadki dla dzieci 9-10 lat z odpowiedziami, trudne zagadki dla doros\u0142ych, prima aprilis \u017carty dla rodzic\u00f3w, zagadki o zwierz\u0119tach dla dzieci, kolorowanka my little pony, prezent dla m\u0142odzie\u017cy, serce kolorowanka, podchwytliwe zagadki na inteligencj\u0119, zagadki dla starszych dzieci<\/p>\n<p>yyyyy<\/p>\n<p>&nbsp;<\/p>\n","protected":false},"excerpt":{"rendered":"<p>EPOCHAQUABEADSMEGA ZESTAW KREATYWNYBOX &#8211; POJEMNIK DO PRZECHOWYWANIADZIE\u0143 NA FARMIEPONAD 3500 KORALIK\u00d3W Z SZABLONAMIJEDEN Z WI\u0118KSZYCH ZESTAW\u00d3W31838NOWO\u015a\u0106REKLAMA TVAquabeads to niezwyk\u0142e koraliki, kt\u00f3re sklejaj\u0105 si\u0119 ze sob\u0105 pod wp\u0142ywem wody.U\u0142\u00f3\u017c, Spryskaj wod\u0105 i Gotowe!Koraliki Aquabeads \u2013 oryginalne od 2004 roku! Czy mo\u017ce by\u0107 co\u015b przyjemniejszego od sp\u0119dzenia dnia w wiejskiej zagrodzie i g\u0142askania przes\u0142odkich zwierz\u0105tek? Dzi\u0119ki Aquabeads [&hellip;]<\/p>\n","protected":false},"featured_media":721,"comment_status":"closed","ping_status":"open","template":"","meta":[],"product_cat":[263,21],"product_tag":[867,688,869],"class_list":["post-720","product","type-product","status-publish","has-post-thumbnail","hentry","product_cat-epoch","product_cat-zabawki-plastyczne","product_tag-kolorowanki-dla-dziewczynek","product_tag-kolysanki-tekst","product_tag-zagadki-na-logike"],"_links":{"self":[{"href":"http:\/\/klubmamgdynia.pl\/index.php\/wp-json\/wp\/v2\/product\/720","targetHints":{"allow":["GET"]}}],"collection":[{"href":"http:\/\/klubmamgdynia.pl\/index.php\/wp-json\/wp\/v2\/product"}],"about":[{"href":"http:\/\/klubmamgdynia.pl\/index.php\/wp-json\/wp\/v2\/types\/product"}],"replies":[{"embeddable":true,"href":"http:\/\/klubmamgdynia.pl\/index.php\/wp-json\/wp\/v2\/comments?post=720"}],"wp:featuredmedia":[{"embeddable":true,"href":"http:\/\/klubmamgdynia.pl\/index.php\/wp-json\/wp\/v2\/media\/721"}],"wp:attachment":[{"href":"http:\/\/klubmamgdynia.pl\/index.php\/wp-json\/wp\/v2\/media?parent=720"}],"wp:term":[{"taxonomy":"product_cat","embeddable":true,"href":"http:\/\/klubmamgdynia.pl\/index.php\/wp-json\/wp\/v2\/product_cat?post=720"},{"taxonomy":"product_tag","embeddable":true,"href":"http:\/\/klubmamgdynia.pl\/index.php\/wp-json\/wp\/v2\/product_tag?post=720"}],"curies":[{"name":"wp","href":"https:\/\/api.w.org\/{rel}","templated":true}]}}