{"id":7200,"date":"2018-07-10T01:51:07","date_gmt":"2018-07-09T23:51:07","guid":{"rendered":"http:\/\/klubmamgdynia.pl\/index.php\/produkt\/apo-d3-zujki-30-kapsulek-do-zucia-o-smaku-owocowym\/"},"modified":"2026-04-27T03:47:45","modified_gmt":"2026-04-27T01:47:45","slug":"apo-d3-zujki-30-kapsulek-do-zucia-o-smaku-owocowym","status":"publish","type":"product","link":"http:\/\/klubmamgdynia.pl\/index.php\/produkt\/apo-d3-zujki-30-kapsulek-do-zucia-o-smaku-owocowym\/","title":{"rendered":"Apo D3 \u017cujki 30 kapsu\u0142ek do \u017cucia o smaku owocowym"},"content":{"rendered":"<p>ApoD3 to mi\u0119kkie kapsu\u0142ki do \u017cucia z witamin\u0105 D o smaku pomara\u0144czowym dla dzieci powy\u017cej 3. roku \u017cycia i m\u0142odzie\u017cy. Witamina D nale\u017cy do grupy witamin rozpuszczalnych w t\u0142uszczach. Witamina D jest potrzebna dla prawid\u0142owego wzrostu i rozwoju ko\u015bci u dzieci. U doros\u0142ych natomiast pomaga w prawid\u0142owym funkcjonowaniu uk\u0142adu odporno\u015bciowego oraz bierze udzia\u0142 w procesie podzia\u0142u kom\u00f3rek. Suplement diety zawiera 800 j.m. cholekalcyferolu (witaminy D3) w 1 kapsu\u0142ce do \u017cucia.                            <\/p>\n<p>            Dawkowanie<\/p>\n<p>1 kapsu\u0142ka do \u017cucia dziennie lub wed\u0142ug zalece\u0144 lekarskich.                            <\/p>\n<p>            Sk\u0142ad<\/p>\n<p>Olej s\u0142onecznikowy; substancja s\u0142odz\u0105ca: mannitol; substancja utrzymuj\u0105ca wilgo\u0107: glicerol; \u017celatyna; skrobia modyfikowana; substancja zag\u0119szczaj\u0105ca: wosk pszczeli; emulgator: lecytyna; substancja s\u0142odz\u0105ca: ksylitol; aromat je\u017cynowy; kwas, stabilizator: kwas cytrynowy; substancja zag\u0119szczaj\u0105ca: dwutlenek krzemu; aromat jagodowy; aromat malinowy; witamina D; substancja s\u0142odz\u0105ca: sukraloza; barwnik: tlenki i wodorotlenki \u017celaza; barwnik: dwutlenek tytanu.1 kapsu\u0142ka zawiera: witamina D (cholekalcyferol) 20uq (800 j.m.) (400%*).*RWS-Referencyjna Warto\u015b\u0107 Spo\u017cycia.<\/p>\n<h2>Apo D3 \u017cujki 30 kapsu\u0142ek do \u017cucia o smaku owocowym Apotex<\/h2>\n<p>bezpieczne kosmetyki do makija\u017cu dla dzieci, zagadki dla doros\u0142ych z odpowiedziami, dziewczynka z parku pytania i odpowiedzi, miko\u0142ajek &#8211; test z odpowiedziami, gad\u017cety dla nastolatka, najlepsze pranki na prima aprilis, prezent dla 13 latki na \u015bwi\u0119ta, kiedy dzieci chodza na halloween, zagadki o zimie, cytaty przyja\u017a\u0144, misie z film\u00f3w animowanych, bajki do czytania dla dzieci, traktory do druku, test z lektury opowie\u015bci z narni lew czarownica i stara szafa<\/p>\n<p>yyyyy<\/p>\n<p>&nbsp;<\/p>\n","protected":false},"excerpt":{"rendered":"<p>ApoD3 to mi\u0119kkie kapsu\u0142ki do \u017cucia z witamin\u0105 D o smaku pomara\u0144czowym dla dzieci powy\u017cej 3. roku \u017cycia i m\u0142odzie\u017cy. Witamina D nale\u017cy do grupy witamin rozpuszczalnych w t\u0142uszczach. Witamina D jest potrzebna dla prawid\u0142owego wzrostu i rozwoju ko\u015bci u dzieci. U doros\u0142ych natomiast pomaga w prawid\u0142owym funkcjonowaniu uk\u0142adu odporno\u015bciowego oraz bierze udzia\u0142 w procesie [&hellip;]<\/p>\n","protected":false},"featured_media":7201,"comment_status":"closed","ping_status":"open","template":"","meta":[],"product_cat":[1553,1533],"product_tag":[683,640,710],"class_list":["post-7200","product","type-product","status-publish","has-post-thumbnail","hentry","product_cat-apotex","product_cat-suplementy-dla-dzieci","product_tag-karaluchy-pod-poduchy","product_tag-prezent-dla-rocznej-dziewczynki","product_tag-zagadki-dla-dzieci-10-12-lat"],"_links":{"self":[{"href":"http:\/\/klubmamgdynia.pl\/index.php\/wp-json\/wp\/v2\/product\/7200","targetHints":{"allow":["GET"]}}],"collection":[{"href":"http:\/\/klubmamgdynia.pl\/index.php\/wp-json\/wp\/v2\/product"}],"about":[{"href":"http:\/\/klubmamgdynia.pl\/index.php\/wp-json\/wp\/v2\/types\/product"}],"replies":[{"embeddable":true,"href":"http:\/\/klubmamgdynia.pl\/index.php\/wp-json\/wp\/v2\/comments?post=7200"}],"wp:featuredmedia":[{"embeddable":true,"href":"http:\/\/klubmamgdynia.pl\/index.php\/wp-json\/wp\/v2\/media\/7201"}],"wp:attachment":[{"href":"http:\/\/klubmamgdynia.pl\/index.php\/wp-json\/wp\/v2\/media?parent=7200"}],"wp:term":[{"taxonomy":"product_cat","embeddable":true,"href":"http:\/\/klubmamgdynia.pl\/index.php\/wp-json\/wp\/v2\/product_cat?post=7200"},{"taxonomy":"product_tag","embeddable":true,"href":"http:\/\/klubmamgdynia.pl\/index.php\/wp-json\/wp\/v2\/product_tag?post=7200"}],"curies":[{"name":"wp","href":"https:\/\/api.w.org\/{rel}","templated":true}]}}