{"id":7202,"date":"2025-06-30T02:07:37","date_gmt":"2025-06-30T00:07:37","guid":{"rendered":"http:\/\/klubmamgdynia.pl\/?post_type=product&#038;p=7202"},"modified":"2026-05-17T23:12:54","modified_gmt":"2026-05-17T21:12:54","slug":"novagen-pharma-tymianek-i-podbial-z-witamina-c-smak-malinowy-16past","status":"publish","type":"product","link":"http:\/\/klubmamgdynia.pl\/index.php\/produkt\/novagen-pharma-tymianek-i-podbial-z-witamina-c-smak-malinowy-16past\/","title":{"rendered":"Novagen Pharma Tymianek i podbia\u0142 z witamin\u0105 C smak malinowy 16past."},"content":{"rendered":"<p>Tymianek i podbia\u0142 jest to suplement diety zawiera 16 pastylek do ssania Przeznaczenie: Tymianek i podbia\u0142 to zio\u0142owe pastylki do ssania, kt\u00f3re zawieraj\u0105 wyci\u0105gi ro\u015blinne stosowane w stanach wymagaj\u0105cych dodatkowego nawil\u017cenia jamy ustnej, gard\u0142a i krtani. Polecamy je szczeg\u00f3lnie osobom nara\u017conym na wysuszenie \u015bluz\u00f3wki gard\u0142a i chrypk\u0119, przebywaj\u0105cym w pomieszczeniach klimatyzowanych, pal\u0105cym papierosy, nauczycielom. Zalecane spo\u017cycie: Stosowa\u0107 2 do 4 pastylek dziennie. Pastylk\u0119 nale\u017cy ssa\u0107 powoli tak, aby zawarte w niej wyci\u0105gi zio\u0142owe odpowiednio nawil\u017cy\u0142y b\u0142ony \u015bluzowe jamy ustnej i gard\u0142a. Sk\u0142adniki: cukier, syrop glukozowy, mieszanina wyci\u0105g\u00f3w ro\u015blinnych z: ziela tymianku (Thymus vulgaris L.), li\u015bci podbia\u0142u (Tussilago farfara L.), li\u015bci sza\u0142wii (Salvia officinalis L.), korzenia prawo\u015blazu (Althaea officinalis L.), kwiat\u00f3w lipy (Tilia vulgaris), regulator kwasowo\u015bci: kwas cytrynowy, witamina C (kwas L-askorbinowy), sproszkowany sok malinowy, barwnik: kwas karminowy i karminy, aromat. Sk\u0142adniki Zawarto\u015b\u0107 (mg) w zalecanej porcji dziennej 2 pastylki 3 pastylki 4 pastylki Wyci\u0105g z podbia\u0142u 64 96 128 Wyci\u0105g z sza\u0142wii 10 15 20 Wyci\u0105g z tymianku 64 96 128 Wyci\u0105g z prawo\u015blazu 20 30 40 Wyci\u0105g z lipy 10 15 20 Witamina C 30 (38 % RWS)* 45 (56 % RWS)* 60 (75 % RWS)* Tymianek \u2013 dzia\u0142a koj\u0105co na podra\u017cnione i suche gard\u0142o oraz krta\u0144. Podbia\u0142 \u2013 wspomaga drogi oddechowe, wspiera odporno\u015b\u0107 organizmu. Sza\u0142wia \u2013 przynosi ulg\u0119 w przypadku podra\u017cnienia gard\u0142a, krtani i strun g\u0142osowych. Prawo\u015blaz \u2013 przyjemnie wp\u0142ywa na gard\u0142o, krta\u0144 oraz struny g\u0142osowe, dzia\u0142a os\u0142aniaj\u0105co na b\u0142ony \u015bluzowe. Lipa \u2013 \u0142agodzi uczucie \u0142askotania w gardle. *% RWS &#8211; % referencyjnej warto\u015bci spo\u017cycia Nie nale\u017cy przekracza\u0107 zalecanej porcji do spo\u017cycia w ci\u0105gu dnia. Suplement diety nie mo\u017ce by\u0107 stosowany jako substytut zr\u00f3\u017cnicowanej diety. Prowadzenie zdrowego trybu \u017cycia i stosowanie zr\u00f3wnowa\u017conej diety s\u0105 niezb\u0119dne dla zachowania dobrego stanu zdrowia. Ostrze\u017cenia: preparat nie jest przeznaczony dla dzieci, kobiet w ci\u0105\u017cy i karmi\u0105cych, oraz os\u00f3b z alergi\u0105 b\u0105d\u017a nietolerancj\u0105 na kt\u00f3rykolwiek ze sk\u0142adnik\u00f3w pastylek. Przechowywa\u0107 w suchym miejscu, w temperaturze do 25\u00b0C, w spos\u00f3b niedost\u0119pny dla ma\u0142ych dzieci. Wyprodukowano w Polsce dla: Novagen Pharma Sp. z o.o ul. Piotra Skargi 8 05-800 Pruszk\u00f3w<\/p>\n<h2>Novagen Pharma Tymianek i podbia\u0142 z witamin\u0105 C smak malinowy 16past. <\/h2>\n<p>kaczuszka, domki z rolek po papierze toaletowym, zagadki o zwierz\u0119tach dla dzieci, kr\u00f3tkie czytanki dla dzieci do wydruku, imi\u0119 kuba, quiz o \u015bwi\u0119tach, kolorowanki do druku pokemon, ozdoby choinkowe dla dzieci, cicha noc po angielsku, bursztynek, test spos\u00f3b na alcybiadesa, piosenki na dobranoc tekst, quiz psi patrol, przys\u0142owia o rodzinie, quizy dla dzieci 8 lat, imi\u0119 nela, znaczenie imienia milan, dymitr, test z lektury ania z zielonego wzg\u00f3rza klasa 6 z odpowiedziami<\/p>\n<p>yyyyy<\/p>\n<p>&nbsp;<\/p>\n","protected":false},"excerpt":{"rendered":"<p>Tymianek i podbia\u0142 jest to suplement diety zawiera 16 pastylek do ssania Przeznaczenie: Tymianek i podbia\u0142 to zio\u0142owe pastylki do ssania, kt\u00f3re zawieraj\u0105 wyci\u0105gi ro\u015blinne stosowane w stanach wymagaj\u0105cych dodatkowego nawil\u017cenia jamy ustnej, gard\u0142a i krtani. Polecamy je szczeg\u00f3lnie osobom nara\u017conym na wysuszenie \u015bluz\u00f3wki gard\u0142a i chrypk\u0119, przebywaj\u0105cym w pomieszczeniach klimatyzowanych, pal\u0105cym papierosy, nauczycielom. Zalecane [&hellip;]<\/p>\n","protected":false},"featured_media":7203,"comment_status":"closed","ping_status":"open","template":"","meta":[],"product_cat":[198],"product_tag":[766,735,739,738,760],"class_list":["post-7202","product","type-product","status-publish","has-post-thumbnail","hentry","product_cat-przeziebienie-i-grypa","product_tag-kira","product_tag-prezent-na-roczek-dziewczynka","product_tag-prima-aprilis-w-szkole","product_tag-wroclaw-dla-dzieci","product_tag-zagadka-matematyczna"],"_links":{"self":[{"href":"http:\/\/klubmamgdynia.pl\/index.php\/wp-json\/wp\/v2\/product\/7202","targetHints":{"allow":["GET"]}}],"collection":[{"href":"http:\/\/klubmamgdynia.pl\/index.php\/wp-json\/wp\/v2\/product"}],"about":[{"href":"http:\/\/klubmamgdynia.pl\/index.php\/wp-json\/wp\/v2\/types\/product"}],"replies":[{"embeddable":true,"href":"http:\/\/klubmamgdynia.pl\/index.php\/wp-json\/wp\/v2\/comments?post=7202"}],"wp:featuredmedia":[{"embeddable":true,"href":"http:\/\/klubmamgdynia.pl\/index.php\/wp-json\/wp\/v2\/media\/7203"}],"wp:attachment":[{"href":"http:\/\/klubmamgdynia.pl\/index.php\/wp-json\/wp\/v2\/media?parent=7202"}],"wp:term":[{"taxonomy":"product_cat","embeddable":true,"href":"http:\/\/klubmamgdynia.pl\/index.php\/wp-json\/wp\/v2\/product_cat?post=7202"},{"taxonomy":"product_tag","embeddable":true,"href":"http:\/\/klubmamgdynia.pl\/index.php\/wp-json\/wp\/v2\/product_tag?post=7202"}],"curies":[{"name":"wp","href":"https:\/\/api.w.org\/{rel}","templated":true}]}}