{"id":7204,"date":"2023-08-24T06:09:24","date_gmt":"2023-08-24T04:09:24","guid":{"rendered":"http:\/\/klubmamgdynia.pl\/?post_type=product&#038;p=7204"},"modified":"2026-04-05T22:25:53","modified_gmt":"2026-04-05T20:25:53","slug":"solinea-immucol-3-syrop-200ml","status":"publish","type":"product","link":"http:\/\/klubmamgdynia.pl\/index.php\/produkt\/solinea-immucol-3-syrop-200ml\/","title":{"rendered":"SOLINEA IMMUCOL 3+ syrop 200ml"},"content":{"rendered":"<p>Syrop Immucol zawiera kompozycje naturalnych sk\u0142adnik\u00f3wtakich jak bez czarny, aloes, aronia oraz witamin\u0119 C.Immucol polecany jest w celu uzupe\u0142nienia diety w sk\u0142adniki wspomagaj\u0105ce prac\u0119 uk\u0142aduodporno\u015bciowego oraz wspomagaj\u0105co w czasie zwi\u0119kszonego ryzyka infekcji (okresjesienno-zimowy). Dodatek witaminy C pot\u0119guje dzia\u0142anie naturalnych sk\u0142adnik\u00f3w,wspomagaj\u0105c prawid\u0142owe funkcjonowanie uk\u0142adu immunologicznego.<\/p>\n<h2>SOLINEA IMMUCOL 3+ syrop 200ml Solinea<\/h2>\n<p>test z lektury pies kt\u00f3ry je\u017adzi\u0142 kolej\u0105, ma\u0142y ksi\u0105\u017ce cytaty o przyja\u017ani, kuchcikowo przepisy dla dzieci, pieski pies kolorowanka, inteligentne zagadki, kolorowanki spongebob, pieski, miasto dzieci, cytaty na dzie\u0144 nauczyciela, mia imi\u0119, linda, nela imi\u0119, zagadki rymowanki dla dzieci, ch\u0142opcy z placu broni &#8211; test z odpowiedziami, buziak gify na dobranoc smieszne, anio\u0142ki w niebie pisz\u0105, co kupi\u0107 dziewczynce na roczek, test z lektury magiczne drzewo czerwone krzes\u0142o<\/p>\n<p>yyyyy<\/p>\n<p>&nbsp;<\/p>\n","protected":false},"excerpt":{"rendered":"<p>Syrop Immucol zawiera kompozycje naturalnych sk\u0142adnik\u00f3wtakich jak bez czarny, aloes, aronia oraz witamin\u0119 C.Immucol polecany jest w celu uzupe\u0142nienia diety w sk\u0142adniki wspomagaj\u0105ce prac\u0119 uk\u0142aduodporno\u015bciowego oraz wspomagaj\u0105co w czasie zwi\u0119kszonego ryzyka infekcji (okresjesienno-zimowy). Dodatek witaminy C pot\u0119guje dzia\u0142anie naturalnych sk\u0142adnik\u00f3w,wspomagaj\u0105c prawid\u0142owe funkcjonowanie uk\u0142adu immunologicznego. SOLINEA IMMUCOL 3+ syrop 200ml Solinea test z lektury pies kt\u00f3ry [&hellip;]<\/p>\n","protected":false},"featured_media":7205,"comment_status":"closed","ping_status":"open","template":"","meta":[],"product_cat":[1554,1533],"product_tag":[827,836,790,856,850,736,725],"class_list":["post-7204","product","type-product","status-publish","has-post-thumbnail","hentry","product_cat-solinea","product_cat-suplementy-dla-dzieci","product_tag-bajki-dla-niemowlat","product_tag-co-kupic-dziecku-na-roczek","product_tag-gry-planszowe-dla-nastolatkow","product_tag-prezent-dla-16-latki","product_tag-wroclaw-atrakcje-dla-dzieci","product_tag-zabawki-na-roczek","product_tag-zgadywanki"],"_links":{"self":[{"href":"http:\/\/klubmamgdynia.pl\/index.php\/wp-json\/wp\/v2\/product\/7204","targetHints":{"allow":["GET"]}}],"collection":[{"href":"http:\/\/klubmamgdynia.pl\/index.php\/wp-json\/wp\/v2\/product"}],"about":[{"href":"http:\/\/klubmamgdynia.pl\/index.php\/wp-json\/wp\/v2\/types\/product"}],"replies":[{"embeddable":true,"href":"http:\/\/klubmamgdynia.pl\/index.php\/wp-json\/wp\/v2\/comments?post=7204"}],"wp:featuredmedia":[{"embeddable":true,"href":"http:\/\/klubmamgdynia.pl\/index.php\/wp-json\/wp\/v2\/media\/7205"}],"wp:attachment":[{"href":"http:\/\/klubmamgdynia.pl\/index.php\/wp-json\/wp\/v2\/media?parent=7204"}],"wp:term":[{"taxonomy":"product_cat","embeddable":true,"href":"http:\/\/klubmamgdynia.pl\/index.php\/wp-json\/wp\/v2\/product_cat?post=7204"},{"taxonomy":"product_tag","embeddable":true,"href":"http:\/\/klubmamgdynia.pl\/index.php\/wp-json\/wp\/v2\/product_tag?post=7204"}],"curies":[{"name":"wp","href":"https:\/\/api.w.org\/{rel}","templated":true}]}}