{"id":7210,"date":"2018-09-12T09:38:20","date_gmt":"2018-09-12T07:38:20","guid":{"rendered":"http:\/\/klubmamgdynia.pl\/index.php\/produkt\/aflofarm-promama-odpornosc-plyn-120ml\/"},"modified":"2026-04-03T21:21:25","modified_gmt":"2026-04-03T19:21:25","slug":"aflofarm-promama-odpornosc-plyn-120ml","status":"publish","type":"product","link":"http:\/\/klubmamgdynia.pl\/index.php\/produkt\/aflofarm-promama-odpornosc-plyn-120ml\/","title":{"rendered":"AFLOFARM Promama Odporno\u015b\u0107 p\u0142yn 120ml"},"content":{"rendered":"<p>Promama odporno\u015b\u0107 to suplement diety o naturalnym sk\u0142adzie zawieraj\u0105cym m.in. sok z aronii i malin oraz wyci\u0105g z czosnku. Preparat zaleca si\u0119 wszystkim osobom, kt\u00f3re chc\u0105 uzupe\u0142ni\u0107 codzienn\u0105 diet\u0119 w powy\u017csze substancje, jednak zosta\u0142 stworzony g\u0142\u00f3wnie z my\u015bl\u0105 o kobietach w ci\u0105\u017cy i karmi\u0105cych piersi\u0105. Opakowanie zawiera 120 ml produktu.Promama odporno\u015b\u0107 &#8211; Sk\u0142ad:Woda, stabilizatory: sorbitole, glicerol, koncentrat z czarnej porzeczki, sok z aronii, wyci\u0105g z owoc\u00f3w dzikiej r\u00f3\u017cy, sok malinowy, substancja konserwuj\u0105ca: benzoesan sodu, substancja zag\u0119szczaj\u0105ca: guma ksantanowa, aromat malinowy, wyci\u0105g z czosnku.1 miarka (15ml) zawiera:*Wyci\u0105g z owoc\u00f3w dzikiej r\u00f3\u017cy 100 mgWyci\u0105g z czosnku 8 mg w tym alliny 0,08mgSok z aronii 450 mgKoncentrat z czarnej porzeczki 600 mgSok z malin 75 mgWarto\u015b\u0107 energetyczna 374kJ\/89kcalT\u0142uszcz &lt;0,1g w tym kwasy t\u0142uszczowe nasycone &lt;0,01gW\u0119glowodany 33,1g w tym cukry 2,6 gB\u0142onnik &lt;0,5gBia\u0142ko &lt;0,3gS\u00f3l 0,075gRWS &#8211; Referencyjna warto\u015b\u0107 spo\u017cycia nie zosta\u0142a ustalonaPrzeciwwskazania:Nadwra\u017cliwo\u015b\u0107 na kt\u00f3rykolwiek ze sk\u0142adnik\u00f3w preparatu.Zalecane spo\u017cycie:Doro\u015bli: 15 ml p\u0142ynu (1 miarka) 3 razy dziennie.Wa\u017cne informacje:Nie nale\u017cy przekracza\u0107 zalecanej porcji do spo\u017cycia w ci\u0105gu dnia. Suplement diety nie mo\u017ce by\u0107 stosowany jako substytut zr\u00f3\u017cnicowanej diety ani aktywnego trybu \u017cycia. Utrzymanie prawid\u0142owego stanu zdrowia wymaga zr\u00f3wnowa\u017conego i zr\u00f3\u017cnicowanego od\u017cywiania i prowadzenia zdrowego trybu \u017cycia. Istnieje wiele czynnik\u00f3w ryzyka choroby. Zmiana jednego z tych czynnik\u00f3w ryzyka mo\u017ce wywiera\u0107 korzystny wp\u0142yw lub nie wywiera\u0107 go. Przechowywa\u0107 w spos\u00f3b niedost\u0119pny dla ma\u0142ych dzieci w temperaturze pokojowej.Pojemno\u015b\u0107 opakowania:120 mlProducent:Aflofarm Farmacja Polska Sp. z o.o.ul. Partyzancka 133\/15195-200 Pabianic<\/p>\n<h2>AFLOFARM Promama Odporno\u015b\u0107 p\u0142yn 120ml Aflofarm<\/h2>\n<p>zabawy urodzinowe dla dzieci, prank na prima aprilis, bajki do czytania online, 20 pytania do lektury ma\u0142y ksi\u0105\u017c\u0119, kr\u00f3tkie zagadki, imi\u0119 r\u00f3\u017ca, mia, bajki terapeutyczne o emocjach, nauka pisania wyraz\u00f3w dla dzieci do druku pdf, kolorowanki dla dziewczynek 10 lat, eksperymenty dla dzieci wulkan, piosenka na dzie\u0144 mamy tekst, esmeralda, gad\u017cety dla m\u0142odzie\u017cy 2020<\/p>\n<p>yyyyy<\/p>\n<p>&nbsp;<\/p>\n","protected":false},"excerpt":{"rendered":"<p>Promama odporno\u015b\u0107 to suplement diety o naturalnym sk\u0142adzie zawieraj\u0105cym m.in. sok z aronii i malin oraz wyci\u0105g z czosnku. Preparat zaleca si\u0119 wszystkim osobom, kt\u00f3re chc\u0105 uzupe\u0142ni\u0107 codzienn\u0105 diet\u0119 w powy\u017csze substancje, jednak zosta\u0142 stworzony g\u0142\u00f3wnie z my\u015bl\u0105 o kobietach w ci\u0105\u017cy i karmi\u0105cych piersi\u0105. Opakowanie zawiera 120 ml produktu.Promama odporno\u015b\u0107 &#8211; Sk\u0142ad:Woda, stabilizatory: sorbitole, [&hellip;]<\/p>\n","protected":false},"featured_media":7211,"comment_status":"closed","ping_status":"open","template":"","meta":[],"product_cat":[201,1556],"product_tag":[720,783,661],"class_list":["post-7210","product","type-product","status-publish","has-post-thumbnail","hentry","product_cat-aflofarm","product_cat-srodki-na-przeziebienie","product_tag-malowanki","product_tag-prezenty-na-roczek-dla-chlopca","product_tag-swinka-peppa-kolorowanka"],"_links":{"self":[{"href":"http:\/\/klubmamgdynia.pl\/index.php\/wp-json\/wp\/v2\/product\/7210","targetHints":{"allow":["GET"]}}],"collection":[{"href":"http:\/\/klubmamgdynia.pl\/index.php\/wp-json\/wp\/v2\/product"}],"about":[{"href":"http:\/\/klubmamgdynia.pl\/index.php\/wp-json\/wp\/v2\/types\/product"}],"replies":[{"embeddable":true,"href":"http:\/\/klubmamgdynia.pl\/index.php\/wp-json\/wp\/v2\/comments?post=7210"}],"wp:featuredmedia":[{"embeddable":true,"href":"http:\/\/klubmamgdynia.pl\/index.php\/wp-json\/wp\/v2\/media\/7211"}],"wp:attachment":[{"href":"http:\/\/klubmamgdynia.pl\/index.php\/wp-json\/wp\/v2\/media?parent=7210"}],"wp:term":[{"taxonomy":"product_cat","embeddable":true,"href":"http:\/\/klubmamgdynia.pl\/index.php\/wp-json\/wp\/v2\/product_cat?post=7210"},{"taxonomy":"product_tag","embeddable":true,"href":"http:\/\/klubmamgdynia.pl\/index.php\/wp-json\/wp\/v2\/product_tag?post=7210"}],"curies":[{"name":"wp","href":"https:\/\/api.w.org\/{rel}","templated":true}]}}