{"id":722,"date":"2014-12-24T04:07:39","date_gmt":"2014-12-24T03:07:39","guid":{"rendered":"http:\/\/klubmamgdynia.pl\/index.php\/produkt\/biustonosz-do-karmienia-ava-1980-k\/"},"modified":"2026-05-17T22:49:48","modified_gmt":"2026-05-17T20:49:48","slug":"biustonosz-do-karmienia-ava-1980-k","status":"publish","type":"product","link":"http:\/\/klubmamgdynia.pl\/index.php\/produkt\/biustonosz-do-karmienia-ava-1980-k\/","title":{"rendered":"Biustonosz do karmienia Ava 1980 K"},"content":{"rendered":"<p>Biustonosz typu full cup dla kobiet w ci\u0105\u017cy i mam karmi\u0105cych- miseczki usztywniane, z fiszbinami- zdobione haftowana siateczk\u0105- rami\u0105czka odpinane typu Quick Clic umo\u017cliwiaj\u0105ce odpinanie- zapinany na trzy haftki z trzystopniow\u0105 regulacj\u0105Sk\u0142ad: 88% poliamid, 8% bawe\u0142na, 4% elastan &#8230;<\/p>\n<h2>Biustonosz do karmienia Ava 1980 K Ava<\/h2>\n<p>rysowanie po \u015bladzie pdf, quiz o miko\u0142ajku, wystawy dla dzieci warszawa, \u017cyczenia wielkanocne dla dzieci kr\u00f3tkie, rozalia imie, zabawki na roczek dla dziewczynki, test spos\u00f3b na alcybiadesa, tr\u00f3jmiasto atrakcje dla dzieci, cytaty dla dzieci<\/p>\n<p>yyyyy<\/p>\n<p>&nbsp;<\/p>\n","protected":false},"excerpt":{"rendered":"<p>Biustonosz typu full cup dla kobiet w ci\u0105\u017cy i mam karmi\u0105cych- miseczki usztywniane, z fiszbinami- zdobione haftowana siateczk\u0105- rami\u0105czka odpinane typu Quick Clic umo\u017cliwiaj\u0105ce odpinanie- zapinany na trzy haftki z trzystopniow\u0105 regulacj\u0105Sk\u0142ad: 88% poliamid, 8% bawe\u0142na, 4% elastan &#8230; Biustonosz do karmienia Ava 1980 K Ava rysowanie po \u015bladzie pdf, quiz o miko\u0142ajku, wystawy dla [&hellip;]<\/p>\n","protected":false},"featured_media":723,"comment_status":"closed","ping_status":"open","template":"","meta":[],"product_cat":[268,258],"product_tag":[700,677,705,710],"class_list":["post-722","product","type-product","status-publish","has-post-thumbnail","hentry","product_cat-ava","product_cat-bielizna-ciazowa","product_tag-bajki-do-czytania-dla-dzieci","product_tag-milosz-imie","product_tag-prezent-na-roczek-dla-chlopca","product_tag-zagadki-dla-dzieci-10-12-lat"],"_links":{"self":[{"href":"http:\/\/klubmamgdynia.pl\/index.php\/wp-json\/wp\/v2\/product\/722","targetHints":{"allow":["GET"]}}],"collection":[{"href":"http:\/\/klubmamgdynia.pl\/index.php\/wp-json\/wp\/v2\/product"}],"about":[{"href":"http:\/\/klubmamgdynia.pl\/index.php\/wp-json\/wp\/v2\/types\/product"}],"replies":[{"embeddable":true,"href":"http:\/\/klubmamgdynia.pl\/index.php\/wp-json\/wp\/v2\/comments?post=722"}],"wp:featuredmedia":[{"embeddable":true,"href":"http:\/\/klubmamgdynia.pl\/index.php\/wp-json\/wp\/v2\/media\/723"}],"wp:attachment":[{"href":"http:\/\/klubmamgdynia.pl\/index.php\/wp-json\/wp\/v2\/media?parent=722"}],"wp:term":[{"taxonomy":"product_cat","embeddable":true,"href":"http:\/\/klubmamgdynia.pl\/index.php\/wp-json\/wp\/v2\/product_cat?post=722"},{"taxonomy":"product_tag","embeddable":true,"href":"http:\/\/klubmamgdynia.pl\/index.php\/wp-json\/wp\/v2\/product_tag?post=722"}],"curies":[{"name":"wp","href":"https:\/\/api.w.org\/{rel}","templated":true}]}}