{"id":724,"date":"2024-03-21T06:18:51","date_gmt":"2024-03-21T05:18:51","guid":{"rendered":"http:\/\/klubmamgdynia.pl\/?post_type=product&#038;p=724"},"modified":"2026-04-29T20:28:38","modified_gmt":"2026-04-29T18:28:38","slug":"trefl-maly-odkrywca-cyferki-01946","status":"publish","type":"product","link":"http:\/\/klubmamgdynia.pl\/index.php\/produkt\/trefl-maly-odkrywca-cyferki-01946\/","title":{"rendered":"Trefl Ma\u0142y Odkrywca Cyferki 01946"},"content":{"rendered":"<p>Trefl Ma\u0142y Odkrywca Cyferki 01946Cyferki to uk\u0142adanka edukacyjna, kt\u00f3ra poprzez weso\u0142\u0105 zabaw\u0119 wprowadza dziecko w \u015bwiat liczb. Gra zawiera proste zadania, dzi\u0119ki kt\u00f3rym dziecko opanowuje sztuk\u0119 liczenia do dziesi\u0119ciu. To \u015bwietny pierwszy krok do nauki dzia\u0142a\u0144 matematycznych. Wyra\u017ane ilustracje u\u0142atwiaj\u0105 maluchom liczenie poszczeg\u00f3lnych element\u00f3w, ale tak\u017ce szacowanie ich liczby w danym zbiorze.                            <\/p>\n<p>Zawarto\u015b\u0107:10 planszetek z wyjmowanymi cyframiinstrukcja z wieloma propozycjami zabaw<\/p>\n<h2>Trefl Ma\u0142y Odkrywca Cyferki 01946 Trefl<\/h2>\n<p>gabriela, \u015bmieszne zagadki dla dzieci 10 lat, bajka o emocjach, alan znaczenie imienia, zagadki nie do rozwi\u0105zania, prezent dla 1 latka, wzruszaj\u0105ce s\u0142owa dla przyjaciela, kolorowanki kotki do druku, opisy do zdj\u0119\u0107 dziecka, zaproszenie na urodziny<\/p>\n<p>yyyyy<\/p>\n<p>&nbsp;<\/p>\n","protected":false},"excerpt":{"rendered":"<p>Trefl Ma\u0142y Odkrywca Cyferki 01946Cyferki to uk\u0142adanka edukacyjna, kt\u00f3ra poprzez weso\u0142\u0105 zabaw\u0119 wprowadza dziecko w \u015bwiat liczb. Gra zawiera proste zadania, dzi\u0119ki kt\u00f3rym dziecko opanowuje sztuk\u0119 liczenia do dziesi\u0119ciu. To \u015bwietny pierwszy krok do nauki dzia\u0142a\u0144 matematycznych. Wyra\u017ane ilustracje u\u0142atwiaj\u0105 maluchom liczenie poszczeg\u00f3lnych element\u00f3w, ale tak\u017ce szacowanie ich liczby w danym zbiorze. Zawarto\u015b\u0107:10 planszetek z [&hellip;]<\/p>\n","protected":false},"featured_media":725,"comment_status":"closed","ping_status":"open","template":"","meta":[],"product_cat":[130,104],"product_tag":[817,754,729,798],"class_list":["post-724","product","type-product","status-publish","has-post-thumbnail","hentry","product_cat-gry-dzieciece","product_cat-trefl","product_tag-bajka-terapeutyczna-o-emocjach","product_tag-dyplomy-do-wydrukowania-a4","product_tag-madre-bajki-dla-dzieci-do-czytania","product_tag-prezenty-dla-nastolatki"],"_links":{"self":[{"href":"http:\/\/klubmamgdynia.pl\/index.php\/wp-json\/wp\/v2\/product\/724","targetHints":{"allow":["GET"]}}],"collection":[{"href":"http:\/\/klubmamgdynia.pl\/index.php\/wp-json\/wp\/v2\/product"}],"about":[{"href":"http:\/\/klubmamgdynia.pl\/index.php\/wp-json\/wp\/v2\/types\/product"}],"replies":[{"embeddable":true,"href":"http:\/\/klubmamgdynia.pl\/index.php\/wp-json\/wp\/v2\/comments?post=724"}],"wp:featuredmedia":[{"embeddable":true,"href":"http:\/\/klubmamgdynia.pl\/index.php\/wp-json\/wp\/v2\/media\/725"}],"wp:attachment":[{"href":"http:\/\/klubmamgdynia.pl\/index.php\/wp-json\/wp\/v2\/media?parent=724"}],"wp:term":[{"taxonomy":"product_cat","embeddable":true,"href":"http:\/\/klubmamgdynia.pl\/index.php\/wp-json\/wp\/v2\/product_cat?post=724"},{"taxonomy":"product_tag","embeddable":true,"href":"http:\/\/klubmamgdynia.pl\/index.php\/wp-json\/wp\/v2\/product_tag?post=724"}],"curies":[{"name":"wp","href":"https:\/\/api.w.org\/{rel}","templated":true}]}}